CXAK56 PAOM 010956
CF6OME

PRELIMINARY LOCAL CLIMATOLOGICAL DATA (WS FORM: F-6)

                                          STATION:   NOME
                                          MONTH:     10
                                          YEAR:      2014
                                          LATITUDE:   64 31 N                   
                                          LONGITUDE: 165 27 W                   

  TEMPERATURE IN F:       :PCPN:    SNOW:  WIND      :SUNSHINE: SKY     :PK WND 
================================================================================
1   2   3   4   5  6A  6B    7     8   9   10  11  12  13   14  15   16  17  18
                                      12Z  AVG MX 2MIN
DY MAX MIN AVG DEP HDD CDD  WTR   SNW DPTH SPD SPD DIR MIN PSBL S-S WX   SPD DR
================================================================================

 1  47  41  44   8  21   0     T  0.0   0 10.9 22  240   M    M   M 1     25 240
 2  47  34  41   6  24   0     T  0.0   0  6.7 18  350   M    M   M       22 360
 3  41  31  36   1  29   0     T  0.0   0 11.7 29   10   M    M   M       36 360
 4  39  28  34   0  31   0     T    T   0  9.5 17  340   M    M   M       21 320
 5  37  22  30  -4  35   0  0.00  0.0   0  7.6 21  350   M    M   M       25 350
 6  40  23  32  -1  33   0  0.00  0.0   0  5.7 12  330   M    M   M       13 300
 7  37  24  31  -2  34   0  0.00  0.0   0  5.4 12   40   M    M   M       14  40
 8  39  20  30  -2  35   0  0.00  0.0   0  5.8 22   50   M    M   M       26  40
 9  34  22  28  -4  37   0  0.00  0.0   0  9.9 24   10   M    M   M       29  40
10  32  22  27  -4  38   0  0.00  0.0   0 11.5 26   10   M    M   M       34  30
11  31  20  26  -5  39   0  0.00  0.0   0 10.8 21   10   M    M   M       24  10
12  35  26  31   0  34   0     T    T   0  7.3 16   10   M    M   M       20 360
13  35  23  29  -1  36   0  0.00  0.0   0  7.4 21  320   M    M   M       26 310
14  35  24  30   0  35   0  0.00  0.0   0  6.5 22  350   M    M   M       26 350
15  33  19  26  -3  39   0  0.00  0.0   0  2.9 12   30   M    M   M       13  20
16  34  24  29   0  36   0  0.00  0.0   0 11.1 20   30   M    M   M 8     24  40
17  35  21  28   0  37   0  0.00  0.0   0  8.5 15   10   M    M   M       18  20
18  32  17  25  -3  40   0     T    T   0  4.5 10  350   M    M   M 8     12 350
19  34  27  31   4  34   0     T    T   T  3.5 13   40   M    M   M 1     18  60
20  35  20  28   1  37   0  0.00  0.0   T  6.8 18   20   M    M   M       21  30
21  38  24  31   5  34   0  0.00  0.0   0  7.0 17   10   M    M   M       21  40
22  35  15  25  -1  40   0  0.00  0.0   0  2.8 12  300   M    M   M       15 290
23  33  19  26   0  39   0  0.35  3.6   3 10.3 23  120   M    M   M 1     29 120
24  36  14  25   0  40   0  0.04  0.0   3  8.1 14  210   M    M   M 1     17 150
25  36  31  34   9  31   0  0.21  0.9   2 14.2 26  250   M    M   M 1     32 240
26  37  31  34  10  31   0  0.02  0.3   1 20.3 39  140   M    M   M 12    49 140
27  37  24  31   7  34   0     T    T   1 11.2 25  190   M    M   M 1248  32 180
28  33  25  29   6  36   0  0.01  0.1   1  7.9 18  360   M    M   M 1     25 360
29  31  13  22  -1  43   0  0.00  0.0   1  5.1 20  360   M    M   M       23  10
30  27  10  19  -4  46   0  0.00  0.0   1  4.3 16   60   M    M   M       22  60
31  23  15  19  -3  46   0  0.00  0.0   1 17.7 31   50   M    M   M       38  40
================================================================================
SM 1098  709      1104   0  0.63 4.9    262.9           M        M
================================================================================
AV 35.4 22.9                              8.5 FASTST  PSBL  %   M    MAX(MPH)
                                 MISC ---->     39  140                 49 140
================================================================================
NOTES:

COLUMN 17 PEAK WIND IN M.P.H.

PRELIMINARY LOCAL CLIMATOLOGICAL DATA (WS FORM: F-6) , PAGE 2

                                          STATION:   NOME
                                          MONTH:     10
                                          YEAR:      2014
                                          LATITUDE:  64 31 N                   
                                          LONGITUDE: 165 27 W                   

[TEMPERATURE DATA]      [PRECIPITATION DATA]       SYMBOLS USED IN COLUMN 16    

AVERAGE MONTHLY:29.1   TOTAL FOR MONTH: 0.63       1 = FOG              
DPTR FM NORMAL:  0.3   DPTR FM NORMAL: -0.98       2 = FOG REDUCING VISIBILITY  
HIGHEST:    47 ON  2    GRTST 24HR   0.35 ON 23        TO 1/4 MILE OR LESS   
LOWEST:     10 ON 30                               3 = THUNDER                
                        SNOW, ICE PELLETS, HAIL    4 = ICE PELLETS              
                        TOTAL MONTH: 4.9 INCHES  5 = HAIL                     
                        GRTST 24HR   3.6 ON 23     6 = GLAZE OR RIME            
                        GRTST DEPTH:    3 ON 24    7 = BLOWING DUST OR SAND:    
                                                       VSBY 1/2 MILE OR LESS    
                                                   8 = SMOKE OR HAZE            
[NO. OF DAYS WITH]      [WEATHER - DAYS WITH]      9 = BLOWING SNOW             
                                                   X = TORNADO                  
MAX 32 OR BELOW:   6    0.01 INCH OR MORE:   5                                  
MAX 70 OR ABOVE:   0    0.10 INCH OR MORE:   2                                  
MIN 32 OR BELOW:  29    0.50 INCH OR MORE:   0                                  
MIN  0 OR BELOW:   0    1.00 INCH OR MORE:   0                                  

[HDD (BASE 65) ]                                                                
TOTAL THIS MO.  1104    CLEAR  (SCALE 0-3)   M                                  
DPTR FM NORMAL   -21    PTCLDY (SCALE 4-7)   M                                  
SEASONAL TOTAL  2390    CLOUDY (SCALE 8-10)  M                                
DPTR FM NORMAL  -265                                                            

[CDD (BASE 65) ]                                                                
TOTAL THIS MO.     0                                                            
DPTR FM NORMAL     0    [PRESSURE DATA]                                         
SEASONAL TOTAL     3    HIGHEST SLP     M                                 
DPTR FM NORMAL     3    LOWEST  SLP     M                                 

[REMARKS]



Alaska Region Headquarters
222 West 7th Avenue #23
Anchorage, AK 99513-7575
Voice: 1-907-271-5088
Fax: 1-907-271-3711
Recorded Forecast: 1-800-472-0391
Webmaster Email: ARH Webauthors
Page Modified: 03 Feb 2008 18:00 UTC
About Us
Career Opportunities
Glossary
Credits
Disclaimer
Privacy Policy