CXAK56 PANT 221508
CF6ANN

PRELIMINARY LOCAL CLIMATOLOGICAL DATA (WS FORM: F-6)

                                          STATION:   ANNETTE
                                          MONTH:     08
                                          YEAR:      2014
                                          LATITUDE:   55 02 N                   
                                          LONGITUDE: 131 34 W                   

  TEMPERATURE IN F:       :PCPN:    SNOW:  WIND      :SUNSHINE: SKY     :PK WND 
================================================================================
1   2   3   4   5  6A  6B    7     8   9   10  11  12  13   14  15   16  17  18
                                      12Z  AVG MX 2MIN
DY MAX MIN AVG DEP HDD CDD  WTR   SNW DPTH SPD SPD DIR MIN PSBL S-S WX   SPD DR
================================================================================

 1   0   0   0 -60  65   0  0.00  0.0   0  4.9  9  310   M    M   M       12 310
 2  72  53  63   3   2   0  0.00  0.0   0  3.2  9  140   M    M   M 2     11 140
 3  71  53  62   2   3   0  0.00  0.0   0  4.2  8  130   M    M   M       10 170
 4  67  57  62   2   3   0     T  0.0   0  3.4 12  140   M    M   M       16 140
 5  71  54  63   3   2   0     T  0.0   0  4.3 12  210   M    M   M 1     17 210
 6  65  53  59  -1   6   0  0.00  0.0   0  4.5 12  180   M    M   M       16 180
 7  63  51  57  -3   8   0  0.46  0.0   0  7.6 16  140   M    M   M 1     26 140
 8  64  51  58  -2   7   0  0.11  0.0   0  6.7 13  120   M    M   M 1     18 130
 9  59  56  58  -2   7   0  1.09  0.0   0 15.9 26  140   M    M   M 1     36 120
10  63  58  61   1   4   0  0.43  0.0   0 15.6 24  140   M    M   M 1     36 140
11  77  59  68   8   0   3  0.00  0.0   0  3.1 12  130   M    M   M       15 140
12  76  56  66   6   0   1  0.00  0.0   0  3.6  9  300   M    M   M 2     11 300
13  74  56  65   5   0   0  0.00  0.0   0  4.6 10  330   M    M   M       16 320
14  76  56  66   7   0   1  0.00  0.0   0  1.6  7  220   M    M   M       10 200
15  67  57  62   3   3   0  0.26  0.0   0  3.1  8  210   M    M   M 2     11 170
16  70  54  62   3   3   0  0.00  0.0   0  4.8 10  310   M    M   M 1     14 320
17  60  56  58  -1   7   0  0.70  0.0   0  6.9 16  130   M    M   M 1     22 130
18  69  53  61   2   4   0  0.00  0.0   0  3.9  8  330   M    M   M 1     11 300
19  70  51  61   2   4   0  0.00  0.0   0  6.8 14  320   M    M   M       18 310
20  72  50  61   2   4   0  0.00  0.0   0  2.8  9  220   M    M   M       12 210
21  76  50  63   4   2   0  0.00  0.0   0  2.4  8  140   M    M   M       12 260
================================================================================
SM 1382 1084       134   5  3.05 0.0    113.9           M        M
================================================================================
AV 65.8 51.6                              5.4 FASTST  PSBL  %   M    MAX(MPH)
                                 MISC ---->     26  140               # 36 140
================================================================================
NOTES:

COLUMN 17 PEAK WIND IN M.P.H.

PRELIMINARY LOCAL CLIMATOLOGICAL DATA (WS FORM: F-6) , PAGE 2

                                          STATION:   ANNETTE
                                          MONTH:     08
                                          YEAR:      2014
                                          LATITUDE:  55 02 N                   
                                          LONGITUDE: 131 34 W                   

[TEMPERATURE DATA]      [PRECIPITATION DATA]       SYMBOLS USED IN COLUMN 16    

AVERAGE MONTHLY:58.7   TOTAL FOR MONTH: 3.05       1 = FOG              
DPTR FM NORMAL: -0.9   DPTR FM NORMAL: -1.25       2 = FOG REDUCING VISIBILITY  
HIGHEST:    77 ON 11    GRTST 24HR   1.09 ON  9        TO 1/4 MILE OR LESS   
LOWEST:      0 ON  1                               3 = THUNDER                
                        SNOW, ICE PELLETS, HAIL    4 = ICE PELLETS              
                        TOTAL MONTH: 0.0         5 = HAIL                     
                        GRTST 24HR   0.0           6 = GLAZE OR RIME            
                        GRTST DEPTH:    0          7 = BLOWING DUST OR SAND:    
                                                       VSBY 1/2 MILE OR LESS    
                                                   8 = SMOKE OR HAZE            
[NO. OF DAYS WITH]      [WEATHER - DAYS WITH]      9 = BLOWING SNOW             
                                                   X = TORNADO                  
MAX 32 OR BELOW:   1    0.01 INCH OR MORE:   6                                  
MAX 70 OR ABOVE:  11    0.10 INCH OR MORE:   6                                  
MIN 32 OR BELOW:   1    0.50 INCH OR MORE:   2                                  
MIN  0 OR BELOW:   1    1.00 INCH OR MORE:   1                                  

[HDD (BASE 65) ]                                                                
TOTAL THIS MO.    MM    CLEAR  (SCALE 0-3)   M                                  
DPTR FM NORMAL    MM    PTCLDY (SCALE 4-7)   M                                  
SEASONAL TOTAL   508    CLOUDY (SCALE 8-10)  M                                
DPTR FM NORMAL   181                                                            

[CDD (BASE 65) ]                                                                
TOTAL THIS MO.    MM                                                            
DPTR FM NORMAL    MM    [PRESSURE DATA]                                         
SEASONAL TOTAL    MM    HIGHEST SLP     M                                 
DPTR FM NORMAL    MM    LOWEST  SLP     M                                 

[REMARKS]




Alaska Region Headquarters
222 West 7th Avenue #23
Anchorage, AK 99513-7575
Voice: 1-907-271-5088
Fax: 1-907-271-3711
Recorded Forecast: 1-800-472-0391
Webmaster Email: ARH Webauthors
Page Modified: 03 Feb 2008 18:00 UTC
About Us
Career Opportunities
Glossary
Credits
Disclaimer
Privacy Policy