CXAK56 PANT 300917
CF6ANN

PRELIMINARY LOCAL CLIMATOLOGICAL DATA (WS FORM: F-6)

                                          STATION:   ANNETTE
                                          MONTH:     09
                                          YEAR:      2014
                                          LATITUDE:   55 02 N                   
                                          LONGITUDE: 131 34 W                   

  TEMPERATURE IN F:       :PCPN:    SNOW:  WIND      :SUNSHINE: SKY     :PK WND 
================================================================================
1   2   3   4   5  6A  6B    7     8   9   10  11  12  13   14  15   16  17  18
                                      12Z  AVG MX 2MIN
DY MAX MIN AVG DEP HDD CDD  WTR   SNW DPTH SPD SPD DIR MIN PSBL S-S WX   SPD DR
================================================================================

 1  65  49  57   0   8   0  0.04  0.0   0  3.7 10  270   M    M   M 1     15 270
 2  68  48  58   1   7   0  0.00  0.0   0  6.6 15  320   M    M   M       21 320
 3  69  47  58   2   7   0  0.00  0.0   0  3.2 10  330   M    M   M       16 310
 4  60  50  55  -1  10   0     T  0.0   0  3.2 10  130   M    M   M 1     12 130
 5  68  53  61   5   4   0  0.01  0.0   0  2.9  7  140   M    M   M 1     10 140
 6  63  51  57   1   8   0     T  0.0   0  0.7  6  200   M    M   M 12     8 210
 7  61  54  58   2   7   0  0.15  0.0   0  4.9  8  330   M    M   M 1     12 140
 8  69  51  60   5   5   0  0.00  0.0   0  5.5 12  320   M    M   M       16 340
 9  67  48  58   3   7   0  0.00  0.0   0  4.2  9  320   M    M   M       13 300
10  66  54  60   5   5   0     T  0.0   0  3.6 16  130   M    M   M       20 130
11  63  48  56   1   9   0     T  0.0   0  1.8  9  170   M    M   M       15 200
12  67  48  58   3   7   0  0.00  0.0   0  6.2 14  330   M    M   M       18 320
13  72  52  62   8   3   0  0.00  0.0   0  7.4 12  330   M    M   M       16 340
14  72  49  61   7   4   0  0.00  0.0   0  2.1  8  320   M    M   M 2     10 320
15  67  47  57   3   8   0  0.00  0.0   0  1.9  8  300   M    M   M 2     10 310
16  66  47  57   3   8   0  0.00  0.0   0  1.2  6  230   M    M   M 2      8 310
17  56  51  54   0  11   0  0.01  0.0   0  6.7 14  140   M    M   M 2     18 140
18  57  54  56   3   9   0  0.66  0.0   0 11.7 26  150   M    M   M 1     40 140
19  61  52  57   4   8   0  0.57  0.0   0  9.6 23  130   M    M   M 1     32 140
20  63  54  59   6   6   0  0.97  0.0   0 16.2 29  130   M    M   M 1     43 150
21  65  51  58   5   7   0  0.50  0.0   0 10.0 23  140   M    M   M 1     35 150
22  58  46  52  -1  13   0     T  0.0   0  3.8 10  130   M    M   M 2     12 150
23  69  47  58   6   7   0  0.07  0.0   0  4.7 12  320   M    M   M 1     14 320
24  63  53  58   6   7   0  0.81  0.0   0  6.5 17  100   M    M   M 1     34 110
25  64  49  57   5   8   0  0.06  0.0   0  4.7 17  110   M    M   M       25 120
26  69  47  58   6   7   0  0.03  0.0   0  2.2  9  140   M    M   M 2     13 130
27  58  54  56   4   9   0  2.88  0.0   0 16.3 29  140   M    M   M 1     42 120
28  58  53  56   5   9   0  2.72  0.0   0 13.0 31  140   M    M   M 1     47 150
29  58  50  54   3  11   0  0.19  0.0   0  6.6 14  140   M    M   M 1     22 130
================================================================================
SM 1862 1457       219   0  9.67 0.0    171.1           M        M
================================================================================
AV 64.2 50.2                              5.9 FASTST  PSBL  %   M    MAX(MPH)
                                 MISC ---->     31  140                 47 150
================================================================================
NOTES:

COLUMN 17 PEAK WIND IN M.P.H.

PRELIMINARY LOCAL CLIMATOLOGICAL DATA (WS FORM: F-6) , PAGE 2

                                          STATION:   ANNETTE
                                          MONTH:     09
                                          YEAR:      2014
                                          LATITUDE:  55 02 N                   
                                          LONGITUDE: 131 34 W                   

[TEMPERATURE DATA]      [PRECIPITATION DATA]       SYMBOLS USED IN COLUMN 16    

AVERAGE MONTHLY:57.2   TOTAL FOR MONTH: 9.67       1 = FOG              
DPTR FM NORMAL:  3.2   DPTR FM NORMAL: 0.26       2 = FOG REDUCING VISIBILITY  
HIGHEST:    72 ON 14    GRTST 24HR   2.88 ON 27        TO 1/4 MILE OR LESS   
LOWEST:     46 ON 22                               3 = THUNDER                
                        SNOW, ICE PELLETS, HAIL    4 = ICE PELLETS              
                        TOTAL MONTH: 0.0         5 = HAIL                     
                        GRTST 24HR   0.0           6 = GLAZE OR RIME            
                        GRTST DEPTH:    0          7 = BLOWING DUST OR SAND:    
                                                       VSBY 1/2 MILE OR LESS    
                                                   8 = SMOKE OR HAZE            
[NO. OF DAYS WITH]      [WEATHER - DAYS WITH]      9 = BLOWING SNOW             
                                                   X = TORNADO                  
MAX 32 OR BELOW:   0    0.01 INCH OR MORE:  15                                  
MAX 70 OR ABOVE:   2    0.10 INCH OR MORE:   9                                  
MIN 32 OR BELOW:   0    0.50 INCH OR MORE:   7                                  
MIN  0 OR BELOW:   0    1.00 INCH OR MORE:   2                                  

[HDD (BASE 65) ]                                                                
TOTAL THIS MO.   219    CLEAR  (SCALE 0-3)   M                                  
DPTR FM NORMAL  -101    PTCLDY (SCALE 4-7)   M                                  
SEASONAL TOTAL   788    CLOUDY (SCALE 8-10)  M                                
DPTR FM NORMAL    67                                                            

[CDD (BASE 65) ]                                                                
TOTAL THIS MO.     0                                                            
DPTR FM NORMAL     0    [PRESSURE DATA]                                         
SEASONAL TOTAL    MM    HIGHEST SLP     M                                 
DPTR FM NORMAL    MM    LOWEST  SLP     M                                 

[REMARKS]




Alaska Region Headquarters
222 West 7th Avenue #23
Anchorage, AK 99513-7575
Voice: 1-907-271-5088
Fax: 1-907-271-3711
Recorded Forecast: 1-800-472-0391
Webmaster Email: ARH Webauthors
Page Modified: 03 Feb 2008 18:00 UTC
About Us
Career Opportunities
Glossary
Credits
Disclaimer
Privacy Policy