CXAK56 PANT 300902
CF6ANN

PRELIMINARY LOCAL CLIMATOLOGICAL DATA (WS FORM: F-6)

                                          STATION:   ANNETTE
                                          MONTH:     07
                                          YEAR:      2015
                                          LATITUDE:   55 02 N                   
                                          LONGITUDE: 131 34 W                   

  TEMPERATURE IN F:       :PCPN:    SNOW:  WIND      :SUNSHINE: SKY     :PK WND 
================================================================================
1   2   3   4   5  6A  6B    7     8   9   10  11  12  13   14  15   16  17  18
                                      12Z  AVG MX 2MIN
DY MAX MIN AVG DEP HDD CDD  WTR   SNW DPTH SPD SPD DIR MIN PSBL S-S WX   SPD DR
================================================================================

 1  69  52  61   4   4   0  0.00  0.0   0  0.0  9  320   M    M   M       12 210
 2  69  59  64   7   1   0  0.00  0.0   0  0.0 12  130   M    M   M       16 120
 3  74  53  64   7   1   0  0.00  0.0   0  0.0 18  330   M    M   M       24 330
 4  74  53  64   7   1   0  0.00  0.0   0  9.7 18  330   M    M   M       24 330
 5  85  60  73  16   0   8  0.00  0.0   0  0.0 15  320   M    M   M       19 320
 6  88  60  74  16   0   9  0.00  0.0   0  7.1 13  320   M    M   M       17 310
 7  87  58  73  15   0   8  0.00  0.0   0  6.2 16  330   M    M   M 1     24 330
 8  82  61  72  14   0   7  0.00  0.0   0  4.6 14  320   M    M   M       19 320
 9  76  58  67   9   0   2  0.00  0.0   0  3.9 13  330   M    M   M       15 320
10  64  57  61   3   4   0  0.03  0.0   0  5.7 15  130   M    M   M       20 150
11  63  58  61   3   4   0  0.43  0.0   0  8.8 15  150   M    M   M 1     21 140
12  66  57  62   4   3   0  0.39  0.0   0  7.0 14  130   M    M   M 1     19 120
13  68  57  63   5   2   0  0.11  0.0   0  5.7 13  210   M    M   M 1     20 210
14  59  53  56  -3   9   0  0.55  0.0   0  6.5 15  150   M    M   M 1     25 140
15  66  51  59   0   6   0  0.02  0.0   0  3.1 10  300   M    M   M 1     14 210
16  61  50  56  -3   9   0  0.17  0.0   0  4.7 12  130   M    M   M 1     15 130
17  66  55  61   2   4   0  0.01  0.0   0  3.9  9  130   M    M   M 1     18 110
18  73  55  64   5   1   0  0.00  0.0   0  4.3 10  310   M    M   M       16 310
19  69  53  61   2   4   0  0.01  0.0   0  3.5  8  140   M    M   M       13 200
20  67  58  63   4   2   0  0.20  0.0   0  4.9 14  140   M    M   M 1     19 130
21  73  58  66   7   0   1     T  0.0   0  4.2 10  210   M    M   M       17 210
22  64  57  61   2   4   0     T  0.0   0  4.9 12  140   M    M   M 1     14 150
23  59  55  57  -2   8   0  0.61  0.0   0  8.7 22  150   M    M   M 1     32 160
24  57  54  56  -4   9   0  2.16  0.0   0  8.8 21  140   M    M   M 1     32 130
25  68  53  61   1   4   0  0.17  0.0   0  3.3  9  230   M    M   M 1     14 110
26  67  55  61   1   4   0  0.16  0.0   0  4.4 10  150   M    M   M 1     15 160
27  59  56  58  -2   7   0  0.74  0.0   0  7.5 13  180   M    M   M 1     22 170
28  60  55  58  -2   7   0  0.02  0.0   0  4.6 12  170   M    M   M 1     17 140
29  61  55  58  -2   7   0  0.09  0.0   0  4.1 10  140   M    M   M 1     14 140
================================================================================
SM 1994 1616       105  35  5.87 0.0    140.1           M        M
================================================================================
AV 68.8 55.7                              4.8 FASTST  PSBL  %   M    MAX(MPH)
                                 MISC ---->     22  150               # 32 130
================================================================================
NOTES:

COLUMN 17 PEAK WIND IN M.P.H.

PRELIMINARY LOCAL CLIMATOLOGICAL DATA (WS FORM: F-6) , PAGE 2

                                          STATION:   ANNETTE
                                          MONTH:     07
                                          YEAR:      2015
                                          LATITUDE:  55 02 N                   
                                          LONGITUDE: 131 34 W                   

[TEMPERATURE DATA]      [PRECIPITATION DATA]       SYMBOLS USED IN COLUMN 16    

AVERAGE MONTHLY:62.2   TOTAL FOR MONTH: 5.87       1 = FOG              
DPTR FM NORMAL:  3.6   DPTR FM NORMAL: 1.54       2 = FOG REDUCING VISIBILITY  
HIGHEST:    88 ON  6    GRTST 24HR   2.16 ON 24        TO 1/4 MILE OR LESS   
LOWEST:     50 ON 16                               3 = THUNDER                
                        SNOW, ICE PELLETS, HAIL    4 = ICE PELLETS              
                        TOTAL MONTH: 0.0         5 = HAIL                     
                        GRTST 24HR   0.0           6 = GLAZE OR RIME            
                        GRTST DEPTH:    0          7 = BLOWING DUST OR SAND:    
                                                       VSBY 1/2 MILE OR LESS    
                                                   8 = SMOKE OR HAZE            
[NO. OF DAYS WITH]      [WEATHER - DAYS WITH]      9 = BLOWING SNOW             
                                                   X = TORNADO                  
MAX 32 OR BELOW:   0    0.01 INCH OR MORE:  17                                  
MAX 70 OR ABOVE:   9    0.10 INCH OR MORE:  11                                  
MIN 32 OR BELOW:   0    0.50 INCH OR MORE:   4                                  
MIN  0 OR BELOW:   0    1.00 INCH OR MORE:   1                                  

[HDD (BASE 65) ]                                                                
TOTAL THIS MO.   105    CLEAR  (SCALE 0-3)   M                                  
DPTR FM NORMAL   -91    PTCLDY (SCALE 4-7)   M                                  
SEASONAL TOTAL   105    CLOUDY (SCALE 8-10)  M                                
DPTR FM NORMAL   -91                                                            

[CDD (BASE 65) ]                                                                
TOTAL THIS MO.    35                                                            
DPTR FM NORMAL    35    [PRESSURE DATA]                                         
SEASONAL TOTAL    37    HIGHEST SLP     M                                 
DPTR FM NORMAL    37    LOWEST  SLP     M                                 

[REMARKS]




Alaska Region Headquarters
222 West 7th Avenue #23
Anchorage, AK 99513-7575
Voice: 1-907-271-5088
Fax: 1-907-271-3711
Recorded Forecast: 1-800-472-0391
Webmaster Email: ARH Webauthors
Page Modified: 03 Feb 2008 18:00 UTC
About Us
Career Opportunities
Glossary
Credits
Disclaimer
Privacy Policy