CXAK56 PANT 260902
CF6ANN

PRELIMINARY LOCAL CLIMATOLOGICAL DATA (WS FORM: F-6)

                                          STATION:   ANNETTE
                                          MONTH:     05
                                          YEAR:      2016
                                          LATITUDE:   55 02 N                   
                                          LONGITUDE: 131 34 W                   

  TEMPERATURE IN F:       :PCPN:    SNOW:  WIND      :SUNSHINE: SKY     :PK WND 
================================================================================
1   2   3   4   5  6A  6B    7     8   9   10  11  12  13   14  15   16  17  18
                                      12Z  AVG MX 2MIN
DY MAX MIN AVG DEP HDD CDD  WTR   SNW DPTH SPD SPD DIR MIN PSBL S-S WX   SPD DR
================================================================================

 1  59  49  54   7  11   0  1.89  0.0   0 12.7 22  140   M    M   M 1     33 160
 2  58  48  53   6  12   0  0.14  0.0   0  7.1 18  120   M    M   M 1     26 140
 3  56  43  50   3  15   0  0.13  0.0   0  4.3  9  210   M    M   M       14 280
 4  55  39  47  -1  18   0  0.00  0.0   0  2.7 10  190   M    M   M       16 200
 5  59  38  49   1  16   0  0.00  0.0   0  2.3  8  310   M    M   M 1     11 200
 6  54  49  52   4  13   0  1.20  0.0   0  9.6 17  140   M    M   M 1     23 130
 7  52  45  49   1  16   0  0.55  0.0   0  4.6 13  190   M    M   M 1     20 240
 8  61  43  52   3  13   0  0.00  0.0   0  7.5 17  330   M    M   M       24 320
 9  66  43  55   6  10   0  0.00  0.0   0  6.7 14  320   M    M   M       19 310
10  63  48  56   7   9   0  0.00  0.0   0  8.5 17  330   M    M   M       25 330
11  75  47  61  12   4   0  0.00  0.0   0  6.5 15  320   M    M   M       19 320
12  74  52  63  14   2   0  0.00  0.0   0  5.9 17   60   M    M   M       27  60
13  76  52  64  14   1   0  0.00  0.0   0  6.2 17  130   M    M   M       24 130
14  81  52  67  17   0   2  0.00  0.0   0  3.4 12  130   M    M   M       18  50
15  59  49  54   4  11   0  0.02  0.0   0  7.5 17  140   M    M   M 18    24 140
16  56  48  52   2  13   0  0.54  0.0   0  9.3 23  130   M    M   M 18    38 130
17  52  49  51   1  14   0  1.65  0.0   0 15.5 26  140   M    M   M 1     47 150
18  54  45  50  -1  15   0  0.04  0.0   0  6.7 17  160   M    M   M 1     29 160
19  67  43  55   4  10   0  0.00  0.0   0  9.5 16  320   M    M   M       22 310
20  75  54  65  14   0   0  0.00  0.0   0  7.7 15  310   M    M   M       19 310
21  74  52  63  12   2   0  0.00  0.0   0  3.4  9  150   M    M   M       12 340
22  67  50  59   8   6   0  0.00  0.0   0  4.3 10  150   M    M   M 2     13 210
23  66  48  57   5   8   0  0.00  0.0   0  7.6 13  310   M    M   M 8     17 320
24  64  48  56   4   9   0     T  0.0   0  7.8 15  310   M    M   M       22 320
25  60  45  53   1  12   0  0.00  0.0   0  5.2 12  260   M    M   M       17 260
================================================================================
SM 1583 1179       240   2  6.16 0.0    172.5           M        M
================================================================================
AV 63.3 47.2                              6.9 FASTST  PSBL  %   M    MAX(MPH)
                                 MISC ---->     26  140                 47 150
================================================================================
NOTES:

COLUMN 17 PEAK WIND IN M.P.H.

PRELIMINARY LOCAL CLIMATOLOGICAL DATA (WS FORM: F-6) , PAGE 2

                                          STATION:   ANNETTE
                                          MONTH:     05
                                          YEAR:      2016
                                          LATITUDE:  55 02 N                   
                                          LONGITUDE: 131 34 W                   

[TEMPERATURE DATA]      [PRECIPITATION DATA]       SYMBOLS USED IN COLUMN 16    

AVERAGE MONTHLY:55.2   TOTAL FOR MONTH: 6.16       1 = FOG              
DPTR FM NORMAL:  5.6   DPTR FM NORMAL: 1.60       2 = FOG REDUCING VISIBILITY  
HIGHEST:    81 ON 14    GRTST 24HR   1.89 ON  1        TO 1/4 MILE OR LESS   
LOWEST:     38 ON  5                               3 = THUNDER                
                        SNOW, ICE PELLETS, HAIL    4 = ICE PELLETS              
                        TOTAL MONTH: 0.0         5 = HAIL                     
                        GRTST 24HR   0.0           6 = GLAZE OR RIME            
                        GRTST DEPTH:    0          7 = BLOWING DUST OR SAND:    
                                                       VSBY 1/2 MILE OR LESS    
                                                   8 = SMOKE OR HAZE            
[NO. OF DAYS WITH]      [WEATHER - DAYS WITH]      9 = BLOWING SNOW             
                                                   X = TORNADO                  
MAX 32 OR BELOW:   0    0.01 INCH OR MORE:   9                                  
MAX 70 OR ABOVE:   6    0.10 INCH OR MORE:   7                                  
MIN 32 OR BELOW:   0    0.50 INCH OR MORE:   5                                  
MIN  0 OR BELOW:   0    1.00 INCH OR MORE:   3                                  

[HDD (BASE 65) ]                                                                
TOTAL THIS MO.   240    CLEAR  (SCALE 0-3)   M                                  
DPTR FM NORMAL  -147    PTCLDY (SCALE 4-7)   M                                  
SEASONAL TOTAL  5580    CLOUDY (SCALE 8-10)  M                                
DPTR FM NORMAL  -752                                                            

[CDD (BASE 65) ]                                                                
TOTAL THIS MO.     2                                                            
DPTR FM NORMAL     2    [PRESSURE DATA]                                         
SEASONAL TOTAL     2    HIGHEST SLP     M                                 
DPTR FM NORMAL     2    LOWEST  SLP     M                                 

[REMARKS]




Alaska Region Headquarters
222 West 7th Avenue #23
Anchorage, AK 99513-7575
Voice: 1-907-271-5088
Fax: 1-907-271-3711
Recorded Forecast: 1-800-472-0391
Webmaster Email: ARH Webauthors
Page Modified: 03 Feb 2008 18:00 UTC
About Us
Career Opportunities
Glossary
Credits
Disclaimer
Privacy Policy