CXAK56 PANT 281413
CF6ANN

PRELIMINARY LOCAL CLIMATOLOGICAL DATA (WS FORM: F-6)

                                          STATION:   ANNETTE
                                          MONTH:     07
                                          YEAR:      2014
                                          LATITUDE:   55 02 N                   
                                          LONGITUDE: 131 34 W                   

  TEMPERATURE IN F:       :PCPN:    SNOW:  WIND      :SUNSHINE: SKY     :PK WND 
================================================================================
1   2   3   4   5  6A  6B    7     8   9   10  11  12  13   14  15   16  17  18
                                      12Z  AVG MX 2MIN
DY MAX MIN AVG DEP HDD CDD  WTR   SNW DPTH SPD SPD DIR MIN PSBL S-S WX   SPD DR
================================================================================

 1  72  51  62   5   3   0  0.12  0.0   0  4.9 10  140   M    M   M       17 150
 2  61  53  57   0   8   0  0.19  0.0   0 10.7 17  160   M    M   M 1     27 150
 3  55  52  54  -3  11   0  0.52  0.0   0 11.3 16  140   M    M   M 1     26 130
 4  58  51  55  -2  10   0  0.12  0.0   0  8.2 17  150   M    M   M 1     24 170
 5  61  50  56  -1   9   0  0.09  0.0   0 11.2 25  150   M    M   M 1     42 120
 6  66  53  60   2   5   0  0.02  0.0   0  4.8 14  150   M    M   M 1     19 160
 7  58  52  55  -3  10   0  0.08  0.0   0  6.9 13  140   M    M   M 1     17 140
 8  59  52  56  -2   9   0  0.01  0.0   0  4.7 10  160   M    M   M 1     15 130
 9  66  52  59   1   6   0     T  0.0   0  3.2  9  340   M    M   M       13 330
10  72  51  62   4   3   0  0.00  0.0   0  7.2 14  330   M    M   M       19 320
11  70  50  60   2   5   0  0.00  0.0   0  2.9  9  140   M    M   M       12 130
12  77  51  64   6   1   0  0.00  0.0   0  3.4  9  180   M    M   M       11 200
13  79  54  67   9   0   2  0.00  0.0   0  3.8 10  330   M    M   M       15 310
14  83  58  71  12   0   6  0.00  0.0   0  4.2 12  220   M    M   M       15 230
15  70  52  61   2   4   0  0.00  0.0   0  3.6 10  150   M    M   M 1     14 150
16  75  50  63   4   2   0  0.00  0.0   0  4.4 12  330   M    M   M       16 320
17  67  50  59   0   6   0  0.33  0.0   0  6.2 15  150   M    M   M 1     21 140
18  62  53  58  -1   7   0  0.58  0.0   0  7.9 18  150   M    M   M 1     29 150
19  69  53  61   2   4   0  0.15  0.0   0  4.2 10  210   M    M   M 1     15 260
20  63  52  58  -1   7   0  0.17  0.0   0  3.9 10  140   M    M   M 1     13 220
21  59  49  54  -5  11   0  1.12  0.0   0  6.5 15  130   M    M   M 1     20 120
22  68  49  59   0   6   0  0.01  0.0   0  3.6  9  150   M    M   M       11 220
23  70  47  59   0   6   0  0.00  0.0   0  3.1  9  240   M    M   M       11 220
24  60  52  56  -4   9   0  0.24  0.0   0  5.1 13  150   M    M   M 1     19 170
25  55  53  54  -6  11   0  0.15  0.0   0 11.3 20  140   M    M   M 1     29 140
26  56  53  55  -5  10   0  0.70  0.0   0 12.9 21  140   M    M   M 1     33 150
27  57  54  56  -4   9   0  0.63  0.0   0 11.3 16  120   M    M   M 1     24 130
================================================================================
SM 1768 1397       172   8  5.23 0.0    171.4           M        M
================================================================================
AV 65.5 51.7                              6.3 FASTST  PSBL  %   M    MAX(MPH)
                                 MISC ---->     25  150                 42 120
================================================================================
NOTES:

COLUMN 17 PEAK WIND IN M.P.H.

PRELIMINARY LOCAL CLIMATOLOGICAL DATA (WS FORM: F-6) , PAGE 2

                                          STATION:   ANNETTE
                                          MONTH:     07
                                          YEAR:      2014
                                          LATITUDE:  55 02 N                   
                                          LONGITUDE: 131 34 W                   

[TEMPERATURE DATA]      [PRECIPITATION DATA]       SYMBOLS USED IN COLUMN 16    

AVERAGE MONTHLY:58.6   TOTAL FOR MONTH: 5.23       1 = FOG              
DPTR FM NORMAL:  0.1   DPTR FM NORMAL: 1.21       2 = FOG REDUCING VISIBILITY  
HIGHEST:    83 ON 14    GRTST 24HR   1.12 ON 21        TO 1/4 MILE OR LESS   
LOWEST:     47 ON 23                               3 = THUNDER                
                        SNOW, ICE PELLETS, HAIL    4 = ICE PELLETS              
                        TOTAL MONTH: 0.0         5 = HAIL                     
                        GRTST 24HR   0.0           6 = GLAZE OR RIME            
                        GRTST DEPTH:    0          7 = BLOWING DUST OR SAND:    
                                                       VSBY 1/2 MILE OR LESS    
                                                   8 = SMOKE OR HAZE            
[NO. OF DAYS WITH]      [WEATHER - DAYS WITH]      9 = BLOWING SNOW             
                                                   X = TORNADO                  
MAX 32 OR BELOW:   0    0.01 INCH OR MORE:  18                                  
MAX 70 OR ABOVE:   9    0.10 INCH OR MORE:  13                                  
MIN 32 OR BELOW:   0    0.50 INCH OR MORE:   5                                  
MIN  0 OR BELOW:   0    1.00 INCH OR MORE:   1                                  

[HDD (BASE 65) ]                                                                
TOTAL THIS MO.   172    CLEAR  (SCALE 0-3)   M                                  
DPTR FM NORMAL   -12    PTCLDY (SCALE 4-7)   M                                  
SEASONAL TOTAL   172    CLOUDY (SCALE 8-10)  M                                
DPTR FM NORMAL   -12                                                            

[CDD (BASE 65) ]                                                                
TOTAL THIS MO.     8                                                            
DPTR FM NORMAL     8    [PRESSURE DATA]                                         
SEASONAL TOTAL     8    HIGHEST SLP     M                                 
DPTR FM NORMAL     8    LOWEST  SLP     M                                 

[REMARKS]




Alaska Region Headquarters
222 West 7th Avenue #23
Anchorage, AK 99513-7575
Voice: 1-907-271-5088
Fax: 1-907-271-3711
Recorded Forecast: 1-800-472-0391
Webmaster Email: ARH Webauthors
Page Modified: 03 Feb 2008 18:00 UTC
About Us
Career Opportunities
Glossary
Credits
Disclaimer
Privacy Policy