CXAK56 PANT 260925
CF6ANN

PRELIMINARY LOCAL CLIMATOLOGICAL DATA (WS FORM: F-6)

                                          STATION:   ANNETTE
                                          MONTH:     06
                                          YEAR:      2016
                                          LATITUDE:   55 02 N                   
                                          LONGITUDE: 131 34 W                   

  TEMPERATURE IN F:       :PCPN:    SNOW:  WIND      :SUNSHINE: SKY     :PK WND 
================================================================================
1   2   3   4   5  6A  6B    7     8   9   10  11  12  13   14  15   16  17  18
                                      12Z  AVG MX 2MIN
DY MAX MIN AVG DEP HDD CDD  WTR   SNW DPTH SPD SPD DIR MIN PSBL S-S WX   SPD DR
================================================================================

 1   0   0   0 -53  65   0  0.20  0.0   0  0.0 15  130   M    M   M 1     20 130
 2  57  50  54   1  11   0  0.26  0.0   0 11.9 21  150   M    M   M 1     30 150
 3  56  50  53  -1  12   0  0.46  0.0   0 14.8 29  140   M    M   M 1     47 130
 4  63  50  57   3   8   0  0.00  0.0   0  3.9  9  150   M    M   M       12 170
 5  70  50  60   6   5   0  0.16  0.0   0  1.9  8  230   M    M   M 1     12 290
 6  67  50  59   5   6   0  0.12  0.0   0  7.3 14  320   M    M   M 1     20 320
 7  69  48  59   5   6   0  0.00  0.0   0  9.3 15  320   M    M   M       20 330
 8  67  52  60   6   5   0  0.44  0.0   0  7.4 15  130   M    M   M 1     20 140
 9  61  48  55   1  10   0  0.30  0.0   0  5.7 13  150   M    M   M 18    17 150
10  70  48  59   4   6   0  0.00  0.0   0  4.5  9  260   M    M   M       13 260
11  62  51  57   2   8   0  0.01  0.0   0  6.5 15  130   M    M   M 18    20 130
12  58  50  54  -1  11   0  0.53  0.0   0  9.9 20  130   M    M   M 1     29 140
13  62  47  55   0  10   0     T  0.0   0  3.7  9  310   M    M   M       14 320
14  69  48  59   4   6   0  0.02  0.0   0  7.5 15  320   M    M   M       22 310
15  58  52  55   0  10   0  0.08  0.0   0  6.9 14  110   M    M   M 18    22 110
16  59  54  57   2   8   0  0.00  0.0   0  5.6 12  150   M    M   M       16 150
17  61  53  57   2   8   0  0.00  0.0   0  5.4 12  140   M    M   M       17 150
18  73  52  63   7   2   0  0.00  0.0   0  5.8 13  330   M    M   M       19 330
19  64  51  58   2   7   0  0.00  0.0   0  7.1 14  160   M    M   M       19 160
20  60  50  55  -1  10   0  0.03  0.0   0  4.5  9  140   M    M   M       14 150
21  57  54  56   0   9   0  0.71  0.0   0  5.8 13  140   M    M   M 1     17 130
22  68  52  60   4   5   0  0.08  0.0   0  4.4 12  120   M    M   M 1     17 130
23  75  53  64   8   1   0  0.07  0.0   0  4.9  9  260   M    M   M       14 290
24  59  53  56   0   9   0  0.00  0.0   0  6.3 13  150   M    M   M       17 170
25  58  53  56   0   9   0  0.50  0.0   0  8.0 14  140   M    M   M 1     22 140
================================================================================
SM 1523 1219       247   0  3.97 0.0    159.0           M        M
================================================================================
AV 60.9 48.8                              6.4 FASTST  PSBL  %   M    MAX(MPH)
                                 MISC ---->     29  140                 47 130
================================================================================
NOTES:

COLUMN 17 PEAK WIND IN M.P.H.

PRELIMINARY LOCAL CLIMATOLOGICAL DATA (WS FORM: F-6) , PAGE 2

                                          STATION:   ANNETTE
                                          MONTH:     06
                                          YEAR:      2016
                                          LATITUDE:  55 02 N                   
                                          LONGITUDE: 131 34 W                   

[TEMPERATURE DATA]      [PRECIPITATION DATA]       SYMBOLS USED IN COLUMN 16    

AVERAGE MONTHLY:54.8   TOTAL FOR MONTH: 3.97       1 = FOG              
DPTR FM NORMAL: -0.1   DPTR FM NORMAL: -0.09       2 = FOG REDUCING VISIBILITY  
HIGHEST:    75 ON 23    GRTST 24HR   0.71 ON 21        TO 1/4 MILE OR LESS   
LOWEST:      0 ON  1                               3 = THUNDER                
                        SNOW, ICE PELLETS, HAIL    4 = ICE PELLETS              
                        TOTAL MONTH: 0.0         5 = HAIL                     
                        GRTST 24HR   0.0           6 = GLAZE OR RIME            
                        GRTST DEPTH:    0          7 = BLOWING DUST OR SAND:    
                                                       VSBY 1/2 MILE OR LESS    
                                                   8 = SMOKE OR HAZE            
[NO. OF DAYS WITH]      [WEATHER - DAYS WITH]      9 = BLOWING SNOW             
                                                   X = TORNADO                  
MAX 32 OR BELOW:   1    0.01 INCH OR MORE:  16                                  
MAX 70 OR ABOVE:   4    0.10 INCH OR MORE:  10                                  
MIN 32 OR BELOW:   1    0.50 INCH OR MORE:   3                                  
MIN  0 OR BELOW:   1    1.00 INCH OR MORE:   0                                  

[HDD (BASE 65) ]                                                                
TOTAL THIS MO.   247    CLEAR  (SCALE 0-3)   M                                  
DPTR FM NORMAL    -8    PTCLDY (SCALE 4-7)   M                                  
SEASONAL TOTAL  6111    CLOUDY (SCALE 8-10)  M                                
DPTR FM NORMAL  -550                                                            

[CDD (BASE 65) ]                                                                
TOTAL THIS MO.     0                                                            
DPTR FM NORMAL     0    [PRESSURE DATA]                                         
SEASONAL TOTAL     2    HIGHEST SLP     M                                 
DPTR FM NORMAL     2    LOWEST  SLP     M                                 

[REMARKS]




Alaska Region Headquarters
222 West 7th Avenue #23
Anchorage, AK 99513-7575
Voice: 1-907-271-5088
Fax: 1-907-271-3711
Recorded Forecast: 1-800-472-0391
Webmaster Email: ARH Webauthors
Page Modified: 03 Feb 2008 18:00 UTC
About Us
Career Opportunities
Glossary
Credits
Disclaimer
Privacy Policy