CXAK56 PAMC 300905
CF6MCG

PRELIMINARY LOCAL CLIMATOLOGICAL DATA (WS FORM: F-6)

                                          STATION:   MCGRATH
                                          MONTH:     08
                                          YEAR:      2015
                                          LATITUDE:   62 58 N                   
                                          LONGITUDE: 155 37 W                   

  TEMPERATURE IN F:       :PCPN:    SNOW:  WIND      :SUNSHINE: SKY     :PK WND 
================================================================================
1   2   3   4   5  6A  6B    7     8   9   10  11  12  13   14  15   16  17  18
                                      12Z  AVG MX 2MIN
DY MAX MIN AVG DEP HDD CDD  WTR   SNW DPTH SPD SPD DIR MIN PSBL S-S WX   SPD DR
================================================================================

 1  68  49  59   1   6   0  0.00  0.0   0  5.7 13  310   M    M   M       16 320
 2  67  55  61   3   4   0     T  0.0   0  2.6  8  150   M    M   M       11 220
 3  78  49  64   7   1   0  0.00  0.0   0  3.2 14  330   M    M   M 2     17 330
 4  84  49  67  10   0   2  0.00  0.0   0  3.8 10  360   M    M   M       13  30
 5  78  58  68  11   0   3  0.00  0.0   0  4.2 13   20   M    M   M 8     18 320
 6  75  54  65   8   0   0  0.00  0.0   0  2.9  9  360   M    M   M       12 280
 7  75  50  63   6   2   0  0.00  0.0   0  5.2 15  270   M    M   M       22 200
 8  62  54  58   2   7   0  0.02  0.0   0  3.0  8  140   M    M   M 1     12 160
 9  59  49  54  -2  11   0  0.46  0.0   0 10.2 20  200   M    M   M 1     31 180
10  57  46  52  -4  13   0     T  0.0   0  9.3 17  280   M    M   M       23 280
11  58  47  53  -3  12   0     T  0.0   0  2.2 12  250   M    M   M       14 250
12  61  49  55  -1  10   0  0.03  0.0   0  6.4 16  210   M    M   M       20 200
13  61  47  54  -1  11   0  0.00  0.0   0  1.9  8   30   M    M   M       11 320
14  66  41  54  -1  11   0     T  0.0   0  2.5  7  260   M    M   M        9 170
15  59  53  56   1   9   0  0.60  0.0   0  0.0 13  200   M    M   M 1     17 250
16  57  52  55   0  10   0  0.16  0.0   0  5.4 10  160   M    M   M 18    15 160
17  61  52  57   2   8   0  0.40  0.0   0  2.0  7  120   M    M   M 1     11  30
18  62  50  56   2   9   0  0.02  0.0   0  8.5 18  290   M    M   M       24 300
19  60  45  53  -1  12   0     T  0.0   0  3.3 10  270   M    M   M 1     13 290
20  62  47  55   1  10   0  0.01  0.0   0  2.5 12   10   M    M   M       16  10
21  65  41  53  -1  12   0  0.01  0.0   0  5.2 14  360   M    M   M       20 300
22  58  45  52  -1  13   0  0.01  0.0   0  6.0 16  310   M    M   M       22 270
23  55  42  49  -4  16   0     T  0.0   0  4.5 12  350   M    M   M       16 340
24  59  34  47  -6  18   0  0.04  0.0   0  2.9 13  220   M    M   M 12    16 210
25  60  53  57   4   8   0  0.72  0.0   0  9.0 21  200   M    M   M 1     27 200
26  58  51  55   3  10   0  0.16  0.0   0 14.6 31  200   M    M   M 1     42 200
27  54  42  48  -4  17   0     T  0.0   0 10.6 22  300   M    M   M       29 310
28  48  41  45  -7  20   0  0.05  0.0   0  6.6 14  250   M    M   M 1     20 250
29  48  40  44  -8  21   0  0.02  0.0   0  5.5 17  330   M    M   M 1     23 340
================================================================================
SM 1815 1385       281   5  2.71 0.0    149.7           M        M
================================================================================
AV 62.6 47.8                              5.2 FASTST  PSBL  %   M    MAX(MPH)
                                 MISC ---->     31  200                 42 200
================================================================================
NOTES:

COLUMN 17 PEAK WIND IN M.P.H.

PRELIMINARY LOCAL CLIMATOLOGICAL DATA (WS FORM: F-6) , PAGE 2

                                          STATION:   MCGRATH
                                          MONTH:     08
                                          YEAR:      2015
                                          LATITUDE:  62 58 N                   
                                          LONGITUDE: 155 37 W                   

[TEMPERATURE DATA]      [PRECIPITATION DATA]       SYMBOLS USED IN COLUMN 16    

AVERAGE MONTHLY:55.2   TOTAL FOR MONTH: 2.71       1 = FOG              
DPTR FM NORMAL:  0.3   DPTR FM NORMAL: 0.08       2 = FOG REDUCING VISIBILITY  
HIGHEST:    84 ON  4    GRTST 24HR   0.72 ON 25        TO 1/4 MILE OR LESS   
LOWEST:     34 ON 24                               3 = THUNDER                
                        SNOW, ICE PELLETS, HAIL    4 = ICE PELLETS              
                        TOTAL MONTH: 0.0         5 = HAIL                     
                        GRTST 24HR   0.0           6 = GLAZE OR RIME            
                        GRTST DEPTH:    0          7 = BLOWING DUST OR SAND:    
                                                       VSBY 1/2 MILE OR LESS    
                                                   8 = SMOKE OR HAZE            
[NO. OF DAYS WITH]      [WEATHER - DAYS WITH]      9 = BLOWING SNOW             
                                                   X = TORNADO                  
MAX 32 OR BELOW:   0    0.01 INCH OR MORE:  15                                  
MAX 70 OR ABOVE:   5    0.10 INCH OR MORE:   6                                  
MIN 32 OR BELOW:   0    0.50 INCH OR MORE:   2                                  
MIN  0 OR BELOW:   0    1.00 INCH OR MORE:   0                                  

[HDD (BASE 65) ]                                                                
TOTAL THIS MO.   281    CLEAR  (SCALE 0-3)   M                                  
DPTR FM NORMAL   -16    PTCLDY (SCALE 4-7)   M                                  
SEASONAL TOTAL  1051    CLOUDY (SCALE 8-10)  M                                
DPTR FM NORMAL   582                                                            

[CDD (BASE 65) ]                                                                
TOTAL THIS MO.     5                                                            
DPTR FM NORMAL     5    [PRESSURE DATA]                                         
SEASONAL TOTAL    MM    HIGHEST SLP     M                                 
DPTR FM NORMAL    MM    LOWEST  SLP     M                                 

[REMARKS]



Alaska Region Headquarters
222 West 7th Avenue #23
Anchorage, AK 99513-7575
Voice: 1-907-271-5088
Fax: 1-907-271-3711
Recorded Forecast: 1-800-472-0391
Webmaster Email: ARH Webauthors
Page Modified: 03 Feb 2008 18:00 UTC
About Us
Career Opportunities
Glossary
Credits
Disclaimer
Privacy Policy