CXAK56 PAMC 291106
CF6MCG

PRELIMINARY LOCAL CLIMATOLOGICAL DATA (WS FORM: F-6)

                                          STATION:   MCGRATH
                                          MONTH:     04
                                          YEAR:      2016
                                          LATITUDE:   62 58 N                   
                                          LONGITUDE: 155 37 W                   

  TEMPERATURE IN F:       :PCPN:    SNOW:  WIND      :SUNSHINE: SKY     :PK WND 
================================================================================
1   2   3   4   5  6A  6B    7     8   9   10  11  12  13   14  15   16  17  18
                                      12Z  AVG MX 2MIN
DY MAX MIN AVG DEP HDD CDD  WTR   SNW DPTH SPD SPD DIR MIN PSBL S-S WX   SPD DR
================================================================================

 1  37  30  34  15  31   0  0.14  0.2  24  4.6 13  120   M    M   M 1248  17 110
 2  39  26  33  13  32   0  0.22  1.4  22  8.1 16  200   M    M   M 1     24 190
 3  48  22  35  14  30   0  0.00  0.0  22  0.9  8  110   M    M   M 1      8 360
 4  45  19  32  11  33   0  0.00  0.0  22  4.9 17   80   M    M   M       22  70
 5  46  21  34  12  31   0  0.00  0.0  22  1.9  9  140   M    M   M       11 140
 6  51  19  35  12  30   0  0.00  0.0  22  1.3  8  360   M    M   M       10 360
 7  51  22  37  13  28   0  0.00  0.0  22  3.1 14   20   M    M   M       17  20
 8  46  20  33   9  32   0  0.00  0.0  21  2.9  9   50   M    M   M       11 360
 9  44  29  37  12  28   0  0.00  0.0  20  3.4 16   90   M    M   M       20  90
10  46  28  37  11  28   0  0.02  0.0  20  3.0 24  180   M    M   M       37 160
11  50  24  37  10  28   0     T  0.0  19  4.3 16   80   M    M   M       19  80
12  47  26  37  10  28   0  0.00  0.0  19  3.6 12   70   M    M   M       15  60
13  44  20  32   4  33   0  0.00  0.0  17  2.2  9  110   M    M   M       12 120
14  48  22  35   6  30   0     T  0.0  14  2.5 12   70   M    M   M       13  80
15  47  19  33   3  32   0  0.00  0.0   9  1.4  8   50   M    M   M       10  90
16  50  21  36   6  29   0  0.00  0.0   8  0.9  7  110   M    M   M        8 110
17  51  30  41  10  24   0     T  0.0   6  2.9 12  150   M    M   M       14 160
18  52  24  38   6  27   0  0.00  0.0   4  1.4  9  150   M    M   M       12 160
19  53  28  41   9  24   0  0.00  0.0   3  4.5 14  100   M    M   M       17  90
20  55  31  43  10  22   0  0.00  0.0   3  6.7 16   80   M    M   M 8     20 100
21  55  27  41   7  24   0  0.00  0.0   1  4.6 12   90   M    M   M       15  80
22  57  30  44   9  21   0  0.00  0.0   T  3.2  9  340   M    M   M       13  90
23  60  30  45  10  20   0  0.00  0.0   T  4.0 13   10   M    M   M       17  50
24  64  36  50  14  15   0  0.00  0.0   T  4.1 15   20   M    M   M       19  20
25  60  36  48  11  17   0  0.00  0.0   T  6.6 23  100   M    M   M       30 120
26  63  34  49  12  16   0  0.00  0.0   T  8.2 22  140   M    M   M       29 130
27  55  39  47   9  18   0  0.00  0.0   T  6.5 15   80   M    M   M       18  70
28  60  29  45   7  20   0  0.00  0.0   T  6.3 18   80   M    M   M       26  80
================================================================================
SM 1424  742       731   0  0.38 1.6    108.0           M        M
================================================================================
AV 50.9 26.5                              3.9 FASTST  PSBL  %   M    MAX(MPH)
                                 MISC ---->     24  180                 37 160
================================================================================
NOTES:

COLUMN 17 PEAK WIND IN M.P.H.

PRELIMINARY LOCAL CLIMATOLOGICAL DATA (WS FORM: F-6) , PAGE 2

                                          STATION:   MCGRATH
                                          MONTH:     04
                                          YEAR:      2016
                                          LATITUDE:  62 58 N                   
                                          LONGITUDE: 155 37 W                   

[TEMPERATURE DATA]      [PRECIPITATION DATA]       SYMBOLS USED IN COLUMN 16    

AVERAGE MONTHLY:38.7   TOTAL FOR MONTH: 0.38       1 = FOG              
DPTR FM NORMAL:  9.6   DPTR FM NORMAL: -0.31       2 = FOG REDUCING VISIBILITY  
HIGHEST:    64 ON 24    GRTST 24HR   0.22 ON  2        TO 1/4 MILE OR LESS   
LOWEST:     19 ON 15                               3 = THUNDER                
                        SNOW, ICE PELLETS, HAIL    4 = ICE PELLETS              
                        TOTAL MONTH: 1.6 INCHES  5 = HAIL                     
                        GRTST 24HR   1.4 ON  2     6 = GLAZE OR RIME            
                        GRTST DEPTH:   24 ON  1    7 = BLOWING DUST OR SAND:    
                                                       VSBY 1/2 MILE OR LESS    
                                                   8 = SMOKE OR HAZE            
[NO. OF DAYS WITH]      [WEATHER - DAYS WITH]      9 = BLOWING SNOW             
                                                   X = TORNADO                  
MAX 32 OR BELOW:   0    0.01 INCH OR MORE:   3                                  
MAX 70 OR ABOVE:   0    0.10 INCH OR MORE:   2                                  
MIN 32 OR BELOW:  24    0.50 INCH OR MORE:   0                                  
MIN  0 OR BELOW:   0    1.00 INCH OR MORE:   0                                  

[HDD (BASE 65) ]                                                                
TOTAL THIS MO.   731    CLEAR  (SCALE 0-3)   M                                  
DPTR FM NORMAL  -278    PTCLDY (SCALE 4-7)   M                                  
SEASONAL TOTAL 11649    CLOUDY (SCALE 8-10)  M                                
DPTR FM NORMAL -1254                                                            

[CDD (BASE 65) ]                                                                
TOTAL THIS MO.     0                                                            
DPTR FM NORMAL     0    [PRESSURE DATA]                                         
SEASONAL TOTAL     0    HIGHEST SLP     M                                 
DPTR FM NORMAL     0    LOWEST  SLP     M                                 

[REMARKS]



Alaska Region Headquarters
222 West 7th Avenue #23
Anchorage, AK 99513-7575
Voice: 1-907-271-5088
Fax: 1-907-271-3711
Recorded Forecast: 1-800-472-0391
Webmaster Email: ARH Webauthors
Page Modified: 03 Feb 2008 18:00 UTC
About Us
Career Opportunities
Glossary
Credits
Disclaimer
Privacy Policy