CXAK56 PAMC 270908
CF6MCG

PRELIMINARY LOCAL CLIMATOLOGICAL DATA (WS FORM: F-6)

                                          STATION:   MCGRATH
                                          MONTH:     04
                                          YEAR:      2015
                                          LATITUDE:   62 58 N                   
                                          LONGITUDE: 155 37 W                   

  TEMPERATURE IN F:       :PCPN:    SNOW:  WIND      :SUNSHINE: SKY     :PK WND 
================================================================================
1   2   3   4   5  6A  6B    7     8   9   10  11  12  13   14  15   16  17  18
                                      12Z  AVG MX 2MIN
DY MAX MIN AVG DEP HDD CDD  WTR   SNW DPTH SPD SPD DIR MIN PSBL S-S WX   SPD DR
================================================================================

 1  45  29  37  18  28   0  0.00  0.0   7  2.8 12  360   M    M   M       14  10
 2  35  23  29   9  36   0     T    T   6  6.1 14  350   M    M   M       18 340
 3  33  12  23   2  42   0  0.00  0.0   6  5.4 10   20   M    M   M       14 350
 4  34   6  20  -1  45   0  0.00  0.0   6  4.2 14  100   M    M   M       16  90
 5  38  25  32  10  33   0  0.09  2.1   8  7.3 15  160   M    M   M 1     21 160
 6  42  29  36  13  29   0  0.09  1.2   8  4.4 14   90   M    M   M 1     18  90
 7  47  33  40  16  25   0  0.05  0.0   7  7.9 26  120   M    M   M 1     37 220
 8  39  28  34  10  31   0     T    T   6  7.2 18  190   M    M   M       28 180
 9  47  27  37  12  28   0  0.00  0.0   5  7.0 20   90   M    M   M       25  70
10  45  24  35   9  30   0  0.00  0.0   4  6.9 15  320   M    M   M       20 320
11  36  25  31   4  34   0  0.00  0.0   T  8.1 16  280   M    M   M       21 290
12  39  15  27   0  38   0  0.00  0.0   T  4.8 12  350   M    M   M       17 320
13  38  23  31   3  34   0     T    T   T  2.4  8  190   M    M   M       11 250
14  45  15  30   1  35   0  0.00  0.0   T  5.5 15   70   M    M   M       20 130
15  43  20  32   2  33   0  0.00  0.0   T  7.6 17  330   M    M   M       23 330
16  36  27  32   2  33   0  0.01    T   T  4.9 10  360   M    M   M       13  20
17  46  25  36   5  29   0     T    T   T  5.2 18   90   M    M   M 1     24  80
18  54  39  47  15  18   0  0.00  0.0   T 16.2 26  100   M    M   M       34 130
19  51  32  42  10  23   0  0.09  0.0   T  6.6 22  210   M    M   M 1     30 200
20  38  26  32  -1  33   0     T    T   T  8.1 18  210   M    M   M 1     28 200
21  41  28  35   1  30   0  0.01    T   T  5.3 17  210   M    M   M 1     23 210
22  48  22  35   0  30   0     T  0.0   T  5.1 18  160   M    M   M       28 150
23  48  31  40   5  25   0  0.00  0.0   T  4.4 10  120   M    M   M       14 120
24  55  27  41   5  24   0  0.00  0.0   T  4.3 15   90   M    M   M       20  80
25  57  26  42   5  23   0  0.00  0.0   T  3.4 16  300   M    M   M       20 300
26  56  29  43   6  22   0  0.00  0.0   0  7.6 18   40   M    M   M       24  50
================================================================================
SM 1136  646       791   0  0.34 3.3    158.7           M        M
================================================================================
AV 43.7 24.8                              6.1 FASTST  PSBL  %   M    MAX(MPH)
                                 MISC ---->  #  26  100                 37 220
================================================================================
NOTES:

COLUMN 17 PEAK WIND IN M.P.H.

PRELIMINARY LOCAL CLIMATOLOGICAL DATA (WS FORM: F-6) , PAGE 2

                                          STATION:   MCGRATH
                                          MONTH:     04
                                          YEAR:      2015
                                          LATITUDE:  62 58 N                   
                                          LONGITUDE: 155 37 W                   

[TEMPERATURE DATA]      [PRECIPITATION DATA]       SYMBOLS USED IN COLUMN 16    

AVERAGE MONTHLY:34.3   TOTAL FOR MONTH: 0.34       1 = FOG              
DPTR FM NORMAL:  5.9   DPTR FM NORMAL: -0.29       2 = FOG REDUCING VISIBILITY  
HIGHEST:    57 ON 25    GRTST 24HR   0.09 ON 19        TO 1/4 MILE OR LESS   
LOWEST:      6 ON  4                               3 = THUNDER                
                        SNOW, ICE PELLETS, HAIL    4 = ICE PELLETS              
                        TOTAL MONTH: 3.3 INCHES  5 = HAIL                     
                        GRTST 24HR   2.1 ON  5     6 = GLAZE OR RIME            
                        GRTST DEPTH:    8 ON  6    7 = BLOWING DUST OR SAND:    
                                                       VSBY 1/2 MILE OR LESS    
                                                   8 = SMOKE OR HAZE            
[NO. OF DAYS WITH]      [WEATHER - DAYS WITH]      9 = BLOWING SNOW             
                                                   X = TORNADO                  
MAX 32 OR BELOW:   0    0.01 INCH OR MORE:   6                                  
MAX 70 OR ABOVE:   0    0.10 INCH OR MORE:   0                                  
MIN 32 OR BELOW:  24    0.50 INCH OR MORE:   0                                  
MIN  0 OR BELOW:   0    1.00 INCH OR MORE:   0                                  

[HDD (BASE 65) ]                                                                
TOTAL THIS MO.   791    CLEAR  (SCALE 0-3)   M                                  
DPTR FM NORMAL  -164    PTCLDY (SCALE 4-7)   M                                  
SEASONAL TOTAL 11317    CLOUDY (SCALE 8-10)  M                                
DPTR FM NORMAL -1532                                                            

[CDD (BASE 65) ]                                                                
TOTAL THIS MO.     0                                                            
DPTR FM NORMAL     0    [PRESSURE DATA]                                         
SEASONAL TOTAL     0    HIGHEST SLP     M                                 
DPTR FM NORMAL     0    LOWEST  SLP     M                                 

[REMARKS]




Alaska Region Headquarters
222 West 7th Avenue #23
Anchorage, AK 99513-7575
Voice: 1-907-271-5088
Fax: 1-907-271-3711
Recorded Forecast: 1-800-472-0391
Webmaster Email: ARH Webauthors
Page Modified: 03 Feb 2008 18:00 UTC
About Us
Career Opportunities
Glossary
Credits
Disclaimer
Privacy Policy