CXAK56 PAMC 170915
CF6MCG

PRELIMINARY LOCAL CLIMATOLOGICAL DATA (WS FORM: F-6)

                                          STATION:   MCGRATH
                                          MONTH:     09
                                          YEAR:      2014
                                          LATITUDE:   62 58 N                   
                                          LONGITUDE: 155 37 W                   

  TEMPERATURE IN F:       :PCPN:    SNOW:  WIND      :SUNSHINE: SKY     :PK WND 
================================================================================
1   2   3   4   5  6A  6B    7     8   9   10  11  12  13   14  15   16  17  18
                                      12Z  AVG MX 2MIN
DY MAX MIN AVG DEP HDD CDD  WTR   SNW DPTH SPD SPD DIR MIN PSBL S-S WX   SPD DR
================================================================================

 1  53  39  46  -5  19   0  0.17  0.0   0 14.1 32  210   M    M   M 18    46 210
 2  54  36  45  -5  20   0  0.28  0.0   0  4.8 20  210   M    M   M 1     24 210
 3  58  32  45  -5  20   0  0.00  0.0   0  1.9  9   70   M    M   M 1     11  50
 4  55  32  44  -6  21   0  0.00  0.0   0  6.2 15   30   M    M   M       19  10
 5  58  37  48  -1  17   0  0.00  0.0   0  5.6 14   30   M    M   M       19  30
 6  60  33  47  -2  18   0  0.00  0.0   0  3.7 13   20   M    M   M       16  20
 7  60  28  44  -5  21   0  0.00  0.0   0  3.1  9  120   M    M   M       12 110
 8  53  31  42  -6  23   0     T  0.0   0  1.4  7  250   M    M   M        9 250
 9  66  40  53   5  12   0  0.03  0.0   0  0.8  6  210   M    M   M 1      7 210
10  63  48  56   8   9   0  0.07  0.0   0  2.8 15  190   M    M   M 1     19 200
11  61  39  50   3  15   0     T  0.0   0  1.8  9   20   M    M   M 2     13  10
12  66  45  56   9   9   0  0.03  0.0   0  8.1 25  100   M    M   M       32 110
13  65  46  56  10   9   0  0.13  0.0   0  2.8 15  210   M    M   M 1     24 220
14  64  38  51   5  14   0  0.00  0.0   0  4.3 17  110   M    M   M       21 120
15  60  45  53   8  12   0     T  0.0   0  3.2  8  130   M    M   M       10 130
16  59  46  53   8  12   0  0.01  0.0   0  3.3 14  210   M    M   M 1     16 210
================================================================================
SM  955  615       251   0  0.72 0.0     67.9           M        M
================================================================================
AV 59.7 38.4                              4.2 FASTST  PSBL  %   M    MAX(MPH)
                                 MISC ---->     32  210                 46 210
================================================================================
NOTES:

COLUMN 17 PEAK WIND IN M.P.H.

PRELIMINARY LOCAL CLIMATOLOGICAL DATA (WS FORM: F-6) , PAGE 2

                                          STATION:   MCGRATH
                                          MONTH:     09
                                          YEAR:      2014
                                          LATITUDE:  62 58 N                   
                                          LONGITUDE: 155 37 W                   

[TEMPERATURE DATA]      [PRECIPITATION DATA]       SYMBOLS USED IN COLUMN 16    

AVERAGE MONTHLY:49.1   TOTAL FOR MONTH: 0.72       1 = FOG              
DPTR FM NORMAL:  1.1   DPTR FM NORMAL: -0.66       2 = FOG REDUCING VISIBILITY  
HIGHEST:    66 ON 12    GRTST 24HR   0.28 ON  2        TO 1/4 MILE OR LESS   
LOWEST:     28 ON  7                               3 = THUNDER                
                        SNOW, ICE PELLETS, HAIL    4 = ICE PELLETS              
                        TOTAL MONTH: 0.0         5 = HAIL                     
                        GRTST 24HR   0.0           6 = GLAZE OR RIME            
                        GRTST DEPTH:    0          7 = BLOWING DUST OR SAND:    
                                                       VSBY 1/2 MILE OR LESS    
                                                   8 = SMOKE OR HAZE            
[NO. OF DAYS WITH]      [WEATHER - DAYS WITH]      9 = BLOWING SNOW             
                                                   X = TORNADO                  
MAX 32 OR BELOW:   0    0.01 INCH OR MORE:   7                                  
MAX 70 OR ABOVE:   0    0.10 INCH OR MORE:   3                                  
MIN 32 OR BELOW:   4    0.50 INCH OR MORE:   0                                  
MIN  0 OR BELOW:   0    1.00 INCH OR MORE:   0                                  

[HDD (BASE 65) ]                                                                
TOTAL THIS MO.   251    CLEAR  (SCALE 0-3)   M                                  
DPTR FM NORMAL   -22    PTCLDY (SCALE 4-7)   M                                  
SEASONAL TOTAL   674    CLOUDY (SCALE 8-10)  M                                
DPTR FM NORMAL   -96                                                            

[CDD (BASE 65) ]                                                                
TOTAL THIS MO.     0                                                            
DPTR FM NORMAL     0    [PRESSURE DATA]                                         
SEASONAL TOTAL    11    HIGHEST SLP     M                                 
DPTR FM NORMAL    -5    LOWEST  SLP     M                                 

[REMARKS]



Alaska Region Headquarters
222 West 7th Avenue #23
Anchorage, AK 99513-7575
Voice: 1-907-271-5088
Fax: 1-907-271-3711
Recorded Forecast: 1-800-472-0391
Webmaster Email: ARH Webauthors
Page Modified: 03 Feb 2008 18:00 UTC
About Us
Career Opportunities
Glossary
Credits
Disclaimer
Privacy Policy