CXAK56 PAMC 010930
CF6MCG

PRELIMINARY LOCAL CLIMATOLOGICAL DATA (WS FORM: F-6)

                                          STATION:   MCGRATH
                                          MONTH:     10
                                          YEAR:      2014
                                          LATITUDE:   62 58 N                   
                                          LONGITUDE: 155 37 W                   

  TEMPERATURE IN F:       :PCPN:    SNOW:  WIND      :SUNSHINE: SKY     :PK WND 
================================================================================
1   2   3   4   5  6A  6B    7     8   9   10  11  12  13   14  15   16  17  18
                                      12Z  AVG MX 2MIN
DY MAX MIN AVG DEP HDD CDD  WTR   SNW DPTH SPD SPD DIR MIN PSBL S-S WX   SPD DR
================================================================================

 1  48  30  39   3  26   0  0.00  0.0   0  1.6  7  360   M    M   M        8  30
 2  48  29  39   3  26   0     T  0.0   0  5.2 15   20   M    M   M       21  10
 3  43  36  40   5  25   0     T  0.0   0 10.1 21   20   M    M   M       29  20
 4  38  31  35   1  30   0  0.00  0.0   0  9.8 15  340   M    M   M       20 330
 5  36  26  31  -2  34   0  0.00  0.0   0  6.6 16  350   M    M   M       19 350
 6  33  20  27  -6  38   0  0.00  0.0   0  4.6 13  360   M    M   M       16 350
 7  33  12  23  -9  42   0  0.00  0.0   0  5.8 12   30   M    M   M       16  30
 8  32  10  21 -10  44   0  0.00  0.0   0  7.5 17   40   M    M   M       20  40
 9  32  16  24  -7  41   0  0.00  0.0   0  9.3 18   30   M    M   M       25  50
10  30  24  27  -3  38   0     T    T   0  9.3 18   20   M    M   M       24  20
11  33  27  30   1  35   0  0.04  0.4   T  2.5  7   10   M    M   M        8 340
12  34  29  32   4  33   0     T    T   T  1.0  8  350   M    M   M 1     10 350
13  34  30  32   4  33   0     T    T   T  3.7  9  340   M    M   M       12 350
14  34  31  33   6  32   0     T    T   T  5.9 12  340   M    M   M       16 350
15  33  29  31   5  34   0  0.00  0.0   T  6.0 13   20   M    M   M       16  20
16  30  24  27   2  38   0  0.00  0.0   T  4.4 12   80   M    M   M       14  90
17  34  13  24   0  41   0  0.00  0.0   T  1.0  6  260   M    M   M        8  40
18  34  16  25   1  40   0  0.00  0.0   T  2.8  8   10   M    M   M       12 350
19  32  29  31   8  34   0     T    T   T  4.4 10   30   M    M   M       13  30
20  32  29  31   9  34   0  0.01  0.1   T  5.6 13   20   M    M   M       16  20
21  36  19  28   7  37   0  0.00  0.0   T  2.8 10   10   M    M   M       14  10
22  33  15  24   3  41   0  0.00  0.0   T  5.4 12  360   M    M   M       16  10
23  29  17  23   3  42   0  0.01  0.1   T  2.9  8  140   M    M   M 1     10 170
24  34  23  29  10  36   0  0.10  2.5   1  3.8 13  300   M    M   M 1     15 300
25  28  21  25   7  40   0  0.00  0.0   3  4.2 10  130   M    M   M 2     12 130
26  26  22  24   6  41   0  0.01  0.1   2  3.6 12  140   M    M   M 1     15 120
27  26  15  21   4  44   0  0.02  0.2   2  3.3  9  120   M    M   M 1     11 130
28  20   7  14  -2  51   0  0.00  0.0   2  1.1  7  280   M    M   M        8 280
29  16  -2   7  -8  58   0  0.00  0.0   2  0.9  8  280   M    M   M 1      9 280
30  15   2   9  -6  56   0     T    T   2  1.4  7   20   M    M   M 1      9  20
31  21   3  12  -2  53   0     T    T   2  5.4 17   90   M    M   M       22  90
================================================================================
SM  987  633      1197   0  0.19 3.4    141.9           M        M
================================================================================
AV 31.8 20.4                              4.6 FASTST  PSBL  %   M    MAX(MPH)
                                 MISC ---->     21   20                 29  20
================================================================================
NOTES:

COLUMN 17 PEAK WIND IN M.P.H.

PRELIMINARY LOCAL CLIMATOLOGICAL DATA (WS FORM: F-6) , PAGE 2

                                          STATION:   MCGRATH
                                          MONTH:     10
                                          YEAR:      2014
                                          LATITUDE:  62 58 N                   
                                          LONGITUDE: 155 37 W                   

[TEMPERATURE DATA]      [PRECIPITATION DATA]       SYMBOLS USED IN COLUMN 16    

AVERAGE MONTHLY:26.1   TOTAL FOR MONTH: 0.19       1 = FOG              
DPTR FM NORMAL:  0.9   DPTR FM NORMAL: -1.25       2 = FOG REDUCING VISIBILITY  
HIGHEST:    48 ON  2    GRTST 24HR   0.10 ON 24        TO 1/4 MILE OR LESS   
LOWEST:     -2 ON 29                               3 = THUNDER                
                        SNOW, ICE PELLETS, HAIL    4 = ICE PELLETS              
                        TOTAL MONTH: 3.4 INCHES  5 = HAIL                     
                        GRTST 24HR   2.5 ON 24     6 = GLAZE OR RIME            
                        GRTST DEPTH:    3 ON 25    7 = BLOWING DUST OR SAND:    
                                                       VSBY 1/2 MILE OR LESS    
                                                   8 = SMOKE OR HAZE            
[NO. OF DAYS WITH]      [WEATHER - DAYS WITH]      9 = BLOWING SNOW             
                                                   X = TORNADO                  
MAX 32 OR BELOW:  14    0.01 INCH OR MORE:   6                                  
MAX 70 OR ABOVE:   0    0.10 INCH OR MORE:   1                                  
MIN 32 OR BELOW:  30    0.50 INCH OR MORE:   0                                  
MIN  0 OR BELOW:   1    1.00 INCH OR MORE:   0                                  

[HDD (BASE 65) ]                                                                
TOTAL THIS MO.  1197    CLEAR  (SCALE 0-3)   M                                  
DPTR FM NORMAL   -41    PTCLDY (SCALE 4-7)   M                                  
SEASONAL TOTAL  2188    CLOUDY (SCALE 8-10)  M                                
DPTR FM NORMAL  -160                                                            

[CDD (BASE 65) ]                                                                
TOTAL THIS MO.     0                                                            
DPTR FM NORMAL     0    [PRESSURE DATA]                                         
SEASONAL TOTAL    11    HIGHEST SLP     M                                 
DPTR FM NORMAL    -5    LOWEST  SLP     M                                 

[REMARKS]



Alaska Region Headquarters
222 West 7th Avenue #23
Anchorage, AK 99513-7575
Voice: 1-907-271-5088
Fax: 1-907-271-3711
Recorded Forecast: 1-800-472-0391
Webmaster Email: ARH Webauthors
Page Modified: 03 Feb 2008 18:00 UTC
About Us
Career Opportunities
Glossary
Credits
Disclaimer
Privacy Policy