CXAK56 PAKN 260912
CF6AKN

PRELIMINARY LOCAL CLIMATOLOGICAL DATA (WS FORM: F-6)

                                          STATION:   KING SALMON
                                          MONTH:     07
                                          YEAR:      2014
                                          LATITUDE:   58 41 N                   
                                          LONGITUDE: 156 39 W                   

  TEMPERATURE IN F:       :PCPN:    SNOW:  WIND      :SUNSHINE: SKY     :PK WND 
================================================================================
1   2   3   4   5  6A  6B    7     8   9   10  11  12  13   14  15   16  17  18
                                      12Z  AVG MX 2MIN
DY MAX MIN AVG DEP HDD CDD  WTR   SNW DPTH SPD SPD DIR MIN PSBL S-S WX   SPD DR
================================================================================

 1  70  40  55   0  10   0  0.00  0.0   0  3.5 16  260   M    M   M 12    18 270
 2  72  43  58   3   7   0  0.00  0.0   0  4.9 15  290   M    M   M 12    20 310
 3  75  43  59   4   6   0  0.00  0.0   0  4.1 14  290   M    M   M 1     17 280
 4  73  44  59   4   6   0  0.00  0.0   0  7.3 18  280   M    M   M       22 280
 5  74  46  60   5   5   0  0.00  0.0   0  5.5 12  270   M    M   M 12    15 280
 6  66  47  57   2   8   0  0.08  0.0   0  4.8 10  250   M    M   M 1     18 330
 7  64  52  58   3   7   0  0.31  0.0   0  5.7 22  170   M    M   M 1     25 180
 8  63  52  58   3   7   0  0.24  0.0   0  7.2 22  170   M    M   M 1     26 170
 9  63  53  58   3   7   0  0.08  0.0   0  7.9 20  170   M    M   M 1     25 170
10  59  50  55  -1  10   0  0.25  0.0   0  9.9 18   30   M    M   M 1     23  20
11  61  49  55  -1  10   0  0.38  0.0   0  8.7 18  200   M    M   M 12    23 210
12  64  47  56   0   9   0  0.04  0.0   0  6.8 18  160   M    M   M       23 160
13  67  44  56   0   9   0  0.03  0.0   0  7.3 18  200   M    M   M       22 210
14  65  48  57   1   8   0     T  0.0   0  4.9 15  180   M    M   M       20 170
15  68  50  59   3   6   0  0.00  0.0   0  4.5 14  280   M    M   M       16 260
16  69  52  61   5   4   0  0.00  0.0   0  6.8 16  270   M    M   M       22 260
17  73  36  55  -1  10   0  0.00  0.0   0  4.5 14  290   M    M   M 1     18 300
18  63  48  56   0   9   0  0.13  0.0   0 10.5 21  250   M    M   M 1     26 240
19  61  50  56   0   9   0  0.24  0.0   0 11.4 22  260   M    M   M 1     29 270
20  68  50  59   3   6   0     T  0.0   0 10.2 18  350   M    M   M       24 360
21  69  46  58   2   7   0  0.00  0.0   0  5.2 14  280   M    M   M 18    17 270
22  62  47  55  -1  10   0  0.07  0.0   0  8.1 17  230   M    M   M 12    23 250
23  64  52  58   2   7   0  0.08  0.0   0  9.4 20  250   M    M   M 1     24 260
24  60  51  56   0   9   0  0.22  0.0   0  6.3 15  190   M    M   M 1     17 180
25  65  49  57   1   8   0  0.05  0.0   0 10.3 21  360   M    M   M 1     26 350
================================================================================
SM 1658 1189       194   0  2.20 0.0    175.7           M        M
================================================================================
AV 66.3 47.6                              7.0 FASTST  PSBL  %   M    MAX(MPH)
                                 MISC ---->  #  22  260                 29 270
================================================================================
NOTES:

COLUMN 17 PEAK WIND IN M.P.H.

PRELIMINARY LOCAL CLIMATOLOGICAL DATA (WS FORM: F-6) , PAGE 2

                                          STATION:   KING SALMON
                                          MONTH:     07
                                          YEAR:      2014
                                          LATITUDE:  58 41 N                   
                                          LONGITUDE: 156 39 W                   

[TEMPERATURE DATA]      [PRECIPITATION DATA]       SYMBOLS USED IN COLUMN 16    

AVERAGE MONTHLY:56.9   TOTAL FOR MONTH: 2.20       1 = FOG              
DPTR FM NORMAL:  1.3   DPTR FM NORMAL: 0.41       2 = FOG REDUCING VISIBILITY  
HIGHEST:    75 ON  3    GRTST 24HR   0.38 ON 11        TO 1/4 MILE OR LESS   
LOWEST:     36 ON 17                               3 = THUNDER                
                        SNOW, ICE PELLETS, HAIL    4 = ICE PELLETS              
                        TOTAL MONTH: 0.0         5 = HAIL                     
                        GRTST 24HR   0.0           6 = GLAZE OR RIME            
                        GRTST DEPTH:    0          7 = BLOWING DUST OR SAND:    
                                                       VSBY 1/2 MILE OR LESS    
                                                   8 = SMOKE OR HAZE            
[NO. OF DAYS WITH]      [WEATHER - DAYS WITH]      9 = BLOWING SNOW             
                                                   X = TORNADO                  
MAX 32 OR BELOW:   0    0.01 INCH OR MORE:  14                                  
MAX 70 OR ABOVE:   6    0.10 INCH OR MORE:   7                                  
MIN 32 OR BELOW:   0    0.50 INCH OR MORE:   0                                  
MIN  0 OR BELOW:   0    1.00 INCH OR MORE:   0                                  

[HDD (BASE 65) ]                                                                
TOTAL THIS MO.   194    CLEAR  (SCALE 0-3)   M                                  
DPTR FM NORMAL   -42    PTCLDY (SCALE 4-7)   M                                  
SEASONAL TOTAL   194    CLOUDY (SCALE 8-10)  M                                
DPTR FM NORMAL   -42                                                            

[CDD (BASE 65) ]                                                                
TOTAL THIS MO.     0                                                            
DPTR FM NORMAL     0    [PRESSURE DATA]                                         
SEASONAL TOTAL     0    HIGHEST SLP     M                                 
DPTR FM NORMAL     0    LOWEST  SLP     M                                 

[REMARKS]



Alaska Region Headquarters
222 West 7th Avenue #23
Anchorage, AK 99513-7575
Voice: 1-907-271-5088
Fax: 1-907-271-3711
Recorded Forecast: 1-800-472-0391
Webmaster Email: ARH Webauthors
Page Modified: 03 Feb 2008 18:00 UTC
About Us
Career Opportunities
Glossary
Credits
Disclaimer
Privacy Policy