CXAK56 PAKN 281107
CF6AKN

PRELIMINARY LOCAL CLIMATOLOGICAL DATA (WS FORM: F-6)

                                          STATION:   KING SALMON
                                          MONTH:     08
                                          YEAR:      2015
                                          LATITUDE:   58 41 N                   
                                          LONGITUDE: 156 39 W                   

  TEMPERATURE IN F:       :PCPN:    SNOW:  WIND      :SUNSHINE: SKY     :PK WND 
================================================================================
1   2   3   4   5  6A  6B    7     8   9   10  11  12  13   14  15   16  17  18
                                      12Z  AVG MX 2MIN
DY MAX MIN AVG DEP HDD CDD  WTR   SNW DPTH SPD SPD DIR MIN PSBL S-S WX   SPD DR
================================================================================

 1  76  51  64   8   1   0  0.00  0.0   0  5.7 16  260   M    M   M 12    20 280
 2  76  51  64   8   1   0     T  0.0   0  5.1 12  300   M    M   M 12    14 300
 3  81  49  65   9   0   0  0.00  0.0   0  4.4 15  100   M    M   M 12    19  90
 4  71  48  60   4   5   0  0.05  0.0   0  6.2 15  100   M    M   M       21  70
 5  74  51  63   7   2   0  0.04  0.0   0  3.9 10  160   M    M   M 12    14  90
 6  66  52  59   3   6   0     T  0.0   0  9.5 14  200   M    M   M 1     18 190
 7  58  51  55   0  10   0  0.01  0.0   0  8.9 15  190   M    M   M 1     18 200
 8  57  49  53  -2  12   0  0.18  0.0   0  5.8 14  170   M    M   M 1     18 170
 9  60  52  56   1   9   0  0.10  0.0   0 16.4 28  240   M    M   M 1     37 240
10  62  43  53  -2  12   0  0.01  0.0   0  8.7 16  330   M    M   M 1     21 340
11  65  36  51  -4  14   0  0.00  0.0   0  9.4 18  250   M    M   M       23 260
12  60  52  56   1   9   0  0.01  0.0   0  7.8 15  240   M    M   M 1     19 240
13  59  48  54  -1  11   0  0.32  0.0   0  7.2 13  240   M    M   M 2     17 220
14  60  47  54  -1  11   0  0.16  0.0   0  6.7 18  170   M    M   M 1     24 180
15  63  50  57   2   8   0  0.17  0.0   0  7.0 14  170   M    M   M 18    18 160
16  59  53  56   1   9   0  0.25  0.0   0  9.3 15  180   M    M   M 1     18 160
17  65  53  59   4   6   0  0.05  0.0   0  7.1 18  260   M    M   M 1     24 270
18  67  51  59   4   6   0  0.00  0.0   0 12.1 23  270   M    M   M       29 270
19  65  42  54  -1  11   0  0.00  0.0   0  7.8 15   10   M    M   M       23 330
20  65  36  51  -3  14   0  0.00  0.0   0  4.6 12  360   M    M   M 1     16 360
21  69  49  59   5   6   0  0.00  0.0   0 11.9 25  320   M    M   M       34 330
22  65  47  56   2   9   0  0.00  0.0   0  9.7 18  330   M    M   M       25 330
23  64  50  57   3   8   0     T  0.0   0  5.6 13   10   M    M   M       17 310
24  68  41  55   1  10   0  0.00  0.0   0  6.6 17  240   M    M   M 2     21 240
25  55  51  53  -1  12   0  0.02  0.0   0  9.9 15  220   M    M   M 1     19 220
26  58  52  55   1  10   0  0.05  0.0   0 15.1 25  250   M    M   M 1     32 240
27  64  48  56   3   9   0  0.00  0.0   0 16.0 25  270   M    M   M       34 250
================================================================================
SM 1752 1303       221   0  1.42 0.0    228.4           M        M
================================================================================
AV 64.9 48.3                              8.5 FASTST  PSBL  %   M    MAX(MPH)
                                 MISC ---->     28  240                 37 240
================================================================================
NOTES:

COLUMN 17 PEAK WIND IN M.P.H.

PRELIMINARY LOCAL CLIMATOLOGICAL DATA (WS FORM: F-6) , PAGE 2

                                          STATION:   KING SALMON
                                          MONTH:     08
                                          YEAR:      2015
                                          LATITUDE:  58 41 N                   
                                          LONGITUDE: 156 39 W                   

[TEMPERATURE DATA]      [PRECIPITATION DATA]       SYMBOLS USED IN COLUMN 16    

AVERAGE MONTHLY:56.6   TOTAL FOR MONTH: 1.42       1 = FOG              
DPTR FM NORMAL:  1.7   DPTR FM NORMAL: -1.13       2 = FOG REDUCING VISIBILITY  
HIGHEST:    81 ON  3    GRTST 24HR   0.32 ON 13        TO 1/4 MILE OR LESS   
LOWEST:     36 ON 20                               3 = THUNDER                
                        SNOW, ICE PELLETS, HAIL    4 = ICE PELLETS              
                        TOTAL MONTH: 0.0         5 = HAIL                     
                        GRTST 24HR   0.0           6 = GLAZE OR RIME            
                        GRTST DEPTH:    0          7 = BLOWING DUST OR SAND:    
                                                       VSBY 1/2 MILE OR LESS    
                                                   8 = SMOKE OR HAZE            
[NO. OF DAYS WITH]      [WEATHER - DAYS WITH]      9 = BLOWING SNOW             
                                                   X = TORNADO                  
MAX 32 OR BELOW:   0    0.01 INCH OR MORE:  14                                  
MAX 70 OR ABOVE:   5    0.10 INCH OR MORE:   6                                  
MIN 32 OR BELOW:   0    0.50 INCH OR MORE:   0                                  
MIN  0 OR BELOW:   0    1.00 INCH OR MORE:   0                                  

[HDD (BASE 65) ]                                                                
TOTAL THIS MO.   221    CLEAR  (SCALE 0-3)   M                                  
DPTR FM NORMAL   -53    PTCLDY (SCALE 4-7)   M                                  
SEASONAL TOTAL   451    CLOUDY (SCALE 8-10)  M                                
DPTR FM NORMAL  -113                                                            

[CDD (BASE 65) ]                                                                
TOTAL THIS MO.     0                                                            
DPTR FM NORMAL     0    [PRESSURE DATA]                                         
SEASONAL TOTAL     2    HIGHEST SLP     M                                 
DPTR FM NORMAL     2    LOWEST  SLP     M                                 

[REMARKS]



Alaska Region Headquarters
222 West 7th Avenue #23
Anchorage, AK 99513-7575
Voice: 1-907-271-5088
Fax: 1-907-271-3711
Recorded Forecast: 1-800-472-0391
Webmaster Email: ARH Webauthors
Page Modified: 03 Feb 2008 18:00 UTC
About Us
Career Opportunities
Glossary
Credits
Disclaimer
Privacy Policy