CXAK56 PAKN 010920
CF6AKN

PRELIMINARY LOCAL CLIMATOLOGICAL DATA (WS FORM: F-6)

                                          STATION:   KING SALMON
                                          MONTH:     06
                                          YEAR:      2016
                                          LATITUDE:   58 41 N                   
                                          LONGITUDE: 156 39 W                   

  TEMPERATURE IN F:       :PCPN:    SNOW:  WIND      :SUNSHINE: SKY     :PK WND 
================================================================================
1   2   3   4   5  6A  6B    7     8   9   10  11  12  13   14  15   16  17  18
                                      12Z  AVG MX 2MIN
DY MAX MIN AVG DEP HDD CDD  WTR   SNW DPTH SPD SPD DIR MIN PSBL S-S WX   SPD DR
================================================================================

 1  66  48  57   9   8   0  0.01  0.0   0 11.9 26   90   M    M   M       32  80
 2  67  50  59  11   6   0  0.15  0.0   0  5.8 18  170   M    M   M 1     22 170
 3  62  49  56   7   9   0  0.15  0.0   0  6.5 12  150   M    M   M 1     14 120
 4  63  49  56   7   9   0  0.22  0.0   0  3.6 10  210   M    M   M 1     14 240
 5  63  46  55   6  10   0  0.05  0.0   0  6.3 14  180   M    M   M 1     18 180
 6  65  45  55   6  10   0  0.23  0.0   0 10.5 22  110   M    M   M 3     28 290
 7  67  46  57   7   8   0     T  0.0   0  5.5 17  120   M    M   M       24 100
 8  70  42  56   6   9   0  0.00  0.0   0  6.8 16  270   M    M   M       21 270
 9  60  35  48  -2  17   0  0.11  0.0   0 11.6 29  180   M    M   M 1     34 170
10  58  48  53   3  12   0  0.17  0.0   0  6.9 17  160   M    M   M 1     22 180
11  59  46  53   2  12   0  0.35  0.0   0  9.1 18  180   M    M   M 1     25 180
12  63  39  51   0  14   0  0.03  0.0   0  9.7 23  260   M    M   M       29 260
13  65  49  57   6   8   0     T  0.0   0  8.1 15  350   M    M   M       24 280
14  66  42  54   3  11   0  0.00  0.0   0  8.9 18  340   M    M   M       22 350
15  75  39  57   6   8   0  0.00  0.0   0  6.4 16  300   M    M   M 1     24 320
16  75  41  58   6   7   0     T  0.0   0  9.5 24  170   M    M   M 2     32 160
17  58  52  55   3  10   0  0.24  0.0   0  8.1 17  180   M    M   M 1     26 180
18  65  50  58   6   7   0  0.33  0.0   0 12.7 32  160   M    M   M 1     40 160
19  59  49  54   2  11   0  0.06  0.0   0 14.9 31  170   M    M   M 1     38 160
20  57  45  51  -2  14   0  0.12  0.0   0  8.8 14  230   M    M   M 18    18 190
21  72  42  57   4   8   0  0.00  0.0   0  6.4 16  270   M    M   M 1     19 270
22  71  44  58   5   7   0  0.01  0.0   0  8.1 16  220   M    M   M 2     24 220
23  58  50  54   1  11   0  0.04  0.0   0  6.8 14  240   M    M   M 1     17 250
24  61  49  55   2  10   0  0.01  0.0   0  5.7 10  290   M    M   M       13 290
25  72  48  60   6   5   0  0.00  0.0   0  7.3 15   50   M    M   M       20  50
26  71  42  57   3   8   0     T  0.0   0  5.8 14  170   M    M   M       18 150
27  73  51  62   8   3   0     T  0.0   0  6.4 16  110   M    M   M 2     21 110
28  72  50  61   7   4   0  0.00  0.0   0  5.8 15  190   M    M   M       24 110
29  71  46  59   5   6   0  0.00  0.0   0  8.9 26  100   M    M   M       33 110
30  72  40  56   2   9   0  0.00  0.0   0  4.8 15  270   M    M   M 12    18 270
================================================================================
SM 1976 1372       271   0  2.28 0.0    237.6           M        M
================================================================================
AV 65.9 45.7                              7.9 FASTST  PSBL  %   M    MAX(MPH)
                                 MISC ---->     32  160                 40 160
================================================================================
NOTES:

COLUMN 17 PEAK WIND IN M.P.H.

PRELIMINARY LOCAL CLIMATOLOGICAL DATA (WS FORM: F-6) , PAGE 2

                                          STATION:   KING SALMON
                                          MONTH:     06
                                          YEAR:      2016
                                          LATITUDE:  58 41 N                   
                                          LONGITUDE: 156 39 W                   

[TEMPERATURE DATA]      [PRECIPITATION DATA]       SYMBOLS USED IN COLUMN 16    

AVERAGE MONTHLY:55.8   TOTAL FOR MONTH: 2.28       1 = FOG              
DPTR FM NORMAL:  4.3   DPTR FM NORMAL: 0.63       2 = FOG REDUCING VISIBILITY  
HIGHEST:    75 ON 16    GRTST 24HR   0.35 ON 11        TO 1/4 MILE OR LESS   
LOWEST:     35 ON  9                               3 = THUNDER                
                        SNOW, ICE PELLETS, HAIL    4 = ICE PELLETS              
                        TOTAL MONTH: 0.0         5 = HAIL                     
                        GRTST 24HR   0.0           6 = GLAZE OR RIME            
                        GRTST DEPTH:    0          7 = BLOWING DUST OR SAND:    
                                                       VSBY 1/2 MILE OR LESS    
                                                   8 = SMOKE OR HAZE            
[NO. OF DAYS WITH]      [WEATHER - DAYS WITH]      9 = BLOWING SNOW             
                                                   X = TORNADO                  
MAX 32 OR BELOW:   0    0.01 INCH OR MORE:  17                                  
MAX 70 OR ABOVE:  11    0.10 INCH OR MORE:  10                                  
MIN 32 OR BELOW:   0    0.50 INCH OR MORE:   0                                  
MIN  0 OR BELOW:   0    1.00 INCH OR MORE:   0                                  

[HDD (BASE 65) ]                                                                
TOTAL THIS MO.   271    CLEAR  (SCALE 0-3)   M                                  
DPTR FM NORMAL  -136    PTCLDY (SCALE 4-7)   M                                  
SEASONAL TOTAL  8325    CLOUDY (SCALE 8-10)  M                                
DPTR FM NORMAL -2551                                                            

[CDD (BASE 65) ]                                                                
TOTAL THIS MO.     0                                                            
DPTR FM NORMAL     0    [PRESSURE DATA]                                         
SEASONAL TOTAL     0    HIGHEST SLP     M                                 
DPTR FM NORMAL     0    LOWEST  SLP     M                                 

[REMARKS]


Alaska Region Headquarters
222 West 7th Avenue #23
Anchorage, AK 99513-7575
Voice: 1-907-271-5088
Fax: 1-907-271-3711
Recorded Forecast: 1-800-472-0391
Webmaster Email: ARH Webauthors
Page Modified: 03 Feb 2008 18:00 UTC
About Us
Career Opportunities
Glossary
Credits
Disclaimer
Privacy Policy