CXAK56 PAKN 221130
CF6AKN

PRELIMINARY LOCAL CLIMATOLOGICAL DATA (WS FORM: F-6)

                                          STATION:   KING SALMON
                                          MONTH:     05
                                          YEAR:      2015
                                          LATITUDE:   58 41 N                   
                                          LONGITUDE: 156 39 W                   

  TEMPERATURE IN F:       :PCPN:    SNOW:  WIND      :SUNSHINE: SKY     :PK WND 
================================================================================
1   2   3   4   5  6A  6B    7     8   9   10  11  12  13   14  15   16  17  18
                                      12Z  AVG MX 2MIN
DY MAX MIN AVG DEP HDD CDD  WTR   SNW DPTH SPD SPD DIR MIN PSBL S-S WX   SPD DR
================================================================================

 1  50  35  43   3  22   0     T  0.0   0  5.6 13  290   M    M   M       17 290
 2  53  31  42   2  23   0  0.09  0.0   0  5.8 17   90   M    M   M 1     22  80
 3  48  37  43   3  22   0  0.61  0.0   0  2.6  8  150   M    M   M 1     10 120
 4  51  34  43   2  22   0  0.06  0.0   0  6.9 18  160   M    M   M 2     24 150
 5  52  39  46   5  19   0  0.08  0.0   0  6.5 14   90   M    M   M 1     16  70
 6  52  38  45   4  20   0     T  0.0   0 14.2 26   90   M    M   M       36 100
 7  54  39  47   5  18   0  0.01  0.0   0 10.6 24  170   M    M   M       29 170
 8  55  38  47   5  18   0  0.20  0.0   0  7.2 21   10   M    M   M 12    27  20
 9  59  36  48   6  17   0     T  0.0   0  9.6 20  100   M    M   M       29 110
10  57  38  48   5  17   0  0.00  0.0   0 15.9 29   90   M    M   M       36 100
11  54  32  43   0  22   0  0.00  0.0   0  9.0 20  210   M    M   M       24 210
12  58  38  48   5  17   0  0.00  0.0   0  7.0 16  180   M    M   M       20 200
13  51  44  48   4  17   0  0.54  0.0   0 13.7 37  160   M    M   M 1     44 160
14  52  43  48   4  17   0  0.55  0.0   0  6.0 13  100   M    M   M 1     17 120
15  52  40  46   2  19   0  0.18  0.0   0 13.9 29  100   M    M   M 1     40 110
16  50  38  44   0  21   0     T  0.0   0 19.5 33  150   M    M   M       44 170
17  55  45  50   5  15   0  0.22  0.0   0 13.7 32  160   M    M   M 1     38 150
18  54  44  49   4  16   0  0.07  0.0   0 12.7 21  150   M    M   M       26 150
19  59  42  51   6  14   0  0.02  0.0   0  9.4 22  160   M    M   M       28 160
20  53  45  49   4  16   0  0.03  0.0   0 14.2 29  150   M    M   M       38 140
21  58  43  51   5  14   0  0.03  0.0   0  3.5 10  190   M    M   M       14 210
================================================================================
SM 1127  819       386   0  2.69 0.0    207.5           M        M
================================================================================
AV 53.7 39.0                              9.9 FASTST  PSBL  %   M    MAX(MPH)
                                 MISC ---->     37  160               # 44 170
================================================================================
NOTES:

COLUMN 17 PEAK WIND IN M.P.H.

PRELIMINARY LOCAL CLIMATOLOGICAL DATA (WS FORM: F-6) , PAGE 2

                                          STATION:   KING SALMON
                                          MONTH:     05
                                          YEAR:      2015
                                          LATITUDE:  58 41 N                   
                                          LONGITUDE: 156 39 W                   

[TEMPERATURE DATA]      [PRECIPITATION DATA]       SYMBOLS USED IN COLUMN 16    

AVERAGE MONTHLY:46.3   TOTAL FOR MONTH: 2.69       1 = FOG              
DPTR FM NORMAL:  3.4   DPTR FM NORMAL: 1.89       2 = FOG REDUCING VISIBILITY  
HIGHEST:    59 ON 19    GRTST 24HR   0.61 ON  3        TO 1/4 MILE OR LESS   
LOWEST:     31 ON  2                               3 = THUNDER                
                        SNOW, ICE PELLETS, HAIL    4 = ICE PELLETS              
                        TOTAL MONTH: 0.0         5 = HAIL                     
                        GRTST 24HR   0.0           6 = GLAZE OR RIME            
                        GRTST DEPTH:    0          7 = BLOWING DUST OR SAND:    
                                                       VSBY 1/2 MILE OR LESS    
                                                   8 = SMOKE OR HAZE            
[NO. OF DAYS WITH]      [WEATHER - DAYS WITH]      9 = BLOWING SNOW             
                                                   X = TORNADO                  
MAX 32 OR BELOW:   0    0.01 INCH OR MORE:  14                                  
MAX 70 OR ABOVE:   0    0.10 INCH OR MORE:   6                                  
MIN 32 OR BELOW:   2    0.50 INCH OR MORE:   3                                  
MIN  0 OR BELOW:   0    1.00 INCH OR MORE:   0                                  

[HDD (BASE 65) ]                                                                
TOTAL THIS MO.   386    CLEAR  (SCALE 0-3)   M                                  
DPTR FM NORMAL   -79    PTCLDY (SCALE 4-7)   M                                  
SEASONAL TOTAL  8508    CLOUDY (SCALE 8-10)  M                                
DPTR FM NORMAL -1780                                                            

[CDD (BASE 65) ]                                                                
TOTAL THIS MO.     0                                                            
DPTR FM NORMAL     0    [PRESSURE DATA]                                         
SEASONAL TOTAL     0    HIGHEST SLP     M                                 
DPTR FM NORMAL     0    LOWEST  SLP     M                                 

[REMARKS]



Alaska Region Headquarters
222 West 7th Avenue #23
Anchorage, AK 99513-7575
Voice: 1-907-271-5088
Fax: 1-907-271-3711
Recorded Forecast: 1-800-472-0391
Webmaster Email: ARH Webauthors
Page Modified: 03 Feb 2008 18:00 UTC
About Us
Career Opportunities
Glossary
Credits
Disclaimer
Privacy Policy