CXAK56 PADQ 011141
CF6ADQ

PRELIMINARY LOCAL CLIMATOLOGICAL DATA (WS FORM: F-6)

                                          STATION:   KODIAK
                                          MONTH:     08
                                          YEAR:      2014
                                          LATITUDE:   57 45 N                   
                                          LONGITUDE: 152 30 W                   

  TEMPERATURE IN F:       :PCPN:    SNOW:  WIND      :SUNSHINE: SKY     :PK WND 
================================================================================
1   2   3   4   5  6A  6B    7     8   9   10  11  12  13   14  15   16  17  18
                                      12Z  AVG MX 2MIN
DY MAX MIN AVG DEP HDD CDD  WTR   SNW DPTH SPD SPD DIR MIN PSBL S-S WX   SPD DR
================================================================================

 1  62  49  56   0   9   0  0.00  0.0   0  3.9  9  110   M    M   M 1    26 330
 2  65  54  60   4   5   0  0.29  0.0   0  9.3 16   40   M    M   M 1    22  30
 3  62  54  58   2   7   0  0.20  0.0   0  9.6 17  350   M    M   M 1    25 360
 4  65  54  60   4   5   0  0.15  0.0   0  8.5 17  290   M    M   M 1    24 280
 5  58  54  56   0   9   0  0.34  0.0   0  8.4 21  290   M    M   M 1    26 310
 6  62  55  59   3   6   0  0.01  0.0   0  4.9 10  290   M    M   M 1    16 310
 7  58  55  57   1   8   0  0.53  0.0   0 11.9 25  100   M    M   M 1    31 100
 8  57  55  56   0   9   0  0.26  0.0   0  9.5 13   60   M    M   M 18   16  60
 9  59  55  57   1   8   0  0.55  0.0   0  7.9 14   40   M    M   M 12   15  30
10  59  55  57   1   8   0  1.53  0.0   0  9.9 21  360   M    M   M 12   28  10
11  58  54  56   0   9   0  0.31  0.0   0  7.3 21   30   M    M   M 1    26  20
12  63  54  59   3   6   0  0.62  0.0   0 11.1 18   90   M    M   M 1    23  90
13  62  54  58   2   7   0  0.02  0.0   0  7.6 13  100   M    M   M 1    15  90
14  61  54  58   2   7   0  0.12  0.0   0  6.4 13  110   M    M   M 1    15 110
15  64  51  58   2   7   0  0.22  0.0   0  9.2 29  100   M    M   M 18   36  90
16  63  54  59   4   6   0  0.31  0.0   0 11.8 18  160   M    M   M 18   23 140
17  69  48  59   4   6   0  0.02  0.0   0  5.6 18  280   M    M   M 1    22 250
18  69  50  60   5   5   0  0.00  0.0   0  9.0 22  260   M    M   M      29 280
19  62  47  55   0  10   0  0.00  0.0   0  4.7  9  280   M    M   M      10 270
20  58  46  52  -3  13   0  0.00  0.0   0  3.0  8  260   M    M   M 18    9  70
21  61  48  55   0  10   0  0.00  0.0   0  2.3  9  310   M    M   M      12 310
22  64  50  57   2   8   0  0.00  0.0   0  3.5 10  110   M    M   M      13 130
23  56  48  52  -3  13   0  0.64  0.0   0 11.2 26   90   M    M   M 1    30  80
24  65  53  59   4   6   0  0.20  0.0   0  5.4 14  210   M    M   M 1    18 190
25  63  50  57   2   8   0     T  0.0   0  4.3 14  270   M    M   M      17 290
26  63  46  55   1  10   0  0.00  0.0   0  3.9  9   70   M    M   M      14 360
27  57  48  53  -1  12   0  0.57  0.0   0  6.7 23   90   M    M   M 1    28  90
28  59  49  54   0  11   0  0.01  0.0   0  9.1 18  300   M    M   M 18   29 290
29  66  48  57   3   8   0  0.00  0.0   0  6.5 18  290   M    M   M 8    26 280
30  56  45  51  -3  14   0  0.00  0.0   0  2.4  9  290   M    M   M      12 270
31  63  45  54   0  11   0  0.00  0.0   0  7.3 15  290   M    M   M      20 330
================================================================================
SM 1909 1582       261   0  6.90  0.0    222.1           M        M
================================================================================
AV 61.6 51.0                              7.2 FASTST  PSBL  %   M    MAX(MPH)
                                 MISC ---->     29  100                 36  90
================================================================================
NOTES:

COLUMN 17 PEAK WIND IN M.P.H.

PRELIMINARY LOCAL CLIMATOLOGICAL DATA (WS FORM: F-6) , PAGE 2

                                          STATION:   KODIAK
                                          MONTH:     08
                                          YEAR:      2014
                                          LATITUDE:  57 45 N                   
                                          LONGITUDE: 152 30 W                   

[TEMPERATURE DATA]      [PRECIPITATION DATA]       SYMBOLS USED IN COLUMN 16    

AVERAGE MONTHLY:56.3   TOTAL FOR MONTH: 6.90       1 = FOG              
DPTR FM NORMAL:  1.0   DPTR FM NORMAL: 2.34       2 = FOG REDUCING VISIBILITY  
HIGHEST:    69 ON 18    GRTST 24HR   1.53 ON 10        TO 1/4 MILE OR LESS   
LOWEST:     45 ON 31                               3 = THUNDER                
                        SNOW, ICE PELLETS, HAIL    4 = ICE PELLETS              
                        TOTAL MONTH:  0.0         5 = HAIL                     
                        GRTST 24HR   0.0           6 = GLAZE OR RIME            
                        GRTST DEPTH:    0          7 = BLOWING DUST OR SAND:    
                                                       VSBY 1/2 MILE OR LESS    
                                                   8 = SMOKE OR HAZE            
[NO. OF DAYS WITH]      [WEATHER - DAYS WITH]      9 = BLOWING SNOW             
                                                   X = TORNADO                  
MAX 32 OR BELOW:   0    0.01 INCH OR MORE:  20                                  
MAX 70 OR ABOVE:   0    0.10 INCH OR MORE:  16                                  
MIN 32 OR BELOW:   0    0.50 INCH OR MORE:   6                                  
MIN  0 OR BELOW:   0    1.00 INCH OR MORE:   1                                  

[HDD (BASE 65) ]                                                                
TOTAL THIS MO.   261    CLEAR  (SCALE 0-3)   M                                  
DPTR FM NORMAL   -43    PTCLDY (SCALE 4-7)   M                                  
SEASONAL TOTAL   501    CLOUDY (SCALE 8-10)  M                                
DPTR FM NORMAL  -129                                                            

[CDD (BASE 65) ]                                                                
TOTAL THIS MO.     0                                                            
DPTR FM NORMAL     0    [PRESSURE DATA]                                         
SEASONAL TOTAL     4    HIGHEST SLP     M                                 
DPTR FM NORMAL     4    LOWEST  SLP     M                                 

[REMARKS]

Alaska Region Headquarters
222 West 7th Avenue #23
Anchorage, AK 99513-7575
Voice: 1-907-271-5088
Fax: 1-907-271-3711
Recorded Forecast: 1-800-472-0391
Webmaster Email: ARH Webauthors
Page Modified: 03 Feb 2008 18:00 UTC
About Us
Career Opportunities
Glossary
Credits
Disclaimer
Privacy Policy