CXAK56 PADQ 241306
CF6ADQ

PRELIMINARY LOCAL CLIMATOLOGICAL DATA (WS FORM: F-6)

                                          STATION:   KODIAK
                                          MONTH:     05
                                          YEAR:      2016
                                          LATITUDE:   57 45 N                   
                                          LONGITUDE: 152 30 W                   

  TEMPERATURE IN F:       :PCPN:    SNOW:  WIND      :SUNSHINE: SKY     :PK WND 
================================================================================
1   2   3   4   5  6A  6B    7     8   9   10  11  12  13   14  15   16  17  18
                                      12Z  AVG MX 2MIN
DY MAX MIN AVG DEP HDD CDD  WTR   SNW DPTH SPD SPD DIR MIN PSBL S-S WX   SPD DR
================================================================================

 1  47  41  44   3  21   0  0.58  0.0   0  6.0 13  290   M    M   M 1     15 280
 2  47  39  43   1  22   0  0.51  0.0   0  6.6 15   40   M    M   M 1     17 280
 3  49  38  44   2  21   0  0.22  0.0   0  9.3 22   80   M    M   M 1     26  80
 4  49  37  43   1  22   0  0.11  0.0   0  5.1 15   60   M    M   M 1     19  30
 5  47  41  44   2  21   0  0.79  0.0   0 17.9 32   60   M    M   M 1     40  40
 6  48  41  45   3  20   0  0.02  0.0   0  5.2 13   80   M    M   M 1     15  90
 7  53  37  45   2  20   0     T  0.0   0  5.8 14  300   M    M   M       18 290
 8  48  45  47   4  18   0     T  0.0   0  9.2 21  190   M    M   M       24 190
 9  53  44  49   6  16   0  0.00  0.0   0  9.9 18  190   M    M   M       21 190
10  51  44  48   5  17   0     T  0.0   0 11.3 20  160   M    M   M 1     24 130
11  52  45  49   5  16   0  0.00  0.0   0  9.1 15  140   M    M   M 1     19 110
12  54  41  48   4  17   0  0.00  0.0   0  9.3 18  100   M    M   M       22 100
13  53  36  45   1  20   0  0.00  0.0   0  5.3 10  100   M    M   M       12 100
14  57  37  47   3  18   0  0.00  0.0   0  5.4 12  100   M    M   M       13 110
15  67  38  53   9  12   0  0.00  0.0   0  6.7 17   10   M    M   M       22 360
16  51  45  48   4  17   0  0.10  0.0   0 12.7 24   30   M    M   M 1     29  30
17  58  46  52   7  13   0  0.05  0.0   0  7.2 17  280   M    M   M       22 280
18  58  47  53   8  12   0  0.00  0.0   0  8.2 17  300   M    M   M       22 310
19  53  45  49   4  16   0  0.16  0.0   0 10.9 22  110   M    M   M 1     25 100
20  54  45  50   5  15   0  0.08  0.0   0  9.6 22  130   M    M   M 1     27 140
21  56  41  49   4  16   0  0.01  0.0   0  9.5 31  280   M    M   M 1     41 280
22  57  39  48   3  17   0  0.00  0.0   0  6.6 16  260   M    M   M       23 240
23  58  45  52   6  13   0  0.00  0.0   0 10.2 22  290   M    M   M       26 290
================================================================================
SM 1220  957       400   0  2.63 0.0    197.0           M        M
================================================================================
AV 53.0 41.6                              8.6 FASTST  PSBL  %   M    MAX(MPH)
                                 MISC ---->     32   60                 41 280
================================================================================
NOTES:

COLUMN 17 PEAK WIND IN M.P.H.

PRELIMINARY LOCAL CLIMATOLOGICAL DATA (WS FORM: F-6) , PAGE 2

                                          STATION:   KODIAK
                                          MONTH:     05
                                          YEAR:      2016
                                          LATITUDE:  57 45 N                   
                                          LONGITUDE: 152 30 W                   

[TEMPERATURE DATA]      [PRECIPITATION DATA]       SYMBOLS USED IN COLUMN 16    

AVERAGE MONTHLY:47.3   TOTAL FOR MONTH: 2.63       1 = FOG              
DPTR FM NORMAL:  3.7   DPTR FM NORMAL: -1.41       2 = FOG REDUCING VISIBILITY  
HIGHEST:    67 ON 15    GRTST 24HR   0.79 ON  5        TO 1/4 MILE OR LESS   
LOWEST:     36 ON 13                               3 = THUNDER                
                        SNOW, ICE PELLETS, HAIL    4 = ICE PELLETS              
                        TOTAL MONTH: 0.0         5 = HAIL                     
                        GRTST 24HR   0.0           6 = GLAZE OR RIME            
                        GRTST DEPTH:    0          7 = BLOWING DUST OR SAND:    
                                                       VSBY 1/2 MILE OR LESS    
                                                   8 = SMOKE OR HAZE            
[NO. OF DAYS WITH]      [WEATHER - DAYS WITH]      9 = BLOWING SNOW             
                                                   X = TORNADO                  
MAX 32 OR BELOW:   0    0.01 INCH OR MORE:  11                                  
MAX 70 OR ABOVE:   0    0.10 INCH OR MORE:   7                                  
MIN 32 OR BELOW:   0    0.50 INCH OR MORE:   3                                  
MIN  0 OR BELOW:   0    1.00 INCH OR MORE:   0                                  

[HDD (BASE 65) ]                                                                
TOTAL THIS MO.   400    CLEAR  (SCALE 0-3)   M                                  
DPTR FM NORMAL   -93    PTCLDY (SCALE 4-7)   M                                  
SEASONAL TOTAL  6804    CLOUDY (SCALE 8-10)  M                                
DPTR FM NORMAL -1381                                                            

[CDD (BASE 65) ]                                                                
TOTAL THIS MO.     0                                                            
DPTR FM NORMAL     0    [PRESSURE DATA]                                         
SEASONAL TOTAL     0    HIGHEST SLP     M                                 
DPTR FM NORMAL     0    LOWEST  SLP     M                                 

[REMARKS]




Alaska Region Headquarters
222 West 7th Avenue #23
Anchorage, AK 99513-7575
Voice: 1-907-271-5088
Fax: 1-907-271-3711
Recorded Forecast: 1-800-472-0391
Webmaster Email: ARH Webauthors
Page Modified: 03 Feb 2008 18:00 UTC
About Us
Career Opportunities
Glossary
Credits
Disclaimer
Privacy Policy