CXAK56 PADQ 221314
CF6ADQ

PRELIMINARY LOCAL CLIMATOLOGICAL DATA (WS FORM: F-6)

                                          STATION:   KODIAK
                                          MONTH:     10
                                          YEAR:      2014
                                          LATITUDE:   57 45 N                   
                                          LONGITUDE: 152 30 W                   

  TEMPERATURE IN F:       :PCPN:    SNOW:  WIND      :SUNSHINE: SKY     :PK WND 
================================================================================
1   2   3   4   5  6A  6B    7     8   9   10  11  12  13   14  15   16  17  18
                                      12Z  AVG MX 2MIN
DY MAX MIN AVG DEP HDD CDD  WTR   SNW DPTH SPD SPD DIR MIN PSBL S-S WX   SPD DR
================================================================================

 1  53  31  42  -3  23   0  0.00  0.0   0 10.0 17   40   M    M   M       21  50
 2  52  46  49   5  16   0  0.08  0.0   0 22.1 38   30   M    M   M 1     55  30
 3  54  42  48   4  17   0  0.01  0.0   0 11.1 28  290   M    M   M       36 270
 4  46  31  39  -5  26   0  0.04  0.0   0  5.9 17  300   M    M   M       21 290
 5  45  29  37  -7  28   0     T    T   0 10.2 24  280   M    M   M 8     32 280
 6  47  28  38  -5  27   0  0.00  0.0   0  6.5 21  250   M    M   M       29 250
 7  45  24  35  -8  30   0  0.00  0.0   0  6.0  9  280   M    M   M       11 100
 8  44  25  35  -8  30   0     T  0.0   0  9.3 25   50   M    M   M 8     31  40
 9  47  41  44   2  21   0  3.27  0.0   0 22.8 35   30   M    M   M 1     45  30
10  49  42  46   4  19   0     T  0.0   0 14.6 23  290   M    M   M       29 280
11  47  31  39  -3  26   0  0.00  0.0   0  6.5 16  310   M    M   M       21 320
12  43  30  37  -4  28   0  1.06  0.2   0 16.3 32  310   M    M   M 1     47 330
13  48  38  43   2  22   0  0.28  0.0   0 11.4 31  330   M    M   M 1     49 320
14  47  40  44   3  21   0  0.00  0.0   0 14.8 30  290   M    M   M       37 290
15  47  40  44   3  21   0  0.00  0.0   0  7.9 15  310   M    M   M       23 290
16  45  34  40   0  25   0  0.01  0.0   0  2.7  9  130   M    M   M       10 130
17  49  38  44   4  21   0  0.01  0.0   0  6.9 14   40   M    M   M 1     16  40
18  50  42  46   6  19   0     T  0.0   0  8.3 16  320   M    M   M       21 270
19  45  37  41   1  24   0     T  0.0   0  7.3 17  290   M    M   M       21 290
20  40  26  33  -6  32   0  0.00  0.0   0  4.6 12  290   M    M   M       13 300
21  43  23  33  -6  32   0  0.00  0.0   0  9.7 25  290   M    M   M       34 290
================================================================================
SM  986  718       508   0  4.76 0.2    214.9           M        M
================================================================================
AV 47.0 34.2                             10.2 FASTST  PSBL  %   M    MAX(MPH)
                                 MISC ---->     38   30                 55  30
================================================================================
NOTES:

COLUMN 17 PEAK WIND IN M.P.H.

PRELIMINARY LOCAL CLIMATOLOGICAL DATA (WS FORM: F-6) , PAGE 2

                                          STATION:   KODIAK
                                          MONTH:     10
                                          YEAR:      2014
                                          LATITUDE:  57 45 N                   
                                          LONGITUDE: 152 30 W                   

[TEMPERATURE DATA]      [PRECIPITATION DATA]       SYMBOLS USED IN COLUMN 16    

AVERAGE MONTHLY:40.6   TOTAL FOR MONTH: 4.76       1 = FOG              
DPTR FM NORMAL: -1.2   DPTR FM NORMAL: -0.97       2 = FOG REDUCING VISIBILITY  
HIGHEST:    54 ON  3    GRTST 24HR   3.27 ON  9        TO 1/4 MILE OR LESS   
LOWEST:     23 ON 21                               3 = THUNDER                
                        SNOW, ICE PELLETS, HAIL    4 = ICE PELLETS              
                        TOTAL MONTH: 0.2   INCH  5 = HAIL                     
                        GRTST 24HR   0.2 ON 12     6 = GLAZE OR RIME            
                        GRTST DEPTH:    0          7 = BLOWING DUST OR SAND:    
                                                       VSBY 1/2 MILE OR LESS    
                                                   8 = SMOKE OR HAZE            
[NO. OF DAYS WITH]      [WEATHER - DAYS WITH]      9 = BLOWING SNOW             
                                                   X = TORNADO                  
MAX 32 OR BELOW:   0    0.01 INCH OR MORE:   8                                  
MAX 70 OR ABOVE:   0    0.10 INCH OR MORE:   3                                  
MIN 32 OR BELOW:  10    0.50 INCH OR MORE:   2                                  
MIN  0 OR BELOW:   0    1.00 INCH OR MORE:   2                                  

[HDD (BASE 65) ]                                                                
TOTAL THIS MO.   508    CLEAR  (SCALE 0-3)   M                                  
DPTR FM NORMAL    20    PTCLDY (SCALE 4-7)   M                                  
SEASONAL TOTAL  1379    CLOUDY (SCALE 8-10)  M                                
DPTR FM NORMAL  -207                                                            

[CDD (BASE 65) ]                                                                
TOTAL THIS MO.     0                                                            
DPTR FM NORMAL     0    [PRESSURE DATA]                                         
SEASONAL TOTAL     4    HIGHEST SLP     M                                 
DPTR FM NORMAL     4    LOWEST  SLP     M                                 

[REMARKS]




Alaska Region Headquarters
222 West 7th Avenue #23
Anchorage, AK 99513-7575
Voice: 1-907-271-5088
Fax: 1-907-271-3711
Recorded Forecast: 1-800-472-0391
Webmaster Email: ARH Webauthors
Page Modified: 03 Feb 2008 18:00 UTC
About Us
Career Opportunities
Glossary
Credits
Disclaimer
Privacy Policy