CXAK56 PADQ 311145
CF6ADQ

PRELIMINARY LOCAL CLIMATOLOGICAL DATA (WS FORM: F-6)

                                          STATION:   KODIAK
                                          MONTH:     07
                                          YEAR:      2014
                                          LATITUDE:   57 45 N                   
                                          LONGITUDE: 152 30 W                   

  TEMPERATURE IN F:       :PCPN:    SNOW:  WIND      :SUNSHINE: SKY     :PK WND 
================================================================================
1   2   3   4   5  6A  6B    7     8   9   10  11  12  13   14  15   16  17  18
                                      12Z  AVG MX 2MIN
DY MAX MIN AVG DEP HDD CDD  WTR   SNW DPTH SPD SPD DIR MIN PSBL S-S WX   SPD DR
================================================================================

 1  59  48  54   1  11   0  0.04  0.0   0  6.8  9  110   M    M   M 1     10 100
 2  74  47  61   8   4   0  0.00  0.0   0 12.5 18  310   M    M   M       22 320
 3  69  55  62   9   3   0  0.00  0.0   0  9.6 17  310   M    M   M       22 300
 4  70  53  62   9   3   0  0.00  0.0   0  5.8 15  320   M    M   M       18 320
 5  64  52  58   5   7   0     T  0.0   0  8.8 18   40   M    M   M 18    25  40
 6  60  53  57   4   8   0  0.26  0.0   0  7.8 17   40   M    M   M 1     23  40
 7  55  53  54   0  11   0  0.71  0.0   0  8.8 21   30   M    M   M 1     25  30
 8  64  53  59   5   6   0  0.09  0.0   0  8.6 16  190   M    M   M 12    21 190
 9  56  52  54   0  11   0  0.74  0.0   0  9.9 22   30   M    M   M 1     28  30
10  55  52  54   0  11   0  0.19  0.0   0  4.3 20   30   M    M   M 1     26  30
11  62  52  57   3   8   0     T  0.0   0  3.5 15  190   M    M   M 1     18 180
12  57  49  53  -1  12   0  0.02  0.0   0  7.4 15   90   M    M   M 1     17  90
13  58  52  55   1  10   0  0.02  0.0   0  7.4 14   90   M    M   M 1     16  90
14  61  50  56   1   9   0     T  0.0   0  3.5  9  310   M    M   M       12 310
15  65  45  55   0  10   0  0.00  0.0   0  4.1  9   50   M    M   M       29 210
16  67  47  57   2   8   0  0.00  0.0   0  5.3 14  310   M    M   M       18 310
17  59  48  54  -1  11   0  0.00  0.0   0  6.1 14  310   M    M   M       18 320
18  72  47  60   5   5   0  0.00  0.0   0  6.1 17  270   M    M   M       22 290
19  68  54  61   6   4   0  0.04  0.0   0  8.3 29  270   M    M   M 1     36 280
20  69  51  60   5   5   0     T  0.0   0 14.5 16  300   M    M   M       22 280
21  73  52  63   8   2   0  0.00  0.0   0  8.4 17  300   M    M   M       21 300
22  61  50  56   1   9   0     T  0.0   0  4.2  8  180   M    M   M 1      9 190
23  63  53  58   3   7   0     T  0.0   0  5.7 14  280   M    M   M       33  90
24  60  48  54  -1  11   0  0.05  0.0   0  4.5  9  310   M    M   M 1     17 200
25  59  49  54  -2  11   0  0.06  0.0   0  2.8  8  280   M    M   M 1     25 340
26  64  47  56   0   9   0  0.00  0.0   0  4.8 10  280   M    M   M       33 330
27  72  47  60   4   5   0  0.00  0.0   0  7.8 21  270   M    M   M       25 320
28  62  46  54  -2  11   0  0.06  0.0   0  3.5 10  280   M    M   M 1     18 310
29  64  53  59   3   6   0  0.30  0.0   0  5.8 20   40   M    M   M 1     22  40
30  63  54  59   3   6   0  0.00  0.0   0  9.0 20   30   M    M   M       24  30
================================================================================
SM 1905 1512       234   0  2.58 0.0    205.6           M        M
================================================================================
AV 63.5 50.4                              6.9 FASTST  PSBL  %   M    MAX(MPH)
                                 MISC ---->     29  270                 36 280
================================================================================
NOTES:

COLUMN 17 PEAK WIND IN M.P.H.

PRELIMINARY LOCAL CLIMATOLOGICAL DATA (WS FORM: F-6) , PAGE 2

                                          STATION:   KODIAK
                                          MONTH:     07
                                          YEAR:      2014
                                          LATITUDE:  57 45 N                   
                                          LONGITUDE: 152 30 W                   

[TEMPERATURE DATA]      [PRECIPITATION DATA]       SYMBOLS USED IN COLUMN 16    

AVERAGE MONTHLY:57.0   TOTAL FOR MONTH: 2.58       1 = FOG              
DPTR FM NORMAL:  2.4   DPTR FM NORMAL: -2.20       2 = FOG REDUCING VISIBILITY  
HIGHEST:    74 ON  2    GRTST 24HR   0.74 ON  9        TO 1/4 MILE OR LESS   
LOWEST:     45 ON 15                               3 = THUNDER                
                        SNOW, ICE PELLETS, HAIL    4 = ICE PELLETS              
                        TOTAL MONTH: 0.0         5 = HAIL                     
                        GRTST 24HR   0.0           6 = GLAZE OR RIME            
                        GRTST DEPTH:    0          7 = BLOWING DUST OR SAND:    
                                                       VSBY 1/2 MILE OR LESS    
                                                   8 = SMOKE OR HAZE            
[NO. OF DAYS WITH]      [WEATHER - DAYS WITH]      9 = BLOWING SNOW             
                                                   X = TORNADO                  
MAX 32 OR BELOW:   0    0.01 INCH OR MORE:  13                                  
MAX 70 OR ABOVE:   5    0.10 INCH OR MORE:   5                                  
MIN 32 OR BELOW:   0    0.50 INCH OR MORE:   2                                  
MIN  0 OR BELOW:   0    1.00 INCH OR MORE:   0                                  

[HDD (BASE 65) ]                                                                
TOTAL THIS MO.   234    CLEAR  (SCALE 0-3)   M                                  
DPTR FM NORMAL   -83    PTCLDY (SCALE 4-7)   M                                  
SEASONAL TOTAL   234    CLOUDY (SCALE 8-10)  M                                
DPTR FM NORMAL   -83                                                            

[CDD (BASE 65) ]                                                                
TOTAL THIS MO.     0                                                            
DPTR FM NORMAL     0    [PRESSURE DATA]                                         
SEASONAL TOTAL     4    HIGHEST SLP     M                                 
DPTR FM NORMAL     4    LOWEST  SLP     M                                 

[REMARKS]




Alaska Region Headquarters
222 West 7th Avenue #23
Anchorage, AK 99513-7575
Voice: 1-907-271-5088
Fax: 1-907-271-3711
Recorded Forecast: 1-800-472-0391
Webmaster Email: ARH Webauthors
Page Modified: 03 Feb 2008 18:00 UTC
About Us
Career Opportunities
Glossary
Credits
Disclaimer
Privacy Policy