CXAK56 PADQ 271126
CF6ADQ

PRELIMINARY LOCAL CLIMATOLOGICAL DATA (WS FORM: F-6)

                                          STATION:   KODIAK
                                          MONTH:     01
                                          YEAR:      2015
                                          LATITUDE:   57 45 N                   
                                          LONGITUDE: 152 30 W                   

  TEMPERATURE IN F:       :PCPN:    SNOW:  WIND      :SUNSHINE: SKY     :PK WND 
================================================================================
1   2   3   4   5  6A  6B    7     8   9   10  11  12  13   14  15   16  17  18
                                      12Z  AVG MX 2MIN
DY MAX MIN AVG DEP HDD CDD  WTR   SNW DPTH SPD SPD DIR MIN PSBL S-S WX   SPD DR
================================================================================

 1  40  35  38   7  27   0  0.00  0.0   0 17.4 35  280   M    M   M       42 280
 2  38  31  35   4  30   0  0.00  0.0   0  6.1 29  280   M    M   M       42 260
 3  40  32  36   5  29   0  0.09  0.6   0 13.8 26  280   M    M   M 1     33 280
 4  38  26  32   1  33   0  0.05  0.2   T  5.9 14  310   M    M   M 1     16 310
 5  40  29  35   4  30   0     T    T   T 11.5 22   70   M    M   M       26  70
 6  42  36  39   8  26   0  0.68  0.0   0 17.3 25   50   M    M   M 1     29  60
 7  43  40  42  11  23   0  1.13  0.0   0 19.2 36   40   M    M   M 1     45  30
 8  45  42  44  13  21   0  1.28  0.0   0 19.4 37   30   M    M   M 1     50  30
 9  43  36  40   9  25   0  0.10  0.0   0  8.0 23  120   M    M   M 1     30 120
10  41  34  38   7  27   0  0.01  0.0   0  1.9  6  260   M    M   M 1      6 150
11  43  38  41  10  24   0  0.22  0.0   0 12.9 28   40   M    M   M 1     36  40
12  45  42  44  13  21   0  1.42  0.0   0 24.5 39   50   M    M   M 1     48  60
13  44  41  43  12  22   0  0.62  0.0   0 16.6 30  120   M    M   M 1     40 150
14  44  40  42  11  23   0  1.66  0.0   0 23.9 44   40   M    M   M 1     57  30
15  44  40  42  12  23   0  0.62  0.0   0 15.2 29  100   M    M   M 1     35 100
16  42  39  41  11  24   0  0.38  0.0   0 10.4 20  160   M    M   M 1     26 160
17  43  30  37   7  28   0  0.09  0.0   0  4.1 12  180   M    M   M 1     13 130
18  38  26  32   2  33   0  0.00  0.0   0  3.6  8  330   M    M   M        9 330
19  36  31  34   4  31   0  0.28  0.4   0  2.4  9  320   M    M   M 1     12 310
20  39  34  37   7  28   0  0.08  0.0   0 11.7 25  280   M    M   M 1     30 280
21  36  32  34   4  31   0  0.00  0.0   0 13.8 26  290   M    M   M       33 290
22  38  32  35   5  30   0  0.31    T   0 10.6 18  300   M    M   M 1     22 290
23  36  33  35   5  30   0  0.03  0.2   0  8.1 15  310   M    M   M 1     19 310
24  33  23  28  -2  37   0     T    T   T 17.0 31  290   M    M   M 1     40 290
25  29  17  23  -7  42   0  0.00  0.0   0  6.3 18  240   M    M   M 8     24 240
26  33  20  27  -3  38   0  0.12  2.0   2  6.8 16  310   M    M   M 1     19 310
================================================================================
SM 1033  859       736   0  9.17 3.4    308.4           M        M
================================================================================
AV 39.7 33.0                             11.9 FASTST  PSBL  %   M    MAX(MPH)
                                 MISC ---->     44   40                 57  30
================================================================================
NOTES:

COLUMN 17 PEAK WIND IN M.P.H.

PRELIMINARY LOCAL CLIMATOLOGICAL DATA (WS FORM: F-6) , PAGE 2

                                          STATION:   KODIAK
                                          MONTH:     01
                                          YEAR:      2015
                                          LATITUDE:  57 45 N                   
                                          LONGITUDE: 152 30 W                   

[TEMPERATURE DATA]      [PRECIPITATION DATA]       SYMBOLS USED IN COLUMN 16    

AVERAGE MONTHLY:36.4   TOTAL FOR MONTH: 9.17       1 = FOG              
DPTR FM NORMAL:  5.9   DPTR FM NORMAL: 2.07       2 = FOG REDUCING VISIBILITY  
HIGHEST:    45 ON 12    GRTST 24HR   1.66 ON 14        TO 1/4 MILE OR LESS   
LOWEST:     17 ON 25                               3 = THUNDER                
                        SNOW, ICE PELLETS, HAIL    4 = ICE PELLETS              
                        TOTAL MONTH: 3.4 INCHES  5 = HAIL                     
                        GRTST 24HR   2.0 ON 26     6 = GLAZE OR RIME            
                        GRTST DEPTH:    2 ON 26    7 = BLOWING DUST OR SAND:    
                                                       VSBY 1/2 MILE OR LESS    
                                                   8 = SMOKE OR HAZE            
[NO. OF DAYS WITH]      [WEATHER - DAYS WITH]      9 = BLOWING SNOW             
                                                   X = TORNADO                  
MAX 32 OR BELOW:   1    0.01 INCH OR MORE:  19                                  
MAX 70 OR ABOVE:   0    0.10 INCH OR MORE:  13                                  
MIN 32 OR BELOW:  12    0.50 INCH OR MORE:   7                                  
MIN  0 OR BELOW:   0    1.00 INCH OR MORE:   4                                  

[HDD (BASE 65) ]                                                                
TOTAL THIS MO.   736    CLEAR  (SCALE 0-3)   M                                  
DPTR FM NORMAL  -162    PTCLDY (SCALE 4-7)   M                                  
SEASONAL TOTAL  3954    CLOUDY (SCALE 8-10)  M                                
DPTR FM NORMAL  -785                                                            

[CDD (BASE 65) ]                                                                
TOTAL THIS MO.     0                                                            
DPTR FM NORMAL     0    [PRESSURE DATA]                                         
SEASONAL TOTAL     0    HIGHEST SLP     M                                 
DPTR FM NORMAL     0    LOWEST  SLP     M                                 

[REMARKS]




Alaska Region Headquarters
222 West 7th Avenue #23
Anchorage, AK 99513-7575
Voice: 1-907-271-5088
Fax: 1-907-271-3711
Recorded Forecast: 1-800-472-0391
Webmaster Email: ARH Webauthors
Page Modified: 03 Feb 2008 18:00 UTC
About Us
Career Opportunities
Glossary
Credits
Disclaimer
Privacy Policy