CXAK56 PACD 281204
CF6CDB

PRELIMINARY LOCAL CLIMATOLOGICAL DATA (WS FORM: F-6)

                                          STATION:   COLD BAY
                                          MONTH:     07
                                          YEAR:      2014
                                          LATITUDE:   55 13 N                   
                                          LONGITUDE: 162 44 W                   

  TEMPERATURE IN F:       :PCPN:    SNOW:  WIND      :SUNSHINE: SKY     :PK WND 
================================================================================
1   2   3   4   5  6A  6B    7     8   9   10  11  12  13   14  15   16  17  18
                                      12Z  AVG MX 2MIN
DY MAX MIN AVG DEP HDD CDD  WTR   SNW DPTH SPD SPD DIR MIN PSBL S-S WX   SPD DR
================================================================================

 1  60  46  53   4  12   0  0.00  0.0   0 13.3 25  160   M    M   M       29 170
 2  59  49  54   5  11   0  0.00  0.0   0 17.2 26  140   M    M   M       32 150
 3  61  50  56   7   9   0  0.00  0.0   0 14.2 22  160   M    M   M       25 150
 4  60  51  56   6   9   0  0.00  0.0   0 11.8 22  170   M    M   M       25 160
 5  65  50  58   8   7   0  0.00  0.0   0 11.3 23  360   M    M   M       28 360
 6  67  46  57   7   8   0  0.24  0.0   0  6.9 16  140   M    M   M 1     19 140
 7  62  52  57   7   8   0  0.02  0.0   0  4.6 12  140   M    M   M       15 140
 8  59  52  56   6   9   0  0.11  0.0   0  8.0 17  150   M    M   M 1     22 150
 9  58  49  54   4  11   0     T  0.0   0  7.3 14  320   M    M   M       16 330
10  59  49  54   4  11   0  0.03  0.0   0 13.0 20  310   M    M   M 1     24 300
11  62  50  56   5   9   0  0.07  0.0   0 12.6 22  290   M    M   M 1     25 280
12  57  51  54   3  11   0  0.83  0.0   0 10.5 22  250   M    M   M 1     27 250
13  60  52  56   5   9   0  0.01  0.0   0 13.2 24   90   M    M   M 1     29  90
14  61  50  56   5   9   0     T  0.0   0 16.3 24  120   M    M   M 1     30 120
15  66  50  58   7   7   0  0.01  0.0   0  9.1 20  160   M    M   M       24 150
16  65  50  58   7   7   0  0.09  0.0   0 10.3 18  160   M    M   M 1     24 160
17  65  43  54   3  11   0  0.00  0.0   0  7.4 16  330   M    M   M       20 360
18  60  50  55   4  10   0  0.02  0.0   0 14.5 22  270   M    M   M 1     25 270
19  58  52  55   4  10   0  0.01  0.0   0 17.9 22  270   M    M   M 1     27 280
20  60  51  56   5   9   0  0.05  0.0   0 10.7 21  260   M    M   M 1     24 260
21  61  51  56   5   9   0  0.01  0.0   0 10.4 22  150   M    M   M 1     26 140
22  62  52  57   5   8   0  0.12  0.0   0 13.7 25  270   M    M   M 1     30 270
23  55  53  54   2  11   0  0.32  0.0   0 21.9 30  250   M    M   M 12    36 250
24  57  52  55   3  10   0  0.09  0.0   0 21.5 29  260   M    M   M 1     34 250
25  62  52  57   5   8   0  0.03  0.0   0 14.8 21  340   M    M   M 1     26 320
26  58  53  56   4   9   0  0.03  0.0   0 13.1 18  280   M    M   M 1     22 280
27  60  53  57   5   8   0  0.01  0.0   0 11.1 17  290   M    M   M 1     20 310
================================================================================
SM 1639 1359       250   0  2.10 0.0    336.6           M        M
================================================================================
AV 60.7 50.3                             12.5 FASTST  PSBL  %   M    MAX(MPH)
                                 MISC ---->     30  250                 36 250
================================================================================
NOTES:

COLUMN 17 PEAK WIND IN M.P.H.

PRELIMINARY LOCAL CLIMATOLOGICAL DATA (WS FORM: F-6) , PAGE 2

                                          STATION:   COLD BAY
                                          MONTH:     07
                                          YEAR:      2014
                                          LATITUDE:  55 13 N                   
                                          LONGITUDE: 162 44 W                   

[TEMPERATURE DATA]      [PRECIPITATION DATA]       SYMBOLS USED IN COLUMN 16    

AVERAGE MONTHLY:55.5   TOTAL FOR MONTH: 2.10       1 = FOG              
DPTR FM NORMAL:  4.8   DPTR FM NORMAL: -0.01       2 = FOG REDUCING VISIBILITY  
HIGHEST:    67 ON  6    GRTST 24HR   0.83 ON 12        TO 1/4 MILE OR LESS   
LOWEST:     43 ON 17                               3 = THUNDER                
                        SNOW, ICE PELLETS, HAIL    4 = ICE PELLETS              
                        TOTAL MONTH: 0.0         5 = HAIL                     
                        GRTST 24HR   0.0           6 = GLAZE OR RIME            
                        GRTST DEPTH:    0          7 = BLOWING DUST OR SAND:    
                                                       VSBY 1/2 MILE OR LESS    
                                                   8 = SMOKE OR HAZE            
[NO. OF DAYS WITH]      [WEATHER - DAYS WITH]      9 = BLOWING SNOW             
                                                   X = TORNADO                  
MAX 32 OR BELOW:   0    0.01 INCH OR MORE:  19                                  
MAX 70 OR ABOVE:   0    0.10 INCH OR MORE:   5                                  
MIN 32 OR BELOW:   0    0.50 INCH OR MORE:   1                                  
MIN  0 OR BELOW:   0    1.00 INCH OR MORE:   0                                  

[HDD (BASE 65) ]                                                                
TOTAL THIS MO.   250    CLEAR  (SCALE 0-3)   M                                  
DPTR FM NORMAL  -136    PTCLDY (SCALE 4-7)   M                                  
SEASONAL TOTAL   250    CLOUDY (SCALE 8-10)  M                                
DPTR FM NORMAL  -136                                                            

[CDD (BASE 65) ]                                                                
TOTAL THIS MO.     0                                                            
DPTR FM NORMAL     0    [PRESSURE DATA]                                         
SEASONAL TOTAL     0    HIGHEST SLP     M                                 
DPTR FM NORMAL     0    LOWEST  SLP     M                                 

[REMARKS]




Alaska Region Headquarters
222 West 7th Avenue #23
Anchorage, AK 99513-7575
Voice: 1-907-271-5088
Fax: 1-907-271-3711
Recorded Forecast: 1-800-472-0391
Webmaster Email: ARH Webauthors
Page Modified: 03 Feb 2008 18:00 UTC
About Us
Career Opportunities
Glossary
Credits
Disclaimer
Privacy Policy