CXAK56 PACD 231202
CF6CDB

PRELIMINARY LOCAL CLIMATOLOGICAL DATA (WS FORM: F-6)

                                          STATION:   COLD BAY
                                          MONTH:     10
                                          YEAR:      2014
                                          LATITUDE:   55 13 N                   
                                          LONGITUDE: 162 44 W                   

  TEMPERATURE IN F:       :PCPN:    SNOW:  WIND      :SUNSHINE: SKY     :PK WND 
================================================================================
1   2   3   4   5  6A  6B    7     8   9   10  11  12  13   14  15   16  17  18
                                      12Z  AVG MX 2MIN
DY MAX MIN AVG DEP HDD CDD  WTR   SNW DPTH SPD SPD DIR MIN PSBL S-S WX   SPD DR
================================================================================

 1  53  41  47   3  18   0  0.03  0.0   0 16.1 26   70   M    M   M       35 110
 2  55  44  50   6  15   0  0.00  0.0   0 15.8 29  360   M    M   M       36  20
 3  47  39  43  -1  22   0     T  0.0   0 18.9 32  350   M    M   M       42 350
 4  47  39  43  -1  22   0     T  0.0   0 17.8 28  340   M    M   M       35 360
 5  49  35  42  -1  23   0  0.03  0.0   0  7.8 22  340   M    M   M 1     28 340
 6  50  37  44   1  21   0  0.00  0.0   0  6.9 13  170   M    M   M       15 170
 7  49  43  46   3  19   0     T  0.0   0 20.0 32  130   M    M   M       41 120
 8  49  44  47   5  18   0  0.07  0.0   0 26.0 40   90   M    M   M       53  80
 9  47  40  44   2  21   0  0.04  0.0   0 23.5 35   30   M    M   M 1     44  30
10  43  34  39  -3  26   0  0.02    T   0 18.5 26  310   M    M   M 1     33 310
11  42  30  36  -6  29   0  0.13    T   T 16.4 26  320   M    M   M 15    35 300
12  41  33  37  -4  28   0  0.16    T   T 29.2 43  310   M    M   M 15    52 320
13  43  37  40  -1  25   0  0.02    T   0 24.2 41  320   M    M   M 1     52 320
14  41  34  38  -3  27   0     T    T   0 15.2 24  360   M    M   M 1     28 360
15  41  32  37  -4  28   0  0.06    T   0  8.8 23  320   M    M   M       28 320
16  42  28  35  -5  30   0     T  0.0   0  6.7 16   10   M    M   M       20  20
17  42  32  37  -3  28   0  0.06    T   0 16.9 30  320   M    M   M 1     36 320
18  43  34  39  -1  26   0  0.05    T   0 22.4 36  320   M    M   M 1     45 320
19  41  28  35  -5  30   0  0.03    T   T  8.4 31  330   M    M   M 1     38 330
20  37  26  32  -7  33   0  0.16  1.5   1 12.7 26  320   M    M   M 1     32 310
21  40  33  37  -2  28   0  0.21  0.9   T 19.3 37  310   M    M   M 1     47 310
22  42  33  38  -1  27   0  0.03    T   T 20.2 31  330   M    M   M       37 330
================================================================================
SM  984  776       544   0  1.10 2.4    371.7           M        M
================================================================================
AV 44.7 35.3                             16.9 FASTST  PSBL  %   M    MAX(MPH)
                                 MISC ---->     43  310                 53  80
================================================================================
NOTES:

COLUMN 17 PEAK WIND IN M.P.H.

PRELIMINARY LOCAL CLIMATOLOGICAL DATA (WS FORM: F-6) , PAGE 2

                                          STATION:   COLD BAY
                                          MONTH:     10
                                          YEAR:      2014
                                          LATITUDE:  55 13 N                   
                                          LONGITUDE: 162 44 W                   

[TEMPERATURE DATA]      [PRECIPITATION DATA]       SYMBOLS USED IN COLUMN 16    

AVERAGE MONTHLY:40.0   TOTAL FOR MONTH: 1.10       1 = FOG              
DPTR FM NORMAL: -1.5   DPTR FM NORMAL: -2.32       2 = FOG REDUCING VISIBILITY  
HIGHEST:    55 ON  2    GRTST 24HR   0.21 ON 21        TO 1/4 MILE OR LESS   
LOWEST:     26 ON 20                               3 = THUNDER                
                        SNOW, ICE PELLETS, HAIL    4 = ICE PELLETS              
                        TOTAL MONTH: 2.4 INCHES  5 = HAIL                     
                        GRTST 24HR   1.5 ON 20     6 = GLAZE OR RIME            
                        GRTST DEPTH:    1 ON 20    7 = BLOWING DUST OR SAND:    
                                                       VSBY 1/2 MILE OR LESS    
                                                   8 = SMOKE OR HAZE            
[NO. OF DAYS WITH]      [WEATHER - DAYS WITH]      9 = BLOWING SNOW             
                                                   X = TORNADO                  
MAX 32 OR BELOW:   0    0.01 INCH OR MORE:  15                                  
MAX 70 OR ABOVE:   0    0.10 INCH OR MORE:   4                                  
MIN 32 OR BELOW:   6    0.50 INCH OR MORE:   0                                  
MIN  0 OR BELOW:   0    1.00 INCH OR MORE:   0                                  

[HDD (BASE 65) ]                                                                
TOTAL THIS MO.   544    CLEAR  (SCALE 0-3)   M                                  
DPTR FM NORMAL    27    PTCLDY (SCALE 4-7)   M                                  
SEASONAL TOTAL  1506    CLOUDY (SCALE 8-10)  M                                
DPTR FM NORMAL  -362                                                            

[CDD (BASE 65) ]                                                                
TOTAL THIS MO.     0                                                            
DPTR FM NORMAL     0    [PRESSURE DATA]                                         
SEASONAL TOTAL     0    HIGHEST SLP     M                                 
DPTR FM NORMAL     0    LOWEST  SLP     M                                 

[REMARKS]




Alaska Region Headquarters
222 West 7th Avenue #23
Anchorage, AK 99513-7575
Voice: 1-907-271-5088
Fax: 1-907-271-3711
Recorded Forecast: 1-800-472-0391
Webmaster Email: ARH Webauthors
Page Modified: 03 Feb 2008 18:00 UTC
About Us
Career Opportunities
Glossary
Credits
Disclaimer
Privacy Policy