CXAK56 PACD 201112
CF6CDB

PRELIMINARY LOCAL CLIMATOLOGICAL DATA (WS FORM: F-6)

                                          STATION:   COLD BAY
                                          MONTH:     12
                                          YEAR:      2014
                                          LATITUDE:   55 13 N                   
                                          LONGITUDE: 162 44 W                   

  TEMPERATURE IN F:       :PCPN:    SNOW:  WIND      :SUNSHINE: SKY     :PK WND 
================================================================================
1   2   3   4   5  6A  6B    7     8   9   10  11  12  13   14  15   16  17  18
                                      12Z  AVG MX 2MIN
DY MAX MIN AVG DEP HDD CDD  WTR   SNW DPTH SPD SPD DIR MIN PSBL S-S WX   SPD DR
================================================================================

 1  45  30  38   5  27   0  0.40  0.5   T 21.8 44  150   M    M   M 1     57 150
 2  38  30  34   1  31   0  0.01  0.1   T  9.6 25  190   M    M   M 1     29 190
 3  38  20  29  -4  36   0  0.00  0.0   0  3.8 12  140   M    M   M       12 140
 4  39  18  29  -3  36   0  0.00  0.0   0  2.1 10   90   M    M   M       12 100
 5  38  19  29  -3  36   0  0.00  0.0   0  3.6  7  360   M    M   M 1      9  10
 6  36  22  29  -3  36   0  0.00  0.0   0  2.4  9  350   M    M   M 1     12 350
 7  40  27  34   2  31   0  0.07    T   0  8.8 18  360   M    M   M 1     23 360
 8  42  34  38   6  27   0  0.02  0.0   0  8.8 20  120   M    M   M 1     23 130
 9  40  34  37   5  28   0  0.06  0.0   0  6.6 13  340   M    M   M 1     16 330
10  39  33  36   4  29   0  0.16    T   0 13.0 23  290   M    M   M 12    28 290
11  36  32  34   2  31   0  0.02  0.1   0 11.5 24  320   M    M   M 1     29 330
12  35  24  30  -2  35   0     T    T   0  7.2 18  360   M    M   M       23 360
13  38  20  29  -3  36   0  0.13  0.3   T 16.0 40  140   M    M   M 1     47 140
14  40  36  38   7  27   0  0.57    T   0 28.3 46  120   M    M   M 1     60 120
15  39  33  36   5  29   0  0.12  0.7   T 28.1 52  270   M    M   M 1     65 270
16  38  26  32   1  33   0     T    T   T 10.1 23  230   M    M   M       28 230
17  38  31  35   4  30   0  0.05    T   T  9.3 28  120   M    M   M 1     33 120
18  38  30  34   3  31   0  0.01  0.0   T  4.5 10  110   M    M   M 1     13 140
19  41  28  35   4  30   0     T    T   T  4.2 15  100   M    M   M       19 100
================================================================================
SM  738  527       599   0  1.62 1.7    199.7           M        M
================================================================================
AV 38.8 27.7                             10.5 FASTST  PSBL  %   M    MAX(MPH)
                                 MISC ---->     52  270                 65 270
================================================================================
NOTES:

COLUMN 17 PEAK WIND IN M.P.H.

PRELIMINARY LOCAL CLIMATOLOGICAL DATA (WS FORM: F-6) , PAGE 2

                                          STATION:   COLD BAY
                                          MONTH:     12
                                          YEAR:      2014
                                          LATITUDE:  55 13 N                   
                                          LONGITUDE: 162 44 W                   

[TEMPERATURE DATA]      [PRECIPITATION DATA]       SYMBOLS USED IN COLUMN 16    

AVERAGE MONTHLY:33.3   TOTAL FOR MONTH: 1.62       1 = FOG              
DPTR FM NORMAL:  1.5   DPTR FM NORMAL: -1.34       2 = FOG REDUCING VISIBILITY  
HIGHEST:    45 ON  1    GRTST 24HR   0.57 ON 14        TO 1/4 MILE OR LESS   
LOWEST:     18 ON  4                               3 = THUNDER                
                        SNOW, ICE PELLETS, HAIL    4 = ICE PELLETS              
                        TOTAL MONTH: 1.7 INCHES  5 = HAIL                     
                        GRTST 24HR   0.7 ON 15     6 = GLAZE OR RIME            
                        GRTST DEPTH:   T ON 19    7 = BLOWING DUST OR SAND:    
                                                       VSBY 1/2 MILE OR LESS    
                                                   8 = SMOKE OR HAZE            
[NO. OF DAYS WITH]      [WEATHER - DAYS WITH]      9 = BLOWING SNOW             
                                                   X = TORNADO                  
MAX 32 OR BELOW:   0    0.01 INCH OR MORE:  12                                  
MAX 70 OR ABOVE:   0    0.10 INCH OR MORE:   5                                  
MIN 32 OR BELOW:  14    0.50 INCH OR MORE:   1                                  
MIN  0 OR BELOW:   0    1.00 INCH OR MORE:   0                                  

[HDD (BASE 65) ]                                                                
TOTAL THIS MO.   599    CLEAR  (SCALE 0-3)   M                                  
DPTR FM NORMAL   -32    PTCLDY (SCALE 4-7)   M                                  
SEASONAL TOTAL  3111    CLOUDY (SCALE 8-10)  M                                
DPTR FM NORMAL  -546                                                            

[CDD (BASE 65) ]                                                                
TOTAL THIS MO.     0                                                            
DPTR FM NORMAL     0    [PRESSURE DATA]                                         
SEASONAL TOTAL     0    HIGHEST SLP     M                                 
DPTR FM NORMAL     0    LOWEST  SLP     M                                 

[REMARKS]




Alaska Region Headquarters
222 West 7th Avenue #23
Anchorage, AK 99513-7575
Voice: 1-907-271-5088
Fax: 1-907-271-3711
Recorded Forecast: 1-800-472-0391
Webmaster Email: ARH Webauthors
Page Modified: 03 Feb 2008 18:00 UTC
About Us
Career Opportunities
Glossary
Credits
Disclaimer
Privacy Policy