CXAK56 PACD 102159
CF6CDB

PRELIMINARY LOCAL CLIMATOLOGICAL DATA (WS FORM: F-6)

                                          STATION:   COLD BAY
                                          MONTH:     09
                                          YEAR:      2016
                                          LATITUDE:   55 13 N                   
                                          LONGITUDE: 162 44 W                   

  TEMPERATURE IN F:       :PCPN:    SNOW:  WIND      :SUNSHINE: SKY     :PK WND 
================================================================================
1   2   3   4   5  6A  6B    7     8   9   10  11  12  13   14  15   16  17  18
                                      12Z  AVG MX 2MIN
DY MAX MIN AVG DEP HDD CDD  WTR   SNW DPTH SPD SPD DIR MIN PSBL S-S WX   SPD DR
================================================================================

 1  65  57  61  10   4   0     T  0.0   0 14.7 23  170   M    M   M      27 170
 2  62  57  60   9   5   0  0.07  0.0   0 17.2 29  150   M    M   M 1    35 150
 3  62  54  58   7   7   0  0.14  0.0   0 17.9 30  150   M    M   M 1    36 160
 4  62  52  57   6   8   0  0.06  0.0   0 15.6 25  230   M    M   M 1    31 160
 5  60  48  54   4  11   0     T  0.0   0  8.7 18  270   M    M   M      22 270
 6  58  47  53   3  12   0  0.02  0.0   0 17.1 25  270   M    M   M 1    31 260
 7  57  44  51   1  14   0  0.03  0.0   0  8.9 14  310   M    M   M 1    18 330
 8  61  43  52   2  13   0     T  0.0   0  9.8 21  340   M    M   M      25 340
 9  61  43  52   2  13   0     T  0.0   0  7.2 12  280   M    M   M      14 280
10  59  47  53   3  12   0  0.51  0.0   0 23.2 39  120   M    M   M 1    47 120
11  61  54  58   9   7   0  0.05  0.0   0 19.3 32  150   M    M   M 1    42 150
12  57  40  49   0  16   0  0.15  0.0   0 11.6 23  330   M    M   M 1    27 340
13  55  38  47  -2  18   0  0.21  0.0   0 16.1 30  140   M    M   M 1    39 130
14  59  48  54   5  11   0  0.28  0.0   0 16.6 28  150   M    M   M 1    35 160
15  58  48  53   5  12   0  0.21  0.0   0 10.2 21  150   M    M   M 1    24 150
16  55  45  50   2  15   0  0.08  0.0   0 17.9 30  320   M    M   M 1    36 320
17  53  43  48   0  17   0  0.24  0.0   0 22.6 35  280   M    M   M 1    41 280
18  56  42  49   1  16   0     T  0.0   0 11.5 28  290   M    M   M 1    34 280
19  54  50  52   5  13   0  0.98  0.0   0 25.1 39  160   M    M   M 1    56 140
20  54  40  47   0  18   0  0.00  0.0   0 10.7 18  280   M    M   M      22 270
21  54  35  45  -2  20   0  0.06  0.0   0 11.2 24  250   M    M   M 1    28 240
22  52  44  48   1  17   0  0.32  0.0   0 19.7 30  270   M    M   M 1    37 240
23  54  40  47   1  18   0  0.04  0.0   0 12.7 20  290   M    M   M 1    24 240
24  52  39  46   0  19   0  0.08  0.0   0  8.9 21  310   M    M   M 1    25 320
25  53  38  46   0  19   0     T  0.0   0  9.3 17  230   M    M   M      20 250
26  54  43  49   3  16   0  0.34  0.0   0 13.6 28  280   M    M   M 1    37 290
27  56  39  48   3  17   0  0.00  0.0   0  6.4 16  280   M    M   M      20 280
28  58  40  49   4  16   0  0.00  0.0   0  8.2 17  130   M    M   M      23 140
29  54  50  52   7  13   0  0.17  0.0   0 26.5 41  140   M    M   M 1    51 140
30  56  52  54   9  11   0  1.77  0.0   0 35.5 59  140   M    M   M 1    72 130
================================================================================
SM 1712 1360       408   0  5.81  0.0    453.9           M        M
================================================================================
AV 57.1 45.3                             15.1 FASTST  PSBL  %   M    MAX(MPH)
                                 MISC ---->     59  140                 72 130
================================================================================
NOTES:

COLUMN 17 PEAK WIND IN M.P.H.

PRELIMINARY LOCAL CLIMATOLOGICAL DATA (WS FORM: F-6) , PAGE 2

                                          STATION:   COLD BAY
                                          MONTH:     09
                                          YEAR:      2016
                                          LATITUDE:  55 13 N                   
                                          LONGITUDE: 162 44 W                   

[TEMPERATURE DATA]      [PRECIPITATION DATA]       SYMBOLS USED IN COLUMN 16    

AVERAGE MONTHLY:51.2   TOTAL FOR MONTH: 5.81       1 = FOG              
DPTR FM NORMAL:  3.1   DPTR FM NORMAL: 1.08       2 = FOG REDUCING VISIBILITY  
HIGHEST:    65 ON  1    GRTST 24HR   1.77 ON 30        TO 1/4 MILE OR LESS   
LOWEST:     35 ON 21                               3 = THUNDER                
                        SNOW, ICE PELLETS, HAIL    4 = ICE PELLETS              
                        TOTAL MONTH:  0.0         5 = HAIL                     
                        GRTST 24HR   0.0           6 = GLAZE OR RIME            
                        GRTST DEPTH:    0          7 = BLOWING DUST OR SAND:    
                                                       VSBY 1/2 MILE OR LESS    
                                                   8 = SMOKE OR HAZE            
[NO. OF DAYS WITH]      [WEATHER - DAYS WITH]      9 = BLOWING SNOW             
                                                   X = TORNADO                  
MAX 32 OR BELOW:   0    0.01 INCH OR MORE:  21                                  
MAX 70 OR ABOVE:   0    0.10 INCH OR MORE:  12                                  
MIN 32 OR BELOW:   0    0.50 INCH OR MORE:   3                                  
MIN  0 OR BELOW:   0    1.00 INCH OR MORE:   1                                  

[HDD (BASE 65) ]                                                                
TOTAL THIS MO.   408    CLEAR  (SCALE 0-3)   M                                  
DPTR FM NORMAL   -99    PTCLDY (SCALE 4-7)   M                                  
SEASONAL TOTAL   976    CLOUDY (SCALE 8-10)  M                                
DPTR FM NORMAL  -375                                                            

[CDD (BASE 65) ]                                                                
TOTAL THIS MO.     0                                                            
DPTR FM NORMAL     0    [PRESSURE DATA]                                         
SEASONAL TOTAL     0    HIGHEST SLP     M                                 
DPTR FM NORMAL     0    LOWEST  SLP     M                                 

[REMARKS]



Alaska Region Headquarters
222 West 7th Avenue #23
Anchorage, AK 99513-7575
Voice: 1-907-271-5088
Fax: 1-907-271-3711
Recorded Forecast: 1-800-472-0391
Webmaster Email: ARH Webauthors
Page Modified: 03 Feb 2008 18:00 UTC
About Us
Career Opportunities
Glossary
Credits
Disclaimer
Privacy Policy