CXAK56 PACD 251727
CF6CDB

PRELIMINARY LOCAL CLIMATOLOGICAL DATA (WS FORM: F-6)

                                          STATION:   COLD BAY
                                          MONTH:     11
                                          YEAR:      2014
                                          LATITUDE:   55 13 N                   
                                          LONGITUDE: 162 44 W                   

  TEMPERATURE IN F:       :PCPN:    SNOW:  WIND      :SUNSHINE: SKY     :PK WND 
================================================================================
1   2   3   4   5  6A  6B    7     8   9   10  11  12  13   14  15   16  17  18
                                      12Z  AVG MX 2MIN
DY MAX MIN AVG DEP HDD CDD  WTR   SNW DPTH SPD SPD DIR MIN PSBL S-S WX   SPD DR
================================================================================

 1  40  33  37   0  28   0  0.13  0.1   T 28.3 43  240   M    M   M 1     51 270
 2  41  34  38   1  27   0  0.42    T   T 21.5 36  250   M    M   M 1     44 260
 3  38  32  35  -1  30   0  0.07  0.6   T 17.4 30  330   M    M   M 1     35 320
 4  34  23  29  -7  36   0  0.03  0.3   T 12.2 28  330   M    M   M 1     34 330
 5  39  28  34  -2  31   0  0.12  0.5   T 12.4 25  120   M    M   M 1     31 120
 6  41  25  33  -3  32   0  0.03  0.0   T 10.5 18  340   M    M   M       24 340
 7  40  25  33  -3  32   0  0.01  0.0   0 13.4 25  320   M    M   M 1     30 320
 8  48  31  40   4  25   0  0.58  0.0   0 14.7 44  150   M    M   M 1     52 150
 9  46  38  42   7  23   0  0.12  0.0   0 19.5 32  160   M    M   M 1     40 160
10  44  38  41   6  24   0  0.21    T   0 19.5 28  150   M    M   M 1     36 150
11  44  37  41   6  24   0  0.15  0.0   0 17.0 28  140   M    M   M 1     36 140
12  44  35  40   5  25   0  0.04  0.0   0 11.1 26  160   M    M   M 1     32 170
13  48  39  44   9  21   0  0.43  0.0   0 18.9 40  140   M    M   M 1     49 140
14  45  41  43   8  22   0  0.06  0.0   0 14.7 29  140   M    M   M 1     33 120
15  45  39  42   7  23   0  0.38  0.0   0 12.3 29  130   M    M   M 1     35 130
16  45  40  43   9  22   0  0.15  0.0   0 20.9 29  150   M    M   M 1     35 150
17  46  42  44  10  21   0  0.40  0.0   0 32.4 48  120   M    M   M 1     58 120
18  43  38  41   7  24   0  0.15  0.0   0 17.3 33  130   M    M   M 1     39 140
19  43  38  41   7  24   0  0.21  0.0   0 19.5 35  160   M    M   M 1     43 160
20  42  37  40   6  25   0  0.15  0.0   0 14.4 30   30   M    M   M 1     35  30
21  43  39  41   7  24   0  0.29  0.0   0 13.1 22  200   M    M   M 1     26 210
22  44  34  39   5  26   0  0.02  0.0   0  9.2 14  340   M    M   M 1     17 350
23  42  37  40   6  25   0  0.11  0.0   0 11.2 17  310   M    M   M 1     22 310
24  38  32  35   2  30   0  0.06    T   0  9.4 20  250   M    M   M 1     23 250
================================================================================
SM 1023  835       624   0  4.32 1.5    390.8           M        M
================================================================================
AV 42.6 34.8                             16.3 FASTST  PSBL  %   M    MAX(MPH)
                                 MISC ---->     48  120                 58 120
================================================================================
NOTES:

COLUMN 17 PEAK WIND IN M.P.H.

PRELIMINARY LOCAL CLIMATOLOGICAL DATA (WS FORM: F-6) , PAGE 2

                                          STATION:   COLD BAY
                                          MONTH:     11
                                          YEAR:      2014
                                          LATITUDE:  55 13 N                   
                                          LONGITUDE: 162 44 W                   

[TEMPERATURE DATA]      [PRECIPITATION DATA]       SYMBOLS USED IN COLUMN 16    

AVERAGE MONTHLY:38.7   TOTAL FOR MONTH: 4.32       1 = FOG              
DPTR FM NORMAL:  3.7   DPTR FM NORMAL: 0.37       2 = FOG REDUCING VISIBILITY  
HIGHEST:    48 ON 13    GRTST 24HR   0.58 ON  8        TO 1/4 MILE OR LESS   
LOWEST:     23 ON  4                               3 = THUNDER                
                        SNOW, ICE PELLETS, HAIL    4 = ICE PELLETS              
                        TOTAL MONTH: 1.5 INCHES  5 = HAIL                     
                        GRTST 24HR   0.6 ON  3     6 = GLAZE OR RIME            
                        GRTST DEPTH:   T ON  6    7 = BLOWING DUST OR SAND:    
                                                       VSBY 1/2 MILE OR LESS    
                                                   8 = SMOKE OR HAZE            
[NO. OF DAYS WITH]      [WEATHER - DAYS WITH]      9 = BLOWING SNOW             
                                                   X = TORNADO                  
MAX 32 OR BELOW:   0    0.01 INCH OR MORE:  24                                  
MAX 70 OR ABOVE:   0    0.10 INCH OR MORE:  16                                  
MIN 32 OR BELOW:   7    0.50 INCH OR MORE:   1                                  
MIN  0 OR BELOW:   0    1.00 INCH OR MORE:   0                                  

[HDD (BASE 65) ]                                                                
TOTAL THIS MO.   624    CLEAR  (SCALE 0-3)   M                                  
DPTR FM NORMAL   -97    PTCLDY (SCALE 4-7)   M                                  
SEASONAL TOTAL  2350    CLOUDY (SCALE 8-10)  M                                
DPTR FM NORMAL  -484                                                            

[CDD (BASE 65) ]                                                                
TOTAL THIS MO.     0                                                            
DPTR FM NORMAL     0    [PRESSURE DATA]                                         
SEASONAL TOTAL     0    HIGHEST SLP     M                                 
DPTR FM NORMAL     0    LOWEST  SLP     M                                 

[REMARKS]




Alaska Region Headquarters
222 West 7th Avenue #23
Anchorage, AK 99513-7575
Voice: 1-907-271-5088
Fax: 1-907-271-3711
Recorded Forecast: 1-800-472-0391
Webmaster Email: ARH Webauthors
Page Modified: 03 Feb 2008 18:00 UTC
About Us
Career Opportunities
Glossary
Credits
Disclaimer
Privacy Policy