CXAK56 PACD 291215
CF6CDB

PRELIMINARY LOCAL CLIMATOLOGICAL DATA (WS FORM: F-6)

                                          STATION:   COLD BAY
                                          MONTH:     05
                                          YEAR:      2015
                                          LATITUDE:   55 13 N                   
                                          LONGITUDE: 162 44 W                   

  TEMPERATURE IN F:       :PCPN:    SNOW:  WIND      :SUNSHINE: SKY     :PK WND 
================================================================================
1   2   3   4   5  6A  6B    7     8   9   10  11  12  13   14  15   16  17  18
                                      12Z  AVG MX 2MIN
DY MAX MIN AVG DEP HDD CDD  WTR   SNW DPTH SPD SPD DIR MIN PSBL S-S WX   SPD DR
================================================================================

 1  45  31  38   1  27   0  0.08  0.0   0  8.0 17  360   M    M   M 1     22 360
 2  45  32  39   1  26   0     T  0.0   0 14.8 22  350   M    M   M       26 340
 3  52  28  40   2  25   0  0.00  0.0   0 12.2 25  140   M    M   M 1     30 140
 4  46  40  43   5  22   0  0.01  0.0   0 28.3 39  130   M    M   M       49 120
 5  50  34  42   4  23   0     T  0.0   0 14.0 25  160   M    M   M       33 160
 6  51  34  43   5  22   0  0.00  0.0   01854.9 15  290   M    M   M       19 310
 7  43  35  39   0  26   0  0.11  0.0   0 14.6 23  310   M    M   M 1     27 310
 8  41  35  38  -1  27   0  0.06    T   0 14.0 22  310   M    M   M 1     25 310
 9  47  34  41   2  24   0  0.03  0.0   0 18.9 35  150   M    M   M 1     42 150
10  46  36  41   2  24   0  0.50  0.0   0 18.2 32  140   M    M   M 1     41 130
11  49  37  43   4  22   0  0.10  0.0   0 14.6 25  270   M    M   M 1     30 270
12  44  39  42   2  23   0  0.45  0.0   0 27.7 47  150   M    M   M 1     57 150
13  49  41  45   5  20   0  0.03  0.0   0 24.9 45  140   M    M   M 1     57 150
14  48  40  44   4  21   0  0.11  0.0   0 12.5 21  120   M    M   M 1     27 120
15  52  42  47   7  18   0  0.01  0.0   0 13.5 33  150   M    M   M 1     40 150
16  49  41  45   5  20   0  0.82  0.0   0 29.8 40  160   M    M   M 1     49 150
17  48  40  44   3  21   0  0.09  0.0   0 25.4 36  160   M    M   M 1     43 150
18  49  39  44   3  21   0     T  0.0   0 18.1 26  150   M    M   M 1     32 150
19  45  40  43   2  22   0  0.38  0.0   0 22.5 41  130   M    M   M 1     50 130
20  51  38  45   4  20   0  0.05  0.0   0 14.7 33  150   M    M   M 1     38 150
21  46  39  43   2  22   0  0.02  0.0   0  5.8 16  150   M    M   M       19 150
22  50  42  46   4  19   0     T  0.0   0  0.0 26  170   M    M   M 18    33 160
23  52  45  49   7  16   0  0.23  0.0   0 26.2 45  140   M    M   M 1     55 140
24  49  38  44   2  21   0  0.10  0.0   0 18.9 30  160   M    M   M 1     35 170
25  55  40  48   6  17   0     T  0.0   0 14.5 33  140   M    M   M       40 150
26  48  41  45   3  20   0  0.58  0.0   0 28.2 45  150   M    M   M 1     54 150
27  57  43  50   8  15   0  0.00  0.0   0 11.6 18  150   M    M   M 1     23 120
28  51  44  48   5  17   0  0.46  0.0   0 25.4 37  140   M    M   M 1     45 140
================================================================================
SM 1358 1068       601   0  4.22     T   2332.2           M        M
================================================================================
AV 48.5 38.1                             83.3 FASTST  PSBL  %   M    MAX(MPH)
                                 MISC ---->     47  150               # 57 150
================================================================================
NOTES:

COLUMN 17 PEAK WIND IN M.P.H.

PRELIMINARY LOCAL CLIMATOLOGICAL DATA (WS FORM: F-6) , PAGE 2

                                          STATION:   COLD BAY
                                          MONTH:     05
                                          YEAR:      2015
                                          LATITUDE:  55 13 N                   
                                          LONGITUDE: 162 44 W                   

[TEMPERATURE DATA]      [PRECIPITATION DATA]       SYMBOLS USED IN COLUMN 16    

AVERAGE MONTHLY:43.3   TOTAL FOR MONTH: 4.22       1 = FOG              
DPTR FM NORMAL:  3.2   DPTR FM NORMAL: 1.90       2 = FOG REDUCING VISIBILITY  
HIGHEST:    57 ON 27    GRTST 24HR   0.82 ON 16        TO 1/4 MILE OR LESS   
LOWEST:     28 ON  3                               3 = THUNDER                
                        SNOW, ICE PELLETS, HAIL    4 = ICE PELLETS              
                        TOTAL MONTH:     T         5 = HAIL                     
                        GRTST 24HR     T ON  8     6 = GLAZE OR RIME            
                        GRTST DEPTH:    0          7 = BLOWING DUST OR SAND:    
                                                       VSBY 1/2 MILE OR LESS    
                                                   8 = SMOKE OR HAZE            
[NO. OF DAYS WITH]      [WEATHER - DAYS WITH]      9 = BLOWING SNOW             
                                                   X = TORNADO                  
MAX 32 OR BELOW:   0    0.01 INCH OR MORE:  20                                  
MAX 70 OR ABOVE:   0    0.10 INCH OR MORE:  11                                  
MIN 32 OR BELOW:   3    0.50 INCH OR MORE:   3                                  
MIN  0 OR BELOW:   0    1.00 INCH OR MORE:   0                                  

[HDD (BASE 65) ]                                                                
TOTAL THIS MO.   601    CLEAR  (SCALE 0-3)   M                                  
DPTR FM NORMAL   -98    PTCLDY (SCALE 4-7)   M                                  
SEASONAL TOTAL  7822    CLOUDY (SCALE 8-10)  M                                
DPTR FM NORMAL -1110                                                            

[CDD (BASE 65) ]                                                                
TOTAL THIS MO.     0                                                            
DPTR FM NORMAL     0    [PRESSURE DATA]                                         
SEASONAL TOTAL     0    HIGHEST SLP     M                                 
DPTR FM NORMAL     0    LOWEST  SLP     M                                 

[REMARKS]




Alaska Region Headquarters
222 West 7th Avenue #23
Anchorage, AK 99513-7575
Voice: 1-907-271-5088
Fax: 1-907-271-3711
Recorded Forecast: 1-800-472-0391
Webmaster Email: ARH Webauthors
Page Modified: 03 Feb 2008 18:00 UTC
About Us
Career Opportunities
Glossary
Credits
Disclaimer
Privacy Policy