CXAK56 PABE 311233
CF6BET

PRELIMINARY LOCAL CLIMATOLOGICAL DATA (WS FORM: F-6)

                                          STATION:   BETHEL
                                          MONTH:     05
                                          YEAR:      2016
                                          LATITUDE:   60 47 N                   
                                          LONGITUDE: 161 50 W                   

  TEMPERATURE IN F:       :PCPN:    SNOW:  WIND      :SUNSHINE: SKY     :PK WND 
================================================================================
1   2   3   4   5  6A  6B    7     8   9   10  11  12  13   14  15   16  17  18
                                      12Z  AVG MX 2MIN
DY MAX MIN AVG DEP HDD CDD  WTR   SNW DPTH SPD SPD DIR MIN PSBL S-S WX   SPD DR
================================================================================

 1  58  35  47  11  18   0     T  0.0   0  9.6 24   90   M    M   M       30  80
 2  52  30  41   5  24   0  0.00  0.0   0  3.9 15  260   M    M   M 2     16 190
 3  50  35  43   6  22   0  0.18  0.0   0  6.6 21  150   M    M   M 1     32 160
 4  54  29  42   5  23   0  0.02  0.0   0  9.1 21   80   M    M   M 23    24  80
 5  58  33  46   8  19   0  0.05  0.0   0 15.7 33   70   M    M   M       40  70
 6  57  40  49  11  16   0  0.01  0.0   0  9.2 23  100   M    M   M       29 110
 7  50  40  45   7  20   0     T  0.0   0 13.7 20  150   M    M   M 1     29 160
 8  51  40  46   7  19   0  0.06  0.0   0 16.1 29  160   M    M   M       39 170
 9  51  35  43   4  22   0     T  0.0   0 21.7 32  150   M    M   M       41 160
10  53  43  48   8  17   0  0.07  0.0   0 17.4 28  150   M    M   M 1     36 160
11  51  41  46   6  19   0  0.09  0.0   0 15.9 26  160   M    M   M 1     33 150
12  52  40  46   5  19   0  0.06  0.0   0  6.9 15  180   M    M   M 1     17 180
13  61  44  53  12  12   0  0.02  0.0   0 10.5 20   20   M    M   M 1     25  30
14  69  46  58  17   7   0  0.00  0.0   0 19.1 33   30   M    M   M       43  20
15  73  46  60  18   5   0  0.00  0.0   0  9.1 17  170   M    M   M       20  20
16  75  44  60  18   5   0     T  0.0   0 10.2 18  150   M    M   M       28 160
17  61  46  54  11  11   0  0.04  0.0   0 11.5 24   30   M    M   M 1     28  30
18  48  38  43   0  22   0  0.20  0.0   0 17.6 26  170   M    M   M 1     32 180
19  50  39  45   2  20   0  0.03  0.0   0 14.6 29  150   M    M   M       34 150
20  54  42  48   4  17   0  0.25  0.0   0  9.3 16  160   M    M   M 1     21 110
21  49  37  43  -1  22   0  0.04  0.0   0 15.5 25  190   M    M   M 1     31 200
22  47  38  43  -1  22   0  0.21  0.0   0 15.6 28  210   M    M   M 1     36 150
23  51  35  43  -2  22   0  0.10  0.0   0 13.5 24  170   M    M   M 1     30 160
24  48  41  45   0  20   0     T  0.0   0 14.5 24  190   M    M   M 1     30 190
25  49  41  45   0  20   0  0.01  0.0   0 13.2 24  180   M    M   M 1     28 180
26  66  42  54   8  11   0  0.00  0.0   0  7.9 14   50   M    M   M       18 340
27  78  46  62  16   3   0  0.00  0.0   0 14.2 26   60   M    M   M 1     36  50
28  72  42  57  10   8   0  0.00  0.0   0  9.6 17  260   M    M   M       24 260
29  76  45  61  14   4   0  0.00  0.0   0  7.1 20  210   M    M   M 2     23 220
30  65  45  55   8  10   0  0.01  0.0   0 11.9 30  150   M    M   M 2     41 170
================================================================================
SM 1729 1198       479   0  1.45 0.0    370.7           M        M
================================================================================
AV 57.6 39.9                             12.4 FASTST  PSBL  %   M    MAX(MPH)
                                 MISC ---->  #  33   30                 43  20
================================================================================
NOTES:

COLUMN 17 PEAK WIND IN M.P.H.

PRELIMINARY LOCAL CLIMATOLOGICAL DATA (WS FORM: F-6) , PAGE 2

                                          STATION:   BETHEL
                                          MONTH:     05
                                          YEAR:      2016
                                          LATITUDE:  60 47 N                   
                                          LONGITUDE: 161 50 W                   

[TEMPERATURE DATA]      [PRECIPITATION DATA]       SYMBOLS USED IN COLUMN 16    

AVERAGE MONTHLY:48.8   TOTAL FOR MONTH: 1.45       1 = FOG              
DPTR FM NORMAL:  7.0   DPTR FM NORMAL: 0.35       2 = FOG REDUCING VISIBILITY  
HIGHEST:    78 ON 27    GRTST 24HR   0.25 ON 20        TO 1/4 MILE OR LESS   
LOWEST:     29 ON  4                               3 = THUNDER                
                        SNOW, ICE PELLETS, HAIL    4 = ICE PELLETS              
                        TOTAL MONTH: 0.0         5 = HAIL                     
                        GRTST 24HR   0.0           6 = GLAZE OR RIME            
                        GRTST DEPTH:    0          7 = BLOWING DUST OR SAND:    
                                                       VSBY 1/2 MILE OR LESS    
                                                   8 = SMOKE OR HAZE            
[NO. OF DAYS WITH]      [WEATHER - DAYS WITH]      9 = BLOWING SNOW             
                                                   X = TORNADO                  
MAX 32 OR BELOW:   0    0.01 INCH OR MORE:  18                                  
MAX 70 OR ABOVE:   5    0.10 INCH OR MORE:   5                                  
MIN 32 OR BELOW:   2    0.50 INCH OR MORE:   0                                  
MIN  0 OR BELOW:   0    1.00 INCH OR MORE:   0                                  

[HDD (BASE 65) ]                                                                
TOTAL THIS MO.   479    CLEAR  (SCALE 0-3)   M                                  
DPTR FM NORMAL  -220    PTCLDY (SCALE 4-7)   M                                  
SEASONAL TOTAL  9979    CLOUDY (SCALE 8-10)  M                                
DPTR FM NORMAL -2152                                                            

[CDD (BASE 65) ]                                                                
TOTAL THIS MO.     0                                                            
DPTR FM NORMAL     0    [PRESSURE DATA]                                         
SEASONAL TOTAL     0    HIGHEST SLP     M                                 
DPTR FM NORMAL     0    LOWEST  SLP     M                                 

[REMARKS]




Alaska Region Headquarters
222 West 7th Avenue #23
Anchorage, AK 99513-7575
Voice: 1-907-271-5088
Fax: 1-907-271-3711
Recorded Forecast: 1-800-472-0391
Webmaster Email: ARH Webauthors
Page Modified: 03 Feb 2008 18:00 UTC
About Us
Career Opportunities
Glossary
Credits
Disclaimer
Privacy Policy