CXAK56 PABE 251207
CF6BET

PRELIMINARY LOCAL CLIMATOLOGICAL DATA (WS FORM: F-6)

                                          STATION:   BETHEL
                                          MONTH:     05
                                          YEAR:      2015
                                          LATITUDE:   60 47 N                   
                                          LONGITUDE: 161 50 W                   

  TEMPERATURE IN F:       :PCPN:    SNOW:  WIND      :SUNSHINE: SKY     :PK WND 
================================================================================
1   2   3   4   5  6A  6B    7     8   9   10  11  12  13   14  15   16  17  18
                                      12Z  AVG MX 2MIN
DY MAX MIN AVG DEP HDD CDD  WTR   SNW DPTH SPD SPD DIR MIN PSBL S-S WX   SPD DR
================================================================================

 1  44  31  38   2  27   0     T    T   0 10.1 20  210   M    M   M 2     23 210
 2  48  31  40   4  25   0     T  0.0   0  8.6 14  320   M    M   M       18 320
 3  50  30  40   3  25   0  0.11    T   0  8.2 15  320   M    M   M 12468 18 320
 4  57  29  43   6  22   0  0.00  0.0   0  8.1 20   50   M    M   M       25  40
 5  57  33  45   7  20   0  0.00  0.0   0  5.2 16  210   M    M   M       20 200
 6  58  36  47   9  18   0     T  0.0   0  0.0 15   50   M    M   M       17  50
 7  49  38  44   6  21   0  0.05  0.0   0  0.0 10  180   M    M   M 1     13 140
 8  41  31  36  -3  29   0     T  0.0   0  9.8 17  290   M    M   M 126   21 290
 9  59  31  45   6  20   0  0.00  0.0   0  7.5 17  240   M    M   M       23 250
10  60  34  47   7  18   0  0.00  0.0   0 10.1 20  110   M    M   M       25 110
11  53  36  45   5  20   0     T  0.0   0 10.7 22  220   M    M   M       26 200
12  54  33  44   3  21   0  0.00  0.0   0  5.7 15  230   M    M   M 18    17 220
13  49  41  45   4  20   0  0.23  0.0   0 12.5 29  190   M    M   M 1     35 180
14  54  40  47   6  18   0  0.15  0.0   0  6.9 14  210   M    M   M       17 110
15  60  39  50   8  15   0  0.05  0.0   0  8.1 21  110   M    M   M       27 110
16  50  36  43   1  22   0  0.11  0.0   0 13.4 24  160   M    M   M       31 160
17  51  42  47   4  18   0  0.33  0.0   0  7.9 18  150   M    M   M       24 160
18  51  42  47   4  18   0  0.04  0.0   0 12.4 23  180   M    M   M       28 190
19  57  42  50   7  15   0  0.06  0.0   0  9.8 24  120   M    M   M       30 120
20  50  44  47   3  18   0  0.37  0.0   0  9.2 22  170   M    M   M 1     28 170
21  54  43  49   5  16   0  0.03  0.0   0  6.8 16  200   M    M   M       20 220
22  57  45  51   7  14   0  0.08  0.0   0  6.9 16  130   M    M   M 1     19 130
23  53  43  48   3  17   0     T  0.0   0 16.1 25  140   M    M   M       32 120
24  55  43  49   4  16   0     T  0.0   0 12.5 22  180   M    M   M 1     27 180
================================================================================
SM 1271  893       473   0  1.61     T    206.5           M        M
================================================================================
AV 53.0 37.2                              8.6 FASTST  PSBL  %   M    MAX(MPH)
                                 MISC ---->     29  190                 35 180
================================================================================
NOTES:

COLUMN 17 PEAK WIND IN M.P.H.

PRELIMINARY LOCAL CLIMATOLOGICAL DATA (WS FORM: F-6) , PAGE 2

                                          STATION:   BETHEL
                                          MONTH:     05
                                          YEAR:      2015
                                          LATITUDE:  60 47 N                   
                                          LONGITUDE: 161 50 W                   

[TEMPERATURE DATA]      [PRECIPITATION DATA]       SYMBOLS USED IN COLUMN 16    

AVERAGE MONTHLY:45.1   TOTAL FOR MONTH: 1.61       1 = FOG              
DPTR FM NORMAL:  4.4   DPTR FM NORMAL: 0.75       2 = FOG REDUCING VISIBILITY  
HIGHEST:    60 ON 15    GRTST 24HR   0.37 ON 20        TO 1/4 MILE OR LESS   
LOWEST:     29 ON  4                               3 = THUNDER                
                        SNOW, ICE PELLETS, HAIL    4 = ICE PELLETS              
                        TOTAL MONTH:     T         5 = HAIL                     
                        GRTST 24HR     T ON  3     6 = GLAZE OR RIME            
                        GRTST DEPTH:    0          7 = BLOWING DUST OR SAND:    
                                                       VSBY 1/2 MILE OR LESS    
                                                   8 = SMOKE OR HAZE            
[NO. OF DAYS WITH]      [WEATHER - DAYS WITH]      9 = BLOWING SNOW             
                                                   X = TORNADO                  
MAX 32 OR BELOW:   0    0.01 INCH OR MORE:  12                                  
MAX 70 OR ABOVE:   0    0.10 INCH OR MORE:   6                                  
MIN 32 OR BELOW:   6    0.50 INCH OR MORE:   0                                  
MIN  0 OR BELOW:   0    1.00 INCH OR MORE:   0                                  

[HDD (BASE 65) ]                                                                
TOTAL THIS MO.   473    CLEAR  (SCALE 0-3)   M                                  
DPTR FM NORMAL  -113    PTCLDY (SCALE 4-7)   M                                  
SEASONAL TOTAL 10652    CLOUDY (SCALE 8-10)  M                                
DPTR FM NORMAL -1366                                                            

[CDD (BASE 65) ]                                                                
TOTAL THIS MO.     0                                                            
DPTR FM NORMAL     0    [PRESSURE DATA]                                         
SEASONAL TOTAL     0    HIGHEST SLP     M                                 
DPTR FM NORMAL     0    LOWEST  SLP     M                                 

[REMARKS]




Alaska Region Headquarters
222 West 7th Avenue #23
Anchorage, AK 99513-7575
Voice: 1-907-271-5088
Fax: 1-907-271-3711
Recorded Forecast: 1-800-472-0391
Webmaster Email: ARH Webauthors
Page Modified: 03 Feb 2008 18:00 UTC
About Us
Career Opportunities
Glossary
Credits
Disclaimer
Privacy Policy