CXAK56 PABE 102154
CF6BET

PRELIMINARY LOCAL CLIMATOLOGICAL DATA (WS FORM: F-6)

                                          STATION:   BETHEL
                                          MONTH:     09
                                          YEAR:      2016
                                          LATITUDE:   60 47 N                   
                                          LONGITUDE: 161 50 W                   

  TEMPERATURE IN F:       :PCPN:    SNOW:  WIND      :SUNSHINE: SKY     :PK WND 
================================================================================
1   2   3   4   5  6A  6B    7     8   9   10  11  12  13   14  15   16  17  18
                                      12Z  AVG MX 2MIN
DY MAX MIN AVG DEP HDD CDD  WTR   SNW DPTH SPD SPD DIR MIN PSBL S-S WX   SPD DR
================================================================================

 1  73  46  60   9   5   0  0.00  0.0   0  2.9  8  350   M    M   M 2    12 100
 2  74  44  59   8   6   0  0.00  0.0   0  5.1 14   40   M    M   M 28   18  40
 3  62  53  58   7   7   0  0.39  0.0   0  8.2 14  120   M    M   M 1    18 110
 4  65  50  58   8   7   0  0.12  0.0   0  6.7 14  210   M    M   M 1    18 190
 5  61  50  56   6   9   0  0.13  0.0   0  5.2 16  200   M    M   M 2    18 200
 6  54  44  49  -1  16   0  0.03  0.0   0 11.7 22  320   M    M   M 1    27 330
 7  56  38  47  -2  18   0  0.04  0.0   0  5.9 14  350   M    M   M 2    18 350
 8  60  37  49   0  16   0  0.00  0.0   0  8.0 14  330   M    M   M      19 310
 9  53  41  47  -2  18   0  0.00  0.0   0  9.7 18  320   M    M   M 2    22 320
10  54  37  46  -2  19   0  0.00  0.0   0  7.7 12   20   M    M   M 2    14  30
11  60  48  54   6  11   0  0.51  0.0   0 12.4 23  180   M    M   M 1    29 170
12  53  42  48   1  17   0  0.54  0.0   0 16.1 30  260   M    M   M 1    41 270
13  48  35  42  -5  23   0  0.00  0.0   0  6.5 13  320   M    M   M 1    15 240
14  55  34  45  -2  20   0  0.06  0.0   0  9.5 17   70   M    M   M 1    21  60
15  59  40  50   4  15   0     T  0.0   0  4.7 12   90   M    M   M 2    13  90
16  48  40  44  -2  21   0  0.58  0.0   0  9.9 18  230   M    M   M 2    21 220
17  47  40  44  -1  21   0  0.08  0.0   0 11.5 22  340   M    M   M 1    30 340
18  52  35  44  -1  21   0  0.06  0.0   0 10.9 18  170   M    M   M 1    23 160
19  53  47  50   6  15   0  0.36  0.0   0 22.1 39  150   M    M   M 1    47 150
20  55  37  46   2  19   0  0.03  0.0   0  7.9 23  160   M    M   M 2    30 180
21  52  35  44   0  21   0  0.18  0.0   0  9.6 20  170   M    M   M 2    25 190
22  52  39  46   3  19   0  0.00  0.0   0  4.7 18   10   M    M   M      22 360
23  48  37  43   0  22   0  0.00  0.0   0  9.1 18  320   M    M   M      22 310
24  48  35  42   0  23   0     T  0.0   0  5.6 17  300   M    M   M      22 300
25  47  31  39  -3  26   0     T  0.0   0 10.3 18  170   M    M   M 2    22 180
26  53  39  46   5  19   0     T  0.0   0  6.5 12   10   M    M   M      13 130
27  53  42  48   8  17   0     T  0.0   0 11.1 20  180   M    M   M 1    25 190
28  54  38  46   6  19   0  0.06  0.0   0 13.9 28  190   M    M   M 1    33 200
29  54  34  44   5  21   0  0.00  0.0   0  7.6 16  160   M    M   M 2    19 170
30  62  40  51  12  14   0     T  0.0   0 12.6 29  110   M    M   M      36 110
================================================================================
SM 1665 1208       505   0  3.17  0.0    273.6           M        M
================================================================================
AV 55.5 40.3                              9.1 FASTST  PSBL  %   M    MAX(MPH)
                                 MISC ---->     39  150                 47 150
================================================================================
NOTES:

COLUMN 17 PEAK WIND IN M.P.H.

PRELIMINARY LOCAL CLIMATOLOGICAL DATA (WS FORM: F-6) , PAGE 2

                                          STATION:   BETHEL
                                          MONTH:     09
                                          YEAR:      2016
                                          LATITUDE:  60 47 N                   
                                          LONGITUDE: 161 50 W                   

[TEMPERATURE DATA]      [PRECIPITATION DATA]       SYMBOLS USED IN COLUMN 16    

AVERAGE MONTHLY:47.9   TOTAL FOR MONTH: 3.17       1 = FOG              
DPTR FM NORMAL:  2.2   DPTR FM NORMAL: 0.42       2 = FOG REDUCING VISIBILITY  
HIGHEST:    74 ON  2    GRTST 24HR   0.58 ON 16        TO 1/4 MILE OR LESS   
LOWEST:     31 ON 25                               3 = THUNDER                
                        SNOW, ICE PELLETS, HAIL    4 = ICE PELLETS              
                        TOTAL MONTH:  0.0         5 = HAIL                     
                        GRTST 24HR   0.0           6 = GLAZE OR RIME            
                        GRTST DEPTH:    0          7 = BLOWING DUST OR SAND:    
                                                       VSBY 1/2 MILE OR LESS    
                                                   8 = SMOKE OR HAZE            
[NO. OF DAYS WITH]      [WEATHER - DAYS WITH]      9 = BLOWING SNOW             
                                                   X = TORNADO                  
MAX 32 OR BELOW:   0    0.01 INCH OR MORE:  15                                  
MAX 70 OR ABOVE:   2    0.10 INCH OR MORE:   8                                  
MIN 32 OR BELOW:   1    0.50 INCH OR MORE:   3                                  
MIN  0 OR BELOW:   0    1.00 INCH OR MORE:   0                                  

[HDD (BASE 65) ]                                                                
TOTAL THIS MO.   505    CLEAR  (SCALE 0-3)   M                                  
DPTR FM NORMAL   -79    PTCLDY (SCALE 4-7)   M                                  
SEASONAL TOTAL   897    CLOUDY (SCALE 8-10)  M                                
DPTR FM NORMAL  -329                                                            

[CDD (BASE 65) ]                                                                
TOTAL THIS MO.     0                                                            
DPTR FM NORMAL     0    [PRESSURE DATA]                                         
SEASONAL TOTAL    13    HIGHEST SLP     M                                 
DPTR FM NORMAL    13    LOWEST  SLP     M                                 

[REMARKS]



Alaska Region Headquarters
222 West 7th Avenue #23
Anchorage, AK 99513-7575
Voice: 1-907-271-5088
Fax: 1-907-271-3711
Recorded Forecast: 1-800-472-0391
Webmaster Email: ARH Webauthors
Page Modified: 03 Feb 2008 18:00 UTC
About Us
Career Opportunities
Glossary
Credits
Disclaimer
Privacy Policy