CXAK56 PABE 011141
CF6BET

PRELIMINARY LOCAL CLIMATOLOGICAL DATA (WS FORM: F-6)

                                          STATION:   BETHEL
                                          MONTH:     08
                                          YEAR:      2015
                                          LATITUDE:   60 47 N                   
                                          LONGITUDE: 161 50 W                   

  TEMPERATURE IN F:       :PCPN:    SNOW:  WIND      :SUNSHINE: SKY     :PK WND 
================================================================================
1   2   3   4   5  6A  6B    7     8   9   10  11  12  13   14  15   16  17  18
                                      12Z  AVG MX 2MIN
DY MAX MIN AVG DEP HDD CDD  WTR   SNW DPTH SPD SPD DIR MIN PSBL S-S WX   SPD DR
================================================================================

 1  58  49  54  -1  11   0  0.01  0.0   0  8.3 13  270   M    M   M       20 290
 2  71  51  61   6   4   0     T  0.0   0  7.7 14  350   M    M   M 1     19 330
 3  76  47  62   7   3   0  0.00  0.0   0 13.6 20  360   M    M   M 2     26 340
 4  75  49  62   7   3   0  0.00  0.0   0 15.1 23  330   M    M   M       28 330
 5  69  47  58   3   7   0     T  0.0   0 11.3 22  330   M    M   M 1     26 330
 6  66  49  58   3   7   0  0.00  0.0   0  8.5 13  270   M    M   M 1     18 260
 7  61  47  54  -1  11   0  0.00  0.0   0  7.3 16  220   M    M   M 1     19 210
 8  61  46  54   0  11   0  0.38  0.0   0  4.6 12   90   M    M   M 1     15 100
 9  58  46  52  -2  13   0  0.27  0.0   0 16.9 28  330   M    M   M 1     34 330
10  56  39  48  -6  17   0  0.00  0.0   0  8.1 15  320   M    M   M       18 300
11  55  46  51  -3  14   0  0.04  0.0   0  9.8 18  220   M    M   M 1     23 220
12  55  48  52  -2  13   0  0.01  0.0   0  7.9 13  280   M    M   M 1     16 250
13  62  49  56   2   9   0  0.01  0.0   0  8.4 15   20   M    M   M 1     19  30
14  56  49  53  -1  12   0  0.20  0.0   0  5.7 12  210   M    M   M 1     14 210
15  60  48  54   0  11   0  0.12  0.0   0  8.9 20  190   M    M   M       24 200
16  54  50  52  -2  13   0  0.40  0.0   0 12.7 21  160   M    M   M       25 170
17  58  50  54   0  11   0  0.05  0.0   0  4.8  9  280   M    M   M 1     13 280
18  56  48  52  -2  13   0     T  0.0   0  9.7 20  300   M    M   M 18    22 300
19  59  48  54   1  11   0  0.01  0.0   0  6.8 13  260   M    M   M       16 260
20  60  45  53   0  12   0  0.01  0.0   0  5.4 12  320   M    M   M 2     16 320
21  58  47  53   0  12   0  0.01  0.0   0 10.9 21  290   M    M   M       25 300
22  56  45  51  -2  14   0  0.02  0.0   0  8.3 16  290   M    M   M 1     21 300
23  56  50  53   0  12   0  0.22  0.0   0  8.3 14  280   M    M   M 1     16 230
24  56  51  54   1  11   0  0.01  0.0   0 14.5 26  200   M    M   M 1     32 200
25  54  51  53   0  12   0  0.42  0.0   0 24.2 33  180   M    M   M 1     45 180
26  54  49  52   0  13   0  0.59  0.0   0 20.8 33  190   M    M   M 18    46 190
27  53  40  47  -5  18   0  0.02  0.0   0 13.6 23  330   M    M   M       30 320
28  51  34  43  -9  22   0  0.13  0.0   0  7.6 13  210   M    M   M       17 220
29  55  41  48  -4  17   0  0.11  0.0   0 15.6 28  320   M    M   M       34 320
30  53  40  47  -5  18   0  0.00  0.0   0 16.2 28  310   M    M   M       36 300
31  57  37  47  -4  18   0  0.00  0.0   0  6.1 13  300   M    M   M       18 310
================================================================================
SM 1829 1436       373   0  3.04 0.0    327.6           M        M
================================================================================
AV 59.0 46.3                             10.6 FASTST  PSBL  %   M    MAX(MPH)
                                 MISC ---->  #  33  190                 46 190
================================================================================
NOTES:

COLUMN 17 PEAK WIND IN M.P.H.

PRELIMINARY LOCAL CLIMATOLOGICAL DATA (WS FORM: F-6) , PAGE 2

                                          STATION:   BETHEL
                                          MONTH:     08
                                          YEAR:      2015
                                          LATITUDE:  60 47 N                   
                                          LONGITUDE: 161 50 W                   

[TEMPERATURE DATA]      [PRECIPITATION DATA]       SYMBOLS USED IN COLUMN 16    

AVERAGE MONTHLY:52.7   TOTAL FOR MONTH: 3.04       1 = FOG              
DPTR FM NORMAL: -0.9   DPTR FM NORMAL: -0.21       2 = FOG REDUCING VISIBILITY  
HIGHEST:    76 ON  3    GRTST 24HR   0.59 ON 26        TO 1/4 MILE OR LESS   
LOWEST:     34 ON 28                               3 = THUNDER                
                        SNOW, ICE PELLETS, HAIL    4 = ICE PELLETS              
                        TOTAL MONTH: 0.0         5 = HAIL                     
                        GRTST 24HR   0.0           6 = GLAZE OR RIME            
                        GRTST DEPTH:    0          7 = BLOWING DUST OR SAND:    
                                                       VSBY 1/2 MILE OR LESS    
                                                   8 = SMOKE OR HAZE            
[NO. OF DAYS WITH]      [WEATHER - DAYS WITH]      9 = BLOWING SNOW             
                                                   X = TORNADO                  
MAX 32 OR BELOW:   0    0.01 INCH OR MORE:  21                                  
MAX 70 OR ABOVE:   3    0.10 INCH OR MORE:  10                                  
MIN 32 OR BELOW:   0    0.50 INCH OR MORE:   1                                  
MIN  0 OR BELOW:   0    1.00 INCH OR MORE:   0                                  

[HDD (BASE 65) ]                                                                
TOTAL THIS MO.   373    CLEAR  (SCALE 0-3)   M                                  
DPTR FM NORMAL    15    PTCLDY (SCALE 4-7)   M                                  
SEASONAL TOTAL   614    CLOUDY (SCALE 8-10)  M                                
DPTR FM NORMAL   -28                                                            

[CDD (BASE 65) ]                                                                
TOTAL THIS MO.     0                                                            
DPTR FM NORMAL     0    [PRESSURE DATA]                                         
SEASONAL TOTAL    11    HIGHEST SLP     M                                 
DPTR FM NORMAL    11    LOWEST  SLP     M                                 

[REMARKS]



Alaska Region Headquarters
222 West 7th Avenue #23
Anchorage, AK 99513-7575
Voice: 1-907-271-5088
Fax: 1-907-271-3711
Recorded Forecast: 1-800-472-0391
Webmaster Email: ARH Webauthors
Page Modified: 03 Feb 2008 18:00 UTC
About Us
Career Opportunities
Glossary
Credits
Disclaimer
Privacy Policy