CXAK56 PABE 030933
CF6BET

PRELIMINARY LOCAL CLIMATOLOGICAL DATA (WS FORM: F-6)

                                          STATION:   BETHEL
                                          MONTH:     04
                                          YEAR:      2016
                                          LATITUDE:   60 47 N                   
                                          LONGITUDE: 161 50 W                   

  TEMPERATURE IN F:       :PCPN:    SNOW:  WIND      :SUNSHINE: SKY     :PK WND 
================================================================================
1   2   3   4   5  6A  6B    7     8   9   10  11  12  13   14  15   16  17  18
                                      12Z  AVG MX 2MIN
DY MAX MIN AVG DEP HDD CDD  WTR   SNW DPTH SPD SPD DIR MIN PSBL S-S WX   SPD DR
================================================================================

 1  47  33  40  21  25   0  0.08  0.0   1 12.5 21   90   M    M   M 1    23 100
 2  40  30  35  15  30   0  0.05  0.4   T 17.8 30  170   M    M   M 2    38 170
 3  46  30  38  18  27   0     T  0.0   T 15.3 25  110   M    M   M      31 110
 4  47  31  39  18  26   0  0.00  0.0   T 16.5 24   80   M    M   M      29  80
 5  47  28  38  17  27   0  0.00  0.0   T  8.9 16   20   M    M   M      19  20
 6  48  26  37  15  28   0  0.00  0.0   0  7.7 17  130   M    M   M      20 160
 7  48  27  38  16  27   0  0.34  0.0   0  9.9 18  100   M    M   M 1    21  90
 8  50  26  38  15  27   0     T  0.0   0 14.2 32  110   M    M   M      38 100
 9  50  29  40  17  25   0  0.07  0.0   0 17.4 30  110   M    M   M 1    37  50
10  47  32  40  16  25   0  0.01  0.0   0 13.1 25  120   M    M   M      30 120
11  49  30  40  16  25   0     T  0.0   0 12.9 20   70   M    M   M      26  80
12  52  29  41  16  24   0  0.00  0.0   0  7.2 15   80   M    M   M      17  90
13  54  25  40  15  25   0     T  0.0   0  7.7 20   80   M    M   M 1    23  80
14  55  30  43  17  22   0     T  0.0   0 13.2 25   70   M    M   M      29  80
15  50  29  40  13  25   0  0.00  0.0   0 11.2 18   20   M    M   M      23  30
16  39  25  32   5  33   0  0.00  0.0   0  5.8 14  330   M    M   M      20 320
17  51  24  38  10  27   0     T  0.0   0 13.4 24  160   M    M   M 1    29 160
18  51  30  41  13  24   0  0.00  0.0   0 18.4 29  110   M    M   M      34 100
19  50  36  43  14  22   0  0.01  0.0   0 18.6 28  110   M    M   M      34 110
20  55  34  45  16  20   0  0.00  0.0   0 17.3 26  100   M    M   M      32 100
21  58  34  46  16  19   0  0.00  0.0   0 14.4 23   90   M    M   M      27  90
22  57  31  44  13  21   0  0.00  0.0   0 14.3 25  110   M    M   M      32 100
23  62  37  50  19  15   0  0.00  0.0   0  9.9 20   70   M    M   M      22  70
24  63  39  51  19  14   0     T  0.0   0 15.5 26   90   M    M   M      33  80
25  59  40  50  18  15   0     T  0.0   0 16.5 30  100   M    M   M      39  90
26  56  35  46  13  19   0     T  0.0   0  9.6 22  190   M    M   M      28 200
27  56  29  43  10  22   0     T  0.0   0 16.7 30  100   M    M   M 2    37  80
28  60  32  46  12  19   0  0.00  0.0   0 12.8 24  100   M    M   M      32 100
29  57  35  46  11  19   0  0.11  0.0   0  9.7 25  140   M    M   M      32 150
30  57  30  44   9  21   0  0.00  0.0   0 13.7 25   10   M    M   M      33 360
================================================================================
SM 1561  926       698   0  0.67  0.4    392.1           M        M
================================================================================
AV 52.0 30.9                             13.1 FASTST  PSBL  %   M    MAX(MPH)
                                 MISC ---->     32  110                 39  90
================================================================================
NOTES:

COLUMN 17 PEAK WIND IN M.P.H.

PRELIMINARY LOCAL CLIMATOLOGICAL DATA (WS FORM: F-6) , PAGE 2

                                          STATION:   BETHEL
                                          MONTH:     04
                                          YEAR:      2016
                                          LATITUDE:  60 47 N                   
                                          LONGITUDE: 161 50 W                   

[TEMPERATURE DATA]      [PRECIPITATION DATA]       SYMBOLS USED IN COLUMN 16    

AVERAGE MONTHLY:41.5   TOTAL FOR MONTH: 0.67       1 = FOG              
DPTR FM NORMAL: 14.5   DPTR FM NORMAL: -0.07       2 = FOG REDUCING VISIBILITY  
HIGHEST:    63 ON 24    GRTST 24HR   0.34 ON  7        TO 1/4 MILE OR LESS   
LOWEST:     24 ON 17                               3 = THUNDER                
                        SNOW, ICE PELLETS, HAIL    4 = ICE PELLETS              
                        TOTAL MONTH:  0.4   INCH  5 = HAIL                     
                        GRTST 24HR   0.4 ON  2     6 = GLAZE OR RIME            
                        GRTST DEPTH:    1 ON  1    7 = BLOWING DUST OR SAND:    
                                                       VSBY 1/2 MILE OR LESS    
                                                   8 = SMOKE OR HAZE            
[NO. OF DAYS WITH]      [WEATHER - DAYS WITH]      9 = BLOWING SNOW             
                                                   X = TORNADO                  
MAX 32 OR BELOW:   0    0.01 INCH OR MORE:   7                                  
MAX 70 OR ABOVE:   0    0.10 INCH OR MORE:   2                                  
MIN 32 OR BELOW:  21    0.50 INCH OR MORE:   0                                  
MIN  0 OR BELOW:   0    1.00 INCH OR MORE:   0                                  

[HDD (BASE 65) ]                                                                
TOTAL THIS MO.   698    CLEAR  (SCALE 0-3)   M                                  
DPTR FM NORMAL  -444    PTCLDY (SCALE 4-7)   M                                  
SEASONAL TOTAL  9500    CLOUDY (SCALE 8-10)  M                                
DPTR FM NORMAL -1932                                                            

[CDD (BASE 65) ]                                                                
TOTAL THIS MO.     0                                                            
DPTR FM NORMAL     0    [PRESSURE DATA]                                         
SEASONAL TOTAL     0    HIGHEST SLP     M                                 
DPTR FM NORMAL     0    LOWEST  SLP     M                                 

[REMARKS]



Alaska Region Headquarters
222 West 7th Avenue #23
Anchorage, AK 99513-7575
Voice: 1-907-271-5088
Fax: 1-907-271-3711
Recorded Forecast: 1-800-472-0391
Webmaster Email: ARH Webauthors
Page Modified: 03 Feb 2008 18:00 UTC
About Us
Career Opportunities
Glossary
Credits
Disclaimer
Privacy Policy