CDAK49 PAOT 251224
CLIOTZ

CLIMATE REPORT 
NATIONAL WEATHER SERVICE KOTZEBUE, AK
424 AM AKDT SAT OCT 25 2014
...................................
...THE KOTZEBUE WSO AP CLIMATE SUMMARY FOR OCTOBER 24 2014... 

CLIMATE NORMAL PERIOD  1981 TO  2010 
CLIMATE RECORD PERIOD  1897 TO  2014 

WEATHER ITEM   OBSERVED TIME    RECORD YEAR NORMAL DEPARTURE LAST 
               VALUE    (LST)   VALUE       VALUE  FROM      YEAR 
                                                   NORMAL 
................................................................... 
TEMPERATURE 
YESTERDAY 
 MAXIMUM            29  1159 PM    48  1941     23       6     32 
 MINIMUM            18  0850 AM   -11  1970     15       3     26 
 AVERAGE            24                          19       5     29 

PRECIPITATION 
(INCHES) 
 YESTERDAY        0.02           0.12  1993   0.03   -0.01   0.00 
 MONTH TO DATE    0.09                        0.85   -0.76   1.40 
 SINCE SEP 1      1.90                        2.43   -0.53   3.42 
 SINCE JAN 1      8.64                        9.31   -0.67   9.88 

SNOWFALL 
(INCHES) 
 YESTERDAY         0.2            1.6  1993    0.3    -0.1    0.0 
 MONTH TO DATE     0.7                         4.4    -3.7    0.3 
 SINCE SEP 1       0.7                         5.2    -4.5    0.7 
 SINCE JUL 1       0.7                         5.2    -4.5    0.7
 SNOW DEPTH (IN)     2                                          0 

DEGREE DAYS 
 HEATING 
  YESTERDAY         41                          46      -5     36 
  MONTH TO DATE    888                         926     -38    703 
  SINCE SEP 1     1459                        1606    -147   1465 
  SINCE JUL 1     2019                        2344    -325   2059

 COOLING 
  YESTERDAY          0                           0       0      0 
  MONTH TO DATE      0                           0       0      0 
  SINCE SEP 1        0                           0       0      0 
  SINCE JAN 1       19                           0      19     13 
................................................................... 

WIND (MPH) 
 HIGHEST WIND SPEED    24     HIGHEST WIND DIRECTION    120      
 HIGHEST GUST SPEED    29     HIGHEST GUST DIRECTION    120 
 AVERAGE WIND SPEED  14.1 

SKY COVER
  POSSIBLE SUNSHINE    MM          AVERAGE SKY COVER     MM
 
WEATHER CONDITIONS 
 THE FOLLOWING WEATHER WAS RECORDED YESTERDAY. 
 FOG
 SNOW
 

RELATIVE HUMIDITY
 HIGHEST RH     MM PERCENT       MM
 LOWEST  RH     MM PERCENT       MM
 AVERAGE RH     MM PERCENT       MM
................................................................... 

THE KOTZEBUE CLIMATE NORMALS FOR TODAY 
                           NORMAL    RECORD   YEAR 
 MAXIMUM TEMPERATURE (F)     23        42     1969 
 MINIMUM TEMPERATURE (F)     14       -17     1935 

SUNRISE AND SUNSET 
 OCT 25 2014..........SUNRISE 10:27 AM      SUNSET  6:41 PM   
 OCT 26 2014..........SUNRISE 10:31 AM      SUNSET  6:37 PM   

-  INDICATES NEGATIVE NUMBERS.
R  INDICATES RECORD HAS BEEN SET OR TIED.
MM INDICATES DATA IS MISSING.
T  INDICATES TRACE OF PRECIPITATION.

&&
-------------------------------------------------------------------

AMOUNT OF DAYLIGHT TODAY  (HOUR:MIN)........8 HOURS 14 MINUTES
LOSS SINCE YESTERDAY (HOUR:MIN:SEC).........-0:07:35

$$
TGH OCT 14


Alaska Region Headquarters
222 West 7th Avenue #23
Anchorage, AK 99513-7575
Voice: 1-907-271-5088
Fax: 1-907-271-3711
Recorded Forecast: 1-800-472-0391
Webmaster Email: ARH Webauthors
Page Modified: 03 Feb 2008 18:00 UTC
About Us
Career Opportunities
Glossary
Credits
Disclaimer
Privacy Policy