CDAK49 PAOT 041122
CLIOTZ

CLIMATE REPORT 
NATIONAL WEATHER SERVICE KOTZEBUE, AK
322 AM AKDT WED MAY 4 2016
...................................
...THE KOTZEBUE WSO AP CLIMATE SUMMARY FOR MAY 3 2016... 

CLIMATE NORMAL PERIOD  1981 TO  2010 
CLIMATE RECORD PERIOD  1897 TO  2016 

WEATHER ITEM   OBSERVED TIME    RECORD YEAR NORMAL DEPARTURE LAST 
               VALUE    (LST)   VALUE       VALUE  FROM      YEAR 
                                                   NORMAL 
................................................................... 
TEMPERATURE 
YESTERDAY 
 MAXIMUM            33  0714 PM    52  2004     32       1     28 
 MINIMUM            23  0544 AM    -8  1944     19       4     21 
 AVERAGE            28                          25       3     25 

PRECIPITATION 
(INCHES) 
 YESTERDAY        0.00           0.06  2014   0.02   -0.02   0.00 
 MONTH TO DATE    0.00                        0.05   -0.05      T 
 SINCE MAR 1      0.74                        1.03   -0.29   1.08 
 SINCE JAN 1      1.46                        2.31   -0.85   1.93 

SNOWFALL 
(INCHES) 
 YESTERDAY         0.0            0.8  2012    0.1    -0.1    0.0 
 MONTH TO DATE     0.0                         0.3    -0.3      T 
 SINCE MAR 1      14.3                        11.3     3.0    9.4 
 SINCE JUL 1      59.7                        58.9     0.8   24.7
 SNOW DEPTH (IN)     0                                          3 

DEGREE DAYS 
 HEATING 
  YESTERDAY         37                          40      -3     40 
  MONTH TO DATE    109                         121     -12    130 
  SINCE MAR 1     3188                        3659    -471   3657 
  SINCE JUL 1    12186                       13901   -1715  12535

 COOLING 
  YESTERDAY          0                           0       0      0 
  MONTH TO DATE      0                           0       0      0 
  SINCE MAR 1        0                           0       0      0 
  SINCE JAN 1        0                           0       0      0 
................................................................... 

WIND (MPH) 
 HIGHEST WIND SPEED    10     HIGHEST WIND DIRECTION    220      
 HIGHEST GUST SPEED    13     HIGHEST GUST DIRECTION    220 
 AVERAGE WIND SPEED   5.9 

WEATHER CONDITIONS 
 THE FOLLOWING WEATHER WAS RECORDED YESTERDAY. 
  NO SIGNIFICANT WEATHER WAS OBSERVED. 
................................................................... 

THE KOTZEBUE CLIMATE NORMALS FOR TODAY 
                           NORMAL    RECORD   YEAR 
 MAXIMUM TEMPERATURE (F)     33        48     1953 
 MINIMUM TEMPERATURE (F)     19       -10     1984 

SUNRISE AND SUNSET 
 MAY 4 2016..........SUNRISE  5:44 AM      SUNSET 11:55 PM   
 MAY 5 2016..........SUNRISE  5:39 AM      SUNSET 11:59 PM   

-  INDICATES NEGATIVE NUMBERS.
R  INDICATES RECORD HAS BEEN SET OR TIED.
MM INDICATES DATA IS MISSING.
T  INDICATES TRACE OF PRECIPITATION.

&&
-------------------------------------------------------------------

AMOUNT OF DAYLIGHT TODAY  (HOUR:MIN)........18 HOURS 11 MINUTES
GAIN SINCE YESTERDAY (HOUR:MIN:SEC).........+0:08:24

$$
CRG MAY 16

Alaska Region Headquarters
222 West 7th Avenue #23
Anchorage, AK 99513-7575
Voice: 1-907-271-5088
Fax: 1-907-271-3711
Recorded Forecast: 1-800-472-0391
Webmaster Email: ARH Webauthors
Page Modified: 03 Feb 2008 18:00 UTC
About Us
Career Opportunities
Glossary
Credits
Disclaimer
Privacy Policy