CDAK49 PAOT 011203
CLIOTZ

CLIMATE REPORT 
NATIONAL WEATHER SERVICE KOTZEBUE, AK
403 AM AKDT WED OCT 1 2014
...................................
...THE KOTZEBUE WSO AP CLIMATE SUMMARY FOR SEPTEMBER 30 2014... 

CLIMATE NORMAL PERIOD  1981 TO  2010 
CLIMATE RECORD PERIOD  1897 TO  2014 

WEATHER ITEM   OBSERVED TIME    RECORD YEAR NORMAL DEPARTURE LAST 
               VALUE    (LST)   VALUE       VALUE  FROM      YEAR 
                                                   NORMAL 
................................................................... 
TEMPERATURE 
YESTERDAY 
 MAXIMUM            44  0641 PM    52  1929     39       5     34 
 MINIMUM            39  0909 AM    11  1897     30       8     23 
 AVERAGE            42                          35       7     29 

PRECIPITATION 
(INCHES) 
 YESTERDAY           T           0.45  1977   0.05   -0.05   0.00 
 MONTH TO DATE    1.81                        1.58    0.23   2.02 
 SINCE SEP 1      1.81                        1.58    0.23   2.02 
 SINCE JAN 1      8.55                        8.46    0.09   8.48 

SNOWFALL 
(INCHES) 
 YESTERDAY         0.0            1.1  1993    0.1    -0.1    0.0 
 MONTH TO DATE       T                         0.8    -0.8    0.4 
 SINCE SEP 1       0.0                         0.8    -0.8    0.4 
 SINCE JUL 1         T                         0.8    -0.8    0.4
 SNOW DEPTH (IN)     0                                          0 

DEGREE DAYS 
 HEATING 
  YESTERDAY         23                          30      -7     36 
  MONTH TO DATE    571                         680    -109    762 
  SINCE SEP 1      571                         680    -109    762 
  SINCE JUL 1     1131                        1418    -287   1356

 COOLING 
  YESTERDAY          0                           0       0      0 
  MONTH TO DATE      0                           0       0      0 
  SINCE SEP 1        0                           0       0      0 
  SINCE JAN 1       19                           0      19     13 
................................................................... 

WIND (MPH) 
 HIGHEST WIND SPEED    26     HIGHEST WIND DIRECTION    280      
 HIGHEST GUST SPEED    33     HIGHEST GUST DIRECTION    290 
 AVERAGE WIND SPEED  12.0 

SKY COVER
  POSSIBLE SUNSHINE    MM          AVERAGE SKY COVER     MM
 
WEATHER CONDITIONS 
 THE FOLLOWING WEATHER WAS RECORDED YESTERDAY. 
 RAIN
 

RELATIVE HUMIDITY
 HIGHEST RH     MM PERCENT       MM
 LOWEST  RH     MM PERCENT       MM
 AVERAGE RH     MM PERCENT       MM
................................................................... 

THE KOTZEBUE CLIMATE NORMALS FOR TODAY 
                           NORMAL    RECORD   YEAR 
 MAXIMUM TEMPERATURE (F)     38        54     2003 
 MINIMUM TEMPERATURE (F)     30         8     1897 

SUNRISE AND SUNSET 
 OCT 1 2014..........SUNRISE  9:03 AM      SUNSET  8:16 PM   
 OCT 2 2014..........SUNRISE  9:07 AM      SUNSET  8:12 PM   

-  INDICATES NEGATIVE NUMBERS.
R  INDICATES RECORD HAS BEEN SET OR TIED.
MM INDICATES DATA IS MISSING.
T  INDICATES TRACE OF PRECIPITATION.

&&
-------------------------------------------------------------------

AMOUNT OF DAYLIGHT TODAY  (HOUR:MIN)........11 HOURS 13 MINUTES
GAIN/LOSS SINCE YESTERDAY (HOUR:MIN:SEC)....-0:07:18

$$


CMK OCT 14



Alaska Region Headquarters
222 West 7th Avenue #23
Anchorage, AK 99513-7575
Voice: 1-907-271-5088
Fax: 1-907-271-3711
Recorded Forecast: 1-800-472-0391
Webmaster Email: ARH Webauthors
Page Modified: 03 Feb 2008 18:00 UTC
About Us
Career Opportunities
Glossary
Credits
Disclaimer
Privacy Policy