CDAK49 PAOT 301216
CLIOTZ

CLIMATE REPORT 
NATIONAL WEATHER SERVICE KOTZEBUE, AK
416 AM AKDT WED JUL 30 2014
...................................
...THE KOTZEBUE WSO AP CLIMATE SUMMARY FOR JULY 29 2014... 

CLIMATE NORMAL PERIOD  1981 TO  2010 
CLIMATE RECORD PERIOD  1897 TO  2014 

WEATHER ITEM   OBSERVED TIME    RECORD YEAR NORMAL DEPARTURE LAST 
               VALUE    (LST)   VALUE       VALUE  FROM      YEAR 
                                                   NORMAL 
................................................................... 
TEMPERATURE 
YESTERDAY 
 MAXIMUM            59  0817 PM    73  2009     59       0     59 
 MINIMUM            53  0910 AM    37  1975     50       3     54 
 AVERAGE            56                          55       1     57 

PRECIPITATION 
(INCHES) 
 YESTERDAY        0.00           0.87  2012   0.07   -0.07   0.03 
 MONTH TO DATE    2.58                        1.32    1.26   1.28 
 SINCE JUN 1      2.96                        1.90    1.06   2.19 
 SINCE JAN 1      5.22                        4.57    0.65   5.79 

SNOWFALL 
(INCHES) 
 YESTERDAY         0.0            0.0  2014    0.0     0.0    0.0 
 MONTH TO DATE     0.0                         0.0     0.0    0.0 
 SINCE JUN 1       0.0                         0.0     0.0    0.0 
 SINCE JUL 1       0.0                         0.0     0.0    0.0
 SNOW DEPTH (IN)     0                                          0 

DEGREE DAYS 
 HEATING 
  YESTERDAY          9                          10      -1      8 
  MONTH TO DATE    338                         305      33    249 
  SINCE JUN 1      955                         886      69    674 
  SINCE JUL 1      338                         305      33    249

 COOLING 
  YESTERDAY          0                           0       0      0 
  MONTH TO DATE      8                           0       8      5 
  SINCE JUN 1        8                           0       8     13 
  SINCE JAN 1        8                           0       8     13 
................................................................... 

WIND (MPH) 
 HIGHEST WIND SPEED    20     HIGHEST WIND DIRECTION    290      
 HIGHEST GUST SPEED    22     HIGHEST GUST DIRECTION    290 
 AVERAGE WIND SPEED  10.1 

SKY COVER
  POSSIBLE SUNSHINE    MM          AVERAGE SKY COVER     MM
 
WEATHER CONDITIONS 
 THE FOLLOWING WEATHER WAS RECORDED YESTERDAY. 
 NO SIGNIFICANT WEATHER WAS OBSERVED. 

RELATIVE HUMIDITY
 HIGHEST RH     MM PERCENT       MM
 LOWEST  RH     MM PERCENT       MM
 AVERAGE RH     MM PERCENT       MM
................................................................... 

THE KOTZEBUE CLIMATE NORMALS FOR TODAY 
                           NORMAL    RECORD   YEAR 
 MAXIMUM TEMPERATURE (F)     59        76     1953 
 MINIMUM TEMPERATURE (F)     50        38     1931 

SUNRISE AND SUNSET 
 JUL 30 2014..........SUNRISE  5:17 AM      SUNSET 12:34 AM   
 JUL 31 2014..........SUNRISE  5:21 AM      SUNSET 12:30 AM   

-  INDICATES NEGATIVE NUMBERS.
R  INDICATES RECORD HAS BEEN SET OR TIED.
MM INDICATES DATA IS MISSING.
T  INDICATES TRACE OF PRECIPITATION.

&&
-------------------------------------------------------------------

AMOUNT OF DAYLIGHT TODAY  (HOUR:MIN)........19 HOURS 17 MINUTES
GAIN/LOSS SINCE YESTERDAY (HOUR:MIN:SEC)....-0:08:56

$$


265 JUL 14


Alaska Region Headquarters
222 West 7th Avenue #23
Anchorage, AK 99513-7575
Voice: 1-907-271-5088
Fax: 1-907-271-3711
Recorded Forecast: 1-800-472-0391
Webmaster Email: ARH Webauthors
Page Modified: 03 Feb 2008 18:00 UTC
About Us
Career Opportunities
Glossary
Credits
Disclaimer
Privacy Policy