CDAK49 PAOT 201208
CLIOTZ

CLIMATE REPORT 
NATIONAL WEATHER SERVICE KOTZEBUE, AK
409 AM AKDT SAT SEP 20 2014
...................................
...THE KOTZEBUE WSO AP CLIMATE SUMMARY FOR SEPTEMBER 19 2014... 

CLIMATE NORMAL PERIOD  1981 TO  2010 
CLIMATE RECORD PERIOD  1897 TO  2014 

WEATHER ITEM   OBSERVED TIME    RECORD YEAR NORMAL DEPARTURE LAST 
               VALUE    (LST)   VALUE       VALUE  FROM      YEAR 
                                                   NORMAL 
................................................................... 
TEMPERATURE 
YESTERDAY 
 MAXIMUM            52  0331 PM    60  2010     45       7     36 
 MINIMUM            39  0752 AM    21  1992     37       2     26 
 AVERAGE            46                          41       5     31 

PRECIPITATION 
(INCHES) 
 YESTERDAY        0.00           0.35  2012   0.05   -0.05   0.00 
 MONTH TO DATE    0.88                        1.03   -0.15   1.88 
 SINCE SEP 1      0.88                        1.03   -0.15   1.88 
 SINCE JAN 1      7.62                        7.91   -0.29   8.34 

SNOWFALL 
(INCHES) 
 YESTERDAY         0.0            1.5  1930    0.1    -0.1    0.0 
 MONTH TO DATE     0.0                         0.3    -0.3    0.0 
 SINCE SEP 1       0.0                         0.3    -0.3    0.0 
 SINCE JUL 1       0.0                         0.3    -0.3    0.0
 SNOW DEPTH (IN)     0                                          0 

DEGREE DAYS 
 HEATING 
  YESTERDAY         19                          24      -5     34 
  MONTH TO DATE    308                         380     -72    413 
  SINCE SEP 1      308                         380     -72    413 
  SINCE JUL 1      868                        1118    -250   1007

 COOLING 
  YESTERDAY          0                           0       0      0 
  MONTH TO DATE      0                           0       0      0 
  SINCE SEP 1        0                           0       0      0 
  SINCE JAN 1       19                           0      19     13 
................................................................... 

WIND (MPH) 
 HIGHEST WIND SPEED    22     HIGHEST WIND DIRECTION    310      
 HIGHEST GUST SPEED    25     HIGHEST GUST DIRECTION    300 
 AVERAGE WIND SPEED  14.7 

SKY COVER
  POSSIBLE SUNSHINE    MM          AVERAGE SKY COVER     MM
 
WEATHER CONDITIONS 
 THE FOLLOWING WEATHER WAS RECORDED YESTERDAY. 
  NO SIGNIFICANT WEATHER WAS OBSERVED. 

RELATIVE HUMIDITY
 HIGHEST RH     MM PERCENT       MM
 LOWEST  RH     MM PERCENT       MM
 AVERAGE RH     MM PERCENT       MM
................................................................... 

THE KOTZEBUE CLIMATE NORMALS FOR TODAY 
                           NORMAL    RECORD   YEAR 
 MAXIMUM TEMPERATURE (F)     45        65     1995 
 MINIMUM TEMPERATURE (F)     36        19     1992 

SUNRISE AND SUNSET 
 SEP 20 2014..........SUNRISE  8:27 AM      SUNSET  8:59 PM   
 SEP 21 2014..........SUNRISE  8:30 AM      SUNSET  8:55 PM   

-  INDICATES NEGATIVE NUMBERS.
R  INDICATES RECORD HAS BEEN SET OR TIED.
MM INDICATES DATA IS MISSING.
T  INDICATES TRACE OF PRECIPITATION.

&&
-------------------------------------------------------------------

AMOUNT OF DAYLIGHT TODAY  (HOUR:MIN)........12 HOURS 32 MINUTES
GAIN/LOSS SINCE YESTERDAY (HOUR:MIN:SEC)....-0:07:17

$$
EWH SEP 14



Alaska Region Headquarters
222 West 7th Avenue #23
Anchorage, AK 99513-7575
Voice: 1-907-271-5088
Fax: 1-907-271-3711
Recorded Forecast: 1-800-472-0391
Webmaster Email: ARH Webauthors
Page Modified: 03 Feb 2008 18:00 UTC
About Us
Career Opportunities
Glossary
Credits
Disclaimer
Privacy Policy