CDAK49 PAOT 261204
CLIOTZ

CLIMATE REPORT 
NATIONAL WEATHER SERVICE KOTZEBUE, AK
304 AM AKST MON JAN 26 2015
...................................
...THE KOTZEBUE WSO AP CLIMATE SUMMARY FOR JANUARY 25 2015... 

CLIMATE NORMAL PERIOD  1981 TO  2010 
CLIMATE RECORD PERIOD  1897 TO  2015 

WEATHER ITEM   OBSERVED TIME    RECORD YEAR NORMAL DEPARTURE LAST 
               VALUE    (LST)   VALUE       VALUE  FROM      YEAR 
                                                   NORMAL 
................................................................... 
TEMPERATURE 
YESTERDAY 
 MAXIMUM           -15  0310 PM    36  2014      3     -18     36 
 MINIMUM           -26  0115 PM   -50  1903    -10     -16     28 
 AVERAGE           -21                          -3     -18     32 

PRECIPITATION 
(INCHES) 
 YESTERDAY        0.00           0.20  1936   0.02   -0.02   0.00 
 MONTH TO DATE    0.31                        0.51   -0.20   0.52 
 SINCE DEC 1      0.66                        1.27   -0.61   1.29 
 SINCE JAN 1      0.31                        0.51   -0.20   0.52 

SNOWFALL 
(INCHES) 
 YESTERDAY         0.0            3.0  1936    0.2    -0.2    0.0 
 MONTH TO DATE     2.9                         7.4    -4.5    4.8 
 SINCE DEC 1       5.9                        18.9   -13.0   12.0 
 SINCE JUL 1      10.6                        36.3   -25.7   23.7
 SNOW DEPTH (IN)     4                                          9 

DEGREE DAYS 
 HEATING 
  YESTERDAY         86                          68      18     33 
  MONTH TO DATE   1410                        1689    -279   1361 
  SINCE DEC 1     3171                        3632    -461   3183 
  SINCE JUL 1     6846                        7991   -1145   7072

 COOLING 
  YESTERDAY          0                           0       0      0 
  MONTH TO DATE      0                           0       0      0 
  SINCE DEC 1        0                           0       0      0 
  SINCE JAN 1        0                           0       0      0 
................................................................... 

WIND (MPH) 
 HIGHEST WIND SPEED    12     HIGHEST WIND DIRECTION    350      
 HIGHEST GUST SPEED    13     HIGHEST GUST DIRECTION    350 
 AVERAGE WIND SPEED   4.9 

SKY COVER
  POSSIBLE SUNSHINE    MM          AVERAGE SKY COVER     MM
 
WEATHER CONDITIONS 
 THE FOLLOWING WEATHER WAS RECORDED YESTERDAY. 
 NO SIGNIFICANT WEATHER WAS OBSERVED. 

RELATIVE HUMIDITY
 HIGHEST RH     MM PERCENT       MM
 LOWEST  RH     MM PERCENT       MM
 AVERAGE RH     MM PERCENT       MM
................................................................... 

THE KOTZEBUE CLIMATE NORMALS FOR TODAY 
                           NORMAL    RECORD   YEAR 
 MAXIMUM TEMPERATURE (F)      4        37     2014 
 MINIMUM TEMPERATURE (F)    -10       -45     1934 

SUNRISE AND SUNSET 
 JAN 26 2015..........SUNRISE 11:18 AM      SUNSET  4:50 PM   
 JAN 27 2015..........SUNRISE 11:14 AM      SUNSET  4:54 PM   

-  INDICATES NEGATIVE NUMBERS.
R  INDICATES RECORD HAS BEEN SET OR TIED.
MM INDICATES DATA IS MISSING.
T  INDICATES TRACE OF PRECIPITATION.

&&
-------------------------------------------------------------------

AMOUNT OF DAYLIGHT TODAY  (HOUR:MIN)........5 HOURS 32 MINUTES
GAIN/LOSS SINCE YESTERDAY (HOUR:MIN:SEC)....+0:07:59

$$


JAN 15


Alaska Region Headquarters
222 West 7th Avenue #23
Anchorage, AK 99513-7575
Voice: 1-907-271-5088
Fax: 1-907-271-3711
Recorded Forecast: 1-800-472-0391
Webmaster Email: ARH Webauthors
Page Modified: 03 Feb 2008 18:00 UTC
About Us
Career Opportunities
Glossary
Credits
Disclaimer
Privacy Policy