CDAK49 PAOT 251112
CLIOTZ

CLIMATE REPORT 
NATIONAL WEATHER SERVICE KOTZEBUE, AK
313 AM AKDT WED MAY 25 2016
...................................
...THE KOTZEBUE WSO AP CLIMATE SUMMARY FOR MAY 24 2016... 

CLIMATE NORMAL PERIOD  1981 TO  2010 
CLIMATE RECORD PERIOD  1897 TO  2016 

WEATHER ITEM   OBSERVED TIME    RECORD YEAR NORMAL DEPARTURE LAST 
               VALUE    (LST)   VALUE       VALUE  FROM      YEAR 
                                                   NORMAL 
................................................................... 
TEMPERATURE 
YESTERDAY 
 MAXIMUM            44  0931 PM    61  2011     41       3     58 
 MINIMUM            35  0708 AM     4  1901     30       5     42 
 AVERAGE            40                          36       4     50 

PRECIPITATION 
(INCHES) 
 YESTERDAY        0.02           0.42  1995   0.01    0.01   0.00 
 MONTH TO DATE    0.51                        0.33    0.18   0.58 
 SINCE MAR 1      1.25                        1.31   -0.06   1.66 
 SINCE JAN 1      1.97                        2.59   -0.62   2.51 

SNOWFALL 
(INCHES) 
 YESTERDAY         0.0            0.4  1952    0.0     0.0    0.0 
 MONTH TO DATE       T                         1.1    -1.1      T 
 SINCE MAR 1      14.3                        12.1     2.2    9.4 
 SINCE JUL 1      59.7                        59.7     0.0   24.7
 SNOW DEPTH (IN)     0            20   1964                     0 

DEGREE DAYS 
 HEATING 
  YESTERDAY         25                          29      -4     15 
  MONTH TO DATE    657                         832    -175    651 
  SINCE MAR 1     3736                        4370    -634   4178 
  SINCE JUL 1    12734                       14612   -1878  13056

 COOLING 
  YESTERDAY          0                           0       0      0 
  MONTH TO DATE      0                           0       0      0 
  SINCE MAR 1        0                           0       0      0 
  SINCE JAN 1        0                           0       0      0 
................................................................... 

WIND (MPH) 
 HIGHEST WIND SPEED    13     HIGHEST WIND DIRECTION    180      
 HIGHEST GUST SPEED    16     HIGHEST GUST DIRECTION    180 
 AVERAGE WIND SPEED   0.0 

SKY COVER
  POSSIBLE SUNSHINE    MM          AVERAGE SKY COVER     MM
 
WEATHER CONDITIONS 
 THE FOLLOWING WEATHER WAS RECORDED YESTERDAY. 
  FOG
  RAIN
 

RELATIVE HUMIDITY
 HIGHEST RH     MM PERCENT       MM
 LOWEST  RH     MM PERCENT       MM
 AVERAGE RH     MM PERCENT       MM
................................................................... 

THE KOTZEBUE CLIMATE NORMALS FOR TODAY 
                           NORMAL    RECORD   YEAR 
 MAXIMUM TEMPERATURE (F)     42        68     1969 
 MINIMUM TEMPERATURE (F)     31         8     1901 

SUNRISE AND SUNSET 
 MAY 25 2016..........SUNRISE  4:06 AM      SUNSET  1:35 AM   
 MAY 26 2016..........SUNRISE  4:00 AM      SUNSET  1:41 AM   

-  INDICATES NEGATIVE NUMBERS.
R  INDICATES RECORD HAS BEEN SET OR TIED.
MM INDICATES DATA IS MISSING.
T  INDICATES TRACE OF PRECIPITATION.

&&
-------------------------------------------------------------------

AMOUNT OF DAYLIGHT TODAY  (HOUR:MIN)........21 HOURS 29 MINUTES
GAIN/LOSS SINCE YESTERDAY (HOUR:MIN:SEC)....+0:11:06

$$
LEHL MAY 16


Alaska Region Headquarters
222 West 7th Avenue #23
Anchorage, AK 99513-7575
Voice: 1-907-271-5088
Fax: 1-907-271-3711
Recorded Forecast: 1-800-472-0391
Webmaster Email: ARH Webauthors
Page Modified: 03 Feb 2008 18:00 UTC
About Us
Career Opportunities
Glossary
Credits
Disclaimer
Privacy Policy