CDAK49 PAOT 010000
CLIOTZ

CLIMATE REPORT
NATIONAL WEATHER SERVICE KOTZEBUE, AK
400 PM AKDT FRI OCT 31 2014
...................................
...THE KOTZEBUE WSO AP CLIMATE SUMMARY FOR OCTOBER 31 2014...
VALID TODAY AS OF 2:00 PM LOCAL TIME

CLIMATE NORMAL PERIOD  1981 TO  2010 
CLIMATE RECORD PERIOD  1897 TO  2014 

WEATHER ITEM   OBSERVED TIME    RECORD YEAR NORMAL DEPARTURE LAST 
               VALUE    (LST)   VALUE       VALUE  FROM      YEAR 
                                                   NORMAL 
................................................................... 
TEMPERATURE 
TODAY 
 MAXIMUM            19  0300 PM    39  2002     20      -1     27 
 MINIMUM             6  0141 AM   -19  1975     11      -5     22 
 AVERAGE            13                          15      -2     25 

PRECIPITATION 
(INCHES) 
 TODAY            0.00           0.28  1994   0.02   -0.02   0.00 
 MONTH TO DATE    0.43                        1.01   -0.58   1.61 
 SINCE SEP 1      2.24                        2.59   -0.35   3.63 
 SINCE JAN 1      8.98                        9.47   -0.49  10.09 

SNOWFALL 
(INCHES) 
 TODAY             0.0            3.1  1994    0.2    -0.3    0.0 
 MONTH TO DATE     3.6                         6.1    -2.5    0.5
 SINCE SEP 1       3.6                         6.9    -3.3    0.9
 SINCE JUL 1       3.6                         6.9    -3.3    0.9
 SNOW DEPTH (IN)     4                                          0

DEGREE DAYS 
 HEATING 
  TODAY             52                          50       2     40 
  MONTH TO DATE   1180                        1264     -84    938
  SINCE SEP 1     1751                        1944    -193   1700
  SINCE JUL 1     2311                        2682    -371   2294

 COOLING 
  TODAY              0                           0       0      0 
  MONTH TO DATE      0                           0       0      0 
  SINCE SEP 1        0                           0       0      0 
  SINCE JAN 1       19                           0      19     13 
................................................................... 

WIND (MPH) 
 HIGHEST WIND SPEED    18     HIGHEST WIND DIRECTION     60      
 HIGHEST GUST SPEED    24     HIGHEST GUST DIRECTION     50 
 AVERAGE WIND SPEED   0.0 

SKY COVER
  POSSIBLE SUNSHINE  MM            AVERAGE SKY COVER MM
 
WEATHER CONDITIONS 
 THE FOLLOWING WEATHER WAS RECORDED TODAY. 
 NO SIGNIFICANT WEATHER WAS OBSERVED. 

RELATIVE HUMIDITY
 HIGHEST RH     MM PERCENT       MM
 LOWEST  RH     MM PERCENT       MM
 AVERAGE RH     MM PERCENT       MM
................................................................... 

THE KOTZEBUE CLIMATE NORMALS FOR TOMORROW 
                        NORMAL    RECORD   YEAR 
 MAXIMUM TEMPERATURE      19        36     2002 
 MINIMUM TEMPERATURE      10       -20     1975 

SUNRISE AND SUNSET 
 OCT 31 2014..........SUNRISE 10:50 AM      SUNSET  6:18 PM    
 NOV 1 2014..........SUNRISE 10:54 AM      SUNSET  6:14 PM    

-  INDICATES NEGATIVE NUMBERS.
R  INDICATES RECORD HAS BEEN SET OR TIED.
MM INDICATES DATA IS MISSING.
T  INDICATES TRACE OF PRECIPITATION.

&&
-------------------------------------------------------------------

AMOUNT OF DAYLIGHT TODAY  (HOUR:MIN)........7 HOURS 28 MINUTES
LOSS SINCE YESTERDAY (HOUR:MIN:SEC).........-0:07:42

$$
TGH OCT 14


Alaska Region Headquarters
222 West 7th Avenue #23
Anchorage, AK 99513-7575
Voice: 1-907-271-5088
Fax: 1-907-271-3711
Recorded Forecast: 1-800-472-0391
Webmaster Email: ARH Webauthors
Page Modified: 03 Feb 2008 18:00 UTC
About Us
Career Opportunities
Glossary
Credits
Disclaimer
Privacy Policy