CDAK49 PAOT 070911
CLIOTZ

CLIMATE REPORT 
NATIONAL WEATHER SERVICE KOTZEBUE, AK
112 AM AKDT TUE JUL 7 2015
...................................
...THE KOTZEBUE WSO AP CLIMATE SUMMARY FOR JULY 6 2015... 

CLIMATE NORMAL PERIOD  1981 TO  2010 
CLIMATE RECORD PERIOD  1897 TO  2015 

WEATHER ITEM   OBSERVED TIME    RECORD YEAR NORMAL DEPARTURE LAST 
               VALUE    (LST)   VALUE       VALUE  FROM      YEAR 
                                                   NORMAL 
................................................................... 
TEMPERATURE 
YESTERDAY 
 MAXIMUM            79R 0713 PM    77  2014     59      20     77 
 MINIMUM            63  0413 AM    32  1898     48      15     57 
 AVERAGE            71                          54      17     67 

PRECIPITATION 
(INCHES) 
 YESTERDAY        0.00           0.34  1994   0.04   -0.04      T 
 MONTH TO DATE    0.03                        0.20   -0.17   0.03 
 SINCE JUN 1      0.24                        0.78   -0.54   0.41 
 SINCE JAN 1      2.75                        3.45   -0.70   2.67 

SNOWFALL 
(INCHES) 
 YESTERDAY         0.0            0.0  2015    0.0     0.0    0.0 
 MONTH TO DATE     0.0                         0.0     0.0    0.0 
 SINCE JUN 1       0.0                         0.0     0.0    0.0 
 SINCE JUL 1       0.0                         0.0     0.0    0.0
 SNOW DEPTH (IN)     0                                          0 

DEGREE DAYS 
 HEATING 
  YESTERDAY          0                          11     -11      0 
  MONTH TO DATE     35                          72     -37     51 
  SINCE JUN 1      444                         653    -209    668 
  SINCE JUL 1       35                          72     -37     51

 COOLING 
  YESTERDAY          6                           0       6      2 
  MONTH TO DATE      8                           0       8      2 
  SINCE JUN 1       12                           0      12      2 
  SINCE JAN 1       12                           0      12      2 
................................................................... 

WIND (MPH) 
 HIGHEST WIND SPEED    24     HIGHEST WIND DIRECTION    120      
 HIGHEST GUST SPEED    27     HIGHEST GUST DIRECTION    120 
 AVERAGE WIND SPEED  14.6 

SKY COVER
  POSSIBLE SUNSHINE    MM          AVERAGE SKY COVER     MM
 
WEATHER CONDITIONS 
 THE FOLLOWING WEATHER WAS RECORDED YESTERDAY. 
  SMOKE OR HAZE
 

RELATIVE HUMIDITY
 HIGHEST RH     MM PERCENT       MM
 LOWEST  RH     MM PERCENT       MM
 AVERAGE RH     MM PERCENT       MM
................................................................... 

THE KOTZEBUE CLIMATE NORMALS FOR TODAY 
                           NORMAL    RECORD   YEAR 
 MAXIMUM TEMPERATURE (F)     60        80     2014 
 MINIMUM TEMPERATURE (F)     49        30     1931 

SUNRISE AND SUNSET 
 JUL 7 2015..........SUNRISE  **.**      SUNSET **.**   
 JUL 8 2015..........SUNRISE  **.**      SUNSET **.**   

-  INDICATES NEGATIVE NUMBERS.
R  INDICATES RECORD HAS BEEN SET OR TIED.
MM INDICATES DATA IS MISSING.
T  INDICATES TRACE OF PRECIPITATION.

&&
-------------------------------------------------------------------

AMOUNT OF DAYLIGHT TODAY  (HOUR:MIN)........24 HOURS 00 MINUTES
GAIN/LOSS SINCE YESTERDAY (HOUR:MIN:SEC)....+0:00:00

$$
JAS JUL 15


Alaska Region Headquarters
222 West 7th Avenue #23
Anchorage, AK 99513-7575
Voice: 1-907-271-5088
Fax: 1-907-271-3711
Recorded Forecast: 1-800-472-0391
Webmaster Email: ARH Webauthors
Page Modified: 03 Feb 2008 18:00 UTC
About Us
Career Opportunities
Glossary
Credits
Disclaimer
Privacy Policy