CDAK49 PAOT 040021
CLIOTZ

CLIMATE REPORT
NATIONAL WEATHER SERVICE KOTZEBUE, AK
421 PM AKDT SUN MAY 3 2015
...................................
...THE KOTZEBUE WSO AP CLIMATE SUMMARY FOR MAY 3 2015...
VALID TODAY AS OF 2:00 PM LOCAL TIME

CLIMATE NORMAL PERIOD  1981 TO  2010 
CLIMATE RECORD PERIOD  1897 TO  2015 

WEATHER ITEM   OBSERVED TIME    RECORD YEAR NORMAL DEPARTURE LAST 
               VALUE    (LST)   VALUE       VALUE  FROM      YEAR 
                                                   NORMAL 
................................................................... 
TEMPERATURE 
TODAY 
 MAXIMUM            26  0153 PM    52  2004     32      -6     44 
 MINIMUM            21  0900 AM    -8  1944     19       2     31 
 AVERAGE            24                          25      -1     38 

PRECIPITATION 
(INCHES) 
 TODAY            0.00           0.06  2014   0.02   -0.02   0.06 
 MONTH TO DATE       T                        0.05   -0.05   0.06 
 SINCE MAR 1      1.08                        1.03    0.05   0.61 
 SINCE JAN 1      1.93                        2.31   -0.38   1.33 

SNOWFALL 
(INCHES) 
 TODAY             0.0            0.8  2012    0.1    -0.1      T 
 MONTH TO DATE       T                         0.3    -0.3      T
 SINCE MAR 1       9.4                        11.3    -1.9    7.2
 SINCE JUL 1      24.7                        58.9   -34.2   32.2
 SNOW DEPTH (IN)     3                                          T

DEGREE DAYS 
 HEATING 
  TODAY             41                          40       1     27 
  MONTH TO DATE    131                         121      10     77
  SINCE MAR 1     3658                        3659      -1   3124
  SINCE JUL 1    12509                       13901   -1392  12075

 COOLING 
  TODAY              0                           0       0      0 
  MONTH TO DATE      0                           0       0      0 
  SINCE MAR 1        0                           0       0      0 
  SINCE JAN 1        0                           0       0      0 
................................................................... 

WIND (MPH) 
 HIGHEST WIND SPEED    14     HIGHEST WIND DIRECTION    300      
 HIGHEST GUST SPEED    16     HIGHEST GUST DIRECTION    300 
 AVERAGE WIND SPEED   0.0 

SKY COVER
  POSSIBLE SUNSHINE  MM            AVERAGE SKY COVER MM
 
WEATHER CONDITIONS 
 THE FOLLOWING WEATHER WAS RECORDED TODAY. 
 FOG
 

RELATIVE HUMIDITY
 HIGHEST RH     MM PERCENT       MM
 LOWEST  RH     MM PERCENT       MM
 AVERAGE RH     MM PERCENT       MM
................................................................... 

THE KOTZEBUE CLIMATE NORMALS FOR TOMORROW 
                        NORMAL    RECORD   YEAR 
 MAXIMUM TEMPERATURE      33        48     1953 
 MINIMUM TEMPERATURE      19       -10     1984 

SUNRISE AND SUNSET 
 MAY 3 2015..........SUNRISE  5:51 AM      SUNSET 11:47 PM    
 MAY 4 2015..........SUNRISE  5:47 AM      SUNSET 11:51 PM    

-  INDICATES NEGATIVE NUMBERS.
R  INDICATES RECORD HAS BEEN SET OR TIED.
MM INDICATES DATA IS MISSING.
T  INDICATES TRACE OF PRECIPITATION.

&&
-------------------------------------------------------------------

AMOUNT OF DAYLIGHT TODAY  (HOUR:MIN)........17 HOURS 56 MINUTES
GAIN/LOSS SINCE YESTERDAY (HOUR:MIN:SEC)....+0:08:18

$$


MAY 15


Alaska Region Headquarters
222 West 7th Avenue #23
Anchorage, AK 99513-7575
Voice: 1-907-271-5088
Fax: 1-907-271-3711
Recorded Forecast: 1-800-472-0391
Webmaster Email: ARH Webauthors
Page Modified: 03 Feb 2008 18:00 UTC
About Us
Career Opportunities
Glossary
Credits
Disclaimer
Privacy Policy