CDAK49 PAOT 191208
CLIOTZ

CLIMATE REPORT 
NATIONAL WEATHER SERVICE KOTZEBUE, AK
409 AM AKDT SAT APR 19 2014
...................................
...THE KOTZEBUE WSO AP CLIMATE SUMMARY FOR APRIL 18 2014... 

CLIMATE NORMAL PERIOD  1981 TO  2010 
CLIMATE RECORD PERIOD  1897 TO  2014 

WEATHER ITEM   OBSERVED TIME    RECORD YEAR NORMAL DEPARTURE LAST 
               VALUE    (LST)   VALUE       VALUE  FROM      YEAR 
                                                   NORMAL 
................................................................... 
TEMPERATURE 
YESTERDAY 
 MAXIMUM            38  0509 PM    40  1953     23      15     16 
 MINIMUM            20  0436 AM   -24  1899      7      13     -6 
 AVERAGE            29                          15      14      5 

PRECIPITATION 
(INCHES) 
 YESTERDAY        0.00           0.35  1934   0.02   -0.02   0.00 
 MONTH TO DATE    0.07                        0.30   -0.23   0.04 
 SINCE MAR 1      0.41                        0.74   -0.33   0.41 
 SINCE JAN 1      1.13                        2.02   -0.89   2.47 

SNOWFALL 
(INCHES) 
 YESTERDAY         0.0            5.0  1934    0.2    -0.2    0.0 
 MONTH TO DATE     0.4                         3.3    -2.9    0.4 
 SINCE MAR 1       7.2                         9.2    -2.0    4.1 
 SINCE JUL 1      32.2                        56.8   -24.6   28.4
 SNOW DEPTH (IN)     3                                          4 

DEGREE DAYS 
 HEATING 
  YESTERDAY         36                          50     -14     60 
  MONTH TO DATE    928                        1005     -77   1091 
  SINCE MAR 1     2693                        2992    -299   3045 
  SINCE JUL 1    11625                       13234   -1609  13376

 COOLING 
  YESTERDAY          0                           0       0      0 
  MONTH TO DATE      0                           0       0      0 
  SINCE MAR 1        0                           0       0      0 
  SINCE JAN 1        0                           0       0      0 
................................................................... 

WIND (MPH) 
 HIGHEST WIND SPEED    14     HIGHEST WIND DIRECTION     20      
 HIGHEST GUST SPEED    18     HIGHEST GUST DIRECTION     20 
 AVERAGE WIND SPEED   7.6 

SKY COVER
  POSSIBLE SUNSHINE    MM          AVERAGE SKY COVER     MM
 
WEATHER CONDITIONS 
 THE FOLLOWING WEATHER WAS RECORDED YESTERDAY. 
 NONE 

RELATIVE HUMIDITY
 HIGHEST RH     MM PERCENT       MM
 LOWEST  RH     MM PERCENT       MM
 AVERAGE RH     MM PERCENT       MM
................................................................... 

THE KOTZEBUE CLIMATE NORMALS FOR TODAY 
                           NORMAL    RECORD   YEAR 
 MAXIMUM TEMPERATURE (F)     23        41     1983 
 MINIMUM TEMPERATURE (F)      8       -23     1985 

SUNRISE AND SUNSET 
 APR 19 2014..........SUNRISE  6:49 AM      SUNSET 10:54 PM   
 APR 20 2014..........SUNRISE  6:45 AM      SUNSET 10:58 PM   

-  INDICATES NEGATIVE NUMBERS.
R  INDICATES RECORD HAS BEEN SET OR TIED.
MM INDICATES DATA IS MISSING.
T  INDICATES TRACE OF PRECIPITATION.

&&
-------------------------------------------------------------------

AMOUNT OF DAYLIGHT TODAY  (HOUR:MIN)........16 HOURS 5 MINUTES
GAIN SINCE YESTERDAY (HOUR:MIN:SEC).........+0:07:48

$$
TGH APR 14


Alaska Region Headquarters
222 West 7th Avenue #23
Anchorage, AK 99513-7575
Voice: 1-907-271-5088
Fax: 1-907-271-3711
Recorded Forecast: 1-800-472-0391
Webmaster Email: ARH Webauthors
Page Modified: 03 Feb 2008 18:00 UTC
About Us
Career Opportunities
Glossary
Credits
Disclaimer
Privacy Policy