CDAK49 PAOT 281201
CLIOTZ

CLIMATE REPORT 
NATIONAL WEATHER SERVICE KOTZEBUE, AK
301 AM AKST FRI NOV 28 2014
...................................
...THE KOTZEBUE WSO AP CLIMATE SUMMARY FOR NOVEMBER 27 2014... 

CLIMATE NORMAL PERIOD  1981 TO  2010 
CLIMATE RECORD PERIOD  1897 TO  2014 

WEATHER ITEM   OBSERVED TIME    RECORD YEAR NORMAL DEPARTURE LAST 
               VALUE    (LST)   VALUE       VALUE  FROM      YEAR 
                                                   NORMAL 
................................................................... 
TEMPERATURE 
YESTERDAY 
 MAXIMUM            17  1038 AM    36  1943     12       5     10 
 MINIMUM            13  0306 AM   -27  1986      0      13     -3 
 AVERAGE            15                           6       9      4 

PRECIPITATION 
(INCHES) 
 YESTERDAY        0.01           0.25  2003   0.02   -0.01   0.01 
 MONTH TO DATE    0.22                        0.69   -0.47   1.17 
 SINCE SEP 1      2.46                        3.28   -0.82   4.80 
 SINCE JAN 1      9.20                       10.16   -0.96  11.26 

SNOWFALL 
(INCHES) 
 YESTERDAY         0.1            8.0  2003    0.3    -0.3      T 
 MONTH TO DATE     0.5                         9.3    -8.8    9.2 
 SINCE SEP 1       4.1                        16.2   -12.1   10.1 
 SINCE JUL 1       4.1                        16.2   -12.1   10.1
 SNOW DEPTH (IN)     2                                          3 

DEGREE DAYS 
 HEATING 
  YESTERDAY         50                          59      -9     61 
  MONTH TO DATE   1226                        1498    -272   1390 
  SINCE SEP 1     2977                        3442    -465   3088 
  SINCE JUL 1     3537                        4180    -643   3684

 COOLING 
  YESTERDAY          0                           0       0      0 
  MONTH TO DATE      0                           0       0      0 
  SINCE SEP 1        0                           0       0      0 
  SINCE JAN 1       19                           0      19     13 
................................................................... 

WIND (MPH) 
 HIGHEST WIND SPEED    31     HIGHEST WIND DIRECTION    100      
 HIGHEST GUST SPEED    37     HIGHEST GUST DIRECTION    110 
 AVERAGE WIND SPEED  22.7 

SKY COVER
  POSSIBLE SUNSHINE    MM          AVERAGE SKY COVER     MM
 
WEATHER CONDITIONS 
 THE FOLLOWING WEATHER WAS RECORDED YESTERDAY. 
 BLOWING SNOW
 SNOW
 

RELATIVE HUMIDITY
 HIGHEST RH     MM PERCENT       MM
 LOWEST  RH     MM PERCENT       MM
 AVERAGE RH     MM PERCENT       MM
................................................................... 

THE KOTZEBUE CLIMATE NORMALS FOR TODAY 
                           NORMAL    RECORD   YEAR 
 MAXIMUM TEMPERATURE (F)     11        33     1983 
 MINIMUM TEMPERATURE (F)      0       -30     1948 

SUNRISE AND SUNSET 
 NOV 28 2014..........SUNRISE 11:45 AM      SUNSET  3:33 PM   
 NOV 29 2014..........SUNRISE 11:49 AM      SUNSET  3:29 PM   

-  INDICATES NEGATIVE NUMBERS.
R  INDICATES RECORD HAS BEEN SET OR TIED.
MM INDICATES DATA IS MISSING.
T  INDICATES TRACE OF PRECIPITATION.

&&
-------------------------------------------------------------------

AMOUNT OF DAYLIGHT TODAY  (HOUR:MIN)........3 HOURS 48 MINUTES
LOSS SINCE YESTERDAY (HOUR:MIN:SEC).........-0:07:45

$$
TGH NOV 14


Alaska Region Headquarters
222 West 7th Avenue #23
Anchorage, AK 99513-7575
Voice: 1-907-271-5088
Fax: 1-907-271-3711
Recorded Forecast: 1-800-472-0391
Webmaster Email: ARH Webauthors
Page Modified: 03 Feb 2008 18:00 UTC
About Us
Career Opportunities
Glossary
Credits
Disclaimer
Privacy Policy