CDAK49 PAOT 220008
CLIOTZ

CLIMATE REPORT
NATIONAL WEATHER SERVICE KOTZEBUE, AK
408 PM AKDT THU AUG 21 2014
...................................
...THE KOTZEBUE WSO AP CLIMATE SUMMARY FOR AUGUST 21 2014...
VALID TODAY AS OF 2:00 PM LOCAL TIME

CLIMATE NORMAL PERIOD  1981 TO  2010 
CLIMATE RECORD PERIOD  1897 TO  2014 

WEATHER ITEM   OBSERVED TIME    RECORD YEAR NORMAL DEPARTURE LAST 
               VALUE    (LST)   VALUE       VALUE  FROM      YEAR 
                                                   NORMAL 
................................................................... 
TEMPERATURE 
TODAY 
 MAXIMUM            57  0302 PM    73  2004     55       2     59 
 MINIMUM            54  0727 AM    26  1902     46       8     44 
 AVERAGE            56                          51       5     52 

PRECIPITATION 
(INCHES) 
 TODAY            0.00           0.95  2012   0.07   -0.07   0.00 
 MONTH TO DATE    0.45                        1.52   -1.07   0.51 
 SINCE JUN 1      3.42                        3.55   -0.13   2.70 
 SINCE JAN 1      5.68                        6.22   -0.54   6.30 

SNOWFALL 
(INCHES) 
 TODAY             0.0              T  1969    0.0     0.0    0.0 
 MONTH TO DATE     0.0                         0.0     0.0    0.0
 SINCE JUN 1       0.0                         0.0     0.0    0.0
 SINCE JUL 1       0.0                         0.0     0.0    0.0
 SNOW DEPTH (IN)     0                                          0

DEGREE DAYS 
 HEATING 
  TODAY              9                          14      -5     13 
  MONTH TO DATE     70                         259    -189    161
  SINCE JUN 1     1041                        1166    -125    848
  SINCE JUL 1      424                         585    -161    423

 COOLING 
  TODAY              0                           0       0      0 
  MONTH TO DATE     11                           0      11      0 
  SINCE JUN 1       19                           0      19     13 
  SINCE JAN 1       19                           0      19     13 
................................................................... 

WIND (MPH) 
 HIGHEST WIND SPEED    15     HIGHEST WIND DIRECTION    250      
 HIGHEST GUST SPEED    17     HIGHEST GUST DIRECTION    240 
 AVERAGE WIND SPEED   0.0 

SKY COVER
  POSSIBLE SUNSHINE  MM            AVERAGE SKY COVER MM
 
WEATHER CONDITIONS 
 THE FOLLOWING WEATHER WAS RECORDED TODAY. 
 NO SIGNIFICANT WEATHER WAS OBSERVED. 

RELATIVE HUMIDITY
 HIGHEST RH     MM PERCENT       MM
 LOWEST  RH     MM PERCENT       MM
 AVERAGE RH     MM PERCENT       MM
................................................................... 

THE KOTZEBUE CLIMATE NORMALS FOR TOMORROW 
                        NORMAL    RECORD   YEAR 
 MAXIMUM TEMPERATURE      55        74     2004 
 MINIMUM TEMPERATURE      46        29     1902 

SUNRISE AND SUNSET 
 AUG 21 2014..........SUNRISE  6:44 AM      SUNSET 11:01 PM    
 AUG 22 2014..........SUNRISE  6:48 AM      SUNSET 10:57 PM    

-  INDICATES NEGATIVE NUMBERS.
R  INDICATES RECORD HAS BEEN SET OR TIED.
MM INDICATES DATA IS MISSING.
T  INDICATES TRACE OF PRECIPITATION.

&&
-------------------------------------------------------------------

AMOUNT OF DAYLIGHT TODAY  (HOUR:MIN)........16 HOURS 17 MINUTES
GAIN/LOSS SINCE YESTERDAY (HOUR:MIN:SEC)....-0:07:46

$$


CK AUG 14


Alaska Region Headquarters
222 West 7th Avenue #23
Anchorage, AK 99513-7575
Voice: 1-907-271-5088
Fax: 1-907-271-3711
Recorded Forecast: 1-800-472-0391
Webmaster Email: ARH Webauthors
Page Modified: 03 Feb 2008 18:00 UTC
About Us
Career Opportunities
Glossary
Credits
Disclaimer
Privacy Policy