CDAK49 PAOT 281200
CLIOTZ

CLIMATE REPORT 
NATIONAL WEATHER SERVICE KOTZEBUE, AK
400 AM AKDT FRI AUG 28 2015
...................................
...THE KOTZEBUE WSO AP CLIMATE SUMMARY FOR AUGUST 27 2015... 

CLIMATE NORMAL PERIOD  1981 TO  2010 
CLIMATE RECORD PERIOD  1897 TO  2015 

WEATHER ITEM   OBSERVED TIME    RECORD YEAR NORMAL DEPARTURE LAST 
               VALUE    (LST)   VALUE       VALUE  FROM      YEAR 
                                                   NORMAL 
................................................................... 
TEMPERATURE 
YESTERDAY 
 MAXIMUM            46  0227 PM    70  1981     54      -8     56 
 MINIMUM            41  0923 PM    32  1996     45      -4     49 
 AVERAGE            44                          50      -6     53 

PRECIPITATION 
(INCHES) 
 YESTERDAY        0.01           0.54  1963   0.06   -0.05   0.07 
 MONTH TO DATE    3.88                        1.93    1.95   0.92 
 SINCE JUN 1      4.44                        3.96    0.48   3.89 
 SINCE JAN 1      6.95                        6.63    0.32   6.15 

SNOWFALL 
(INCHES) 
 YESTERDAY         0.0            0.0  2015    0.0     0.0    0.0 
 MONTH TO DATE     0.0                         0.0     0.0    0.0 
 SINCE JUN 1       0.0                         0.0     0.0    0.0 
 SINCE JUL 1       0.0                         0.0     0.0    0.0
 SNOW DEPTH (IN)     0                                          0 

DEGREE DAYS 
 HEATING 
  YESTERDAY         21                          15       6     12 
  MONTH TO DATE    338                         348     -10    126 
  SINCE JUN 1      943                        1255    -312   1097 
  SINCE JUL 1      534                         674    -140    480

 COOLING 
  YESTERDAY          0                           0       0      0 
  MONTH TO DATE      0                           0       0     11 
  SINCE JUN 1       14                           0      14     19 
  SINCE JAN 1       14                           0      14     19 
................................................................... 

WIND (MPH) 
 HIGHEST WIND SPEED    31     HIGHEST WIND DIRECTION    280      
 HIGHEST GUST SPEED    37     HIGHEST GUST DIRECTION    310 
 AVERAGE WIND SPEED  21.9 

SKY COVER
  POSSIBLE SUNSHINE    MM          AVERAGE SKY COVER     MM
 
WEATHER CONDITIONS 
 THE FOLLOWING WEATHER WAS RECORDED YESTERDAY. 
  RAIN
 

RELATIVE HUMIDITY
 HIGHEST RH     MM PERCENT       MM
 LOWEST  RH     MM PERCENT       MM
 AVERAGE RH     MM PERCENT       MM
................................................................... 

THE KOTZEBUE CLIMATE NORMALS FOR TODAY 
                           NORMAL    RECORD   YEAR 
 MAXIMUM TEMPERATURE (F)     54        67     2001 
 MINIMUM TEMPERATURE (F)     45        29     1994 

SUNRISE AND SUNSET 
 AUG 28 2015..........SUNRISE  7:09 AM      SUNSET 10:33 PM   
 AUG 29 2015..........SUNRISE  7:12 AM      SUNSET 10:29 PM   

-  INDICATES NEGATIVE NUMBERS.
R  INDICATES RECORD HAS BEEN SET OR TIED.
MM INDICATES DATA IS MISSING.
T  INDICATES TRACE OF PRECIPITATION.

&&
-------------------------------------------------------------------

AMOUNT OF DAYLIGHT TODAY  (HOUR:MIN)........15 HOURS 24 MINUTES
LOSS SINCE YESTERDAY (HOUR:MIN:SEC).........-0:07:35

$$

DT AUG 15


Alaska Region Headquarters
222 West 7th Avenue #23
Anchorage, AK 99513-7575
Voice: 1-907-271-5088
Fax: 1-907-271-3711
Recorded Forecast: 1-800-472-0391
Webmaster Email: ARH Webauthors
Page Modified: 03 Feb 2008 18:00 UTC
About Us
Career Opportunities
Glossary
Credits
Disclaimer
Privacy Policy