CDAK49 PAOT 010906
CLIOTZ

CLIMATE REPORT 
NATIONAL WEATHER SERVICE KOTZEBUE, AK
106 AM AKDT WED APR 1 2015
...................................
...THE KOTZEBUE WSO AP CLIMATE SUMMARY FOR MARCH 31 2015... 

CLIMATE NORMAL PERIOD  1981 TO  2010 
CLIMATE RECORD PERIOD  1897 TO  2015 

WEATHER ITEM   OBSERVED TIME    RECORD YEAR NORMAL DEPARTURE LAST 
               VALUE    (LST)   VALUE       VALUE  FROM      YEAR 
                                                   NORMAL 
................................................................... 
TEMPERATURE 
YESTERDAY 
 MAXIMUM             9  0552 PM    38  1961     12      -3     15 
 MINIMUM           -11  1212 AM   -38  1939     -4      -7     -1 
 AVERAGE            -1                           4      -5      7 

PRECIPITATION 
(INCHES) 
 YESTERDAY        0.02           0.18  1938   0.01    0.01      T 
 MONTH TO DATE    0.53                        0.44    0.09   0.34 
 SINCE MAR 1      0.53                        0.44    0.09   0.34 
 SINCE JAN 1      1.38                        1.72   -0.34   1.06 

SNOWFALL 
(INCHES) 
 YESTERDAY         0.4            19.0 1938    0.1     0.3      T 
 MONTH TO DATE     5.5                         5.9    -0.4    6.8 
 SINCE MAR 1       5.5                         5.9    -0.4    6.8 
 SINCE JUL 1      20.8                        53.5   -32.7   31.8
 SNOW DEPTH (IN)     8                                          7 

DEGREE DAYS 
 HEATING 
  YESTERDAY         66                          61       5     58 
  MONTH TO DATE   2089                        1987     102   1768 
  SINCE JUL 1    10930                       12229   -1299  10716

 COOLING 
  YESTERDAY          0                           0       0      0 
  MONTH TO DATE      0                           0       0      0 
  SINCE MAR 1        0                           0       0      0 
  SINCE JAN 1        0                           0       0      0 
................................................................... 

WIND (MPH) 
 HIGHEST WIND SPEED    16     HIGHEST WIND DIRECTION    290      
 HIGHEST GUST SPEED    18     HIGHEST GUST DIRECTION    290 
 AVERAGE WIND SPEED   9.6 

SKY COVER
  POSSIBLE SUNSHINE    MM          AVERAGE SKY COVER     MM
 
WEATHER CONDITIONS 
 THE FOLLOWING WEATHER WAS RECORDED YESTERDAY. 
FOG
SNOW
 

RELATIVE HUMIDITY
 HIGHEST RH     MM PERCENT       MM
 LOWEST  RH     MM PERCENT       MM
 AVERAGE RH     MM PERCENT       MM
................................................................... 

THE KOTZEBUE CLIMATE NORMALS FOR TODAY 
                           NORMAL    RECORD   YEAR 
 MAXIMUM TEMPERATURE (F)     13        37     1962 
 MINIMUM TEMPERATURE (F)     -4       -28     1992 

SUNRISE AND SUNSET 
 APR 1 2015..........SUNRISE  8:03 AM      SUNSET  9:49 PM   
 APR 2 2015..........SUNRISE  7:59 AM      SUNSET  9:52 PM   

-  INDICATES NEGATIVE NUMBERS.
R  INDICATES RECORD HAS BEEN SET OR TIED.
MM INDICATES DATA IS MISSING.
T  INDICATES TRACE OF PRECIPITATION.

&&
-------------------------------------------------------------------

AMOUNT OF DAYLIGHT TODAY  (HOUR:MIN)........13 HOURS 46 MINUTES
GAIN/LOSS SINCE YESTERDAY (HOUR:MIN:SEC)....+0:07:28

$$
JAS APR 15


Alaska Region Headquarters
222 West 7th Avenue #23
Anchorage, AK 99513-7575
Voice: 1-907-271-5088
Fax: 1-907-271-3711
Recorded Forecast: 1-800-472-0391
Webmaster Email: ARH Webauthors
Page Modified: 03 Feb 2008 18:00 UTC
About Us
Career Opportunities
Glossary
Credits
Disclaimer
Privacy Policy