CDAK49 PAOM 290902
CLIOME

CLIMATE REPORT 
NATIONAL WEATHER SERVICE NOME, AK
103 AM AKDT WED JUN 29 2016
...................................
...THE NOME WSO AP CLIMATE SUMMARY FOR JUNE 28 2016... 

CLIMATE NORMAL PERIOD  1981 TO  2010 
CLIMATE RECORD PERIOD  1906 TO  2016 

WEATHER ITEM   OBSERVED TIME    RECORD YEAR NORMAL DEPARTURE LAST 
               VALUE    (LST)   VALUE       VALUE  FROM      YEAR 
                                                   NORMAL 
................................................................... 
TEMPERATURE 
YESTERDAY 
 MAXIMUM            55  0110 PM    81  2004     58      -3     52 
 MINIMUM            49  0447 AM    30  1970     44       5     42 
 AVERAGE            52                          51       1     47 

PRECIPITATION 
(INCHES) 
 YESTERDAY        0.00           1.08  2006   0.04   -0.04   0.00 
 MONTH TO DATE    0.34                        0.90   -0.56   0.62 
 SINCE JUN 1      0.34                        0.90   -0.56   0.62 
 SINCE JAN 1      3.43                        5.04   -1.61   5.06 

SNOWFALL 
(INCHES) 
 YESTERDAY         0.0            0.0  2016    0.0     0.0    0.0 
 MONTH TO DATE     0.0                         0.3    -0.3      T 
 SINCE JUN 1       0.0                         0.3    -0.3    0.0 
 SINCE JUL 1      48.9                        75.7   -26.8   59.7
 SNOW DEPTH (IN)     0                                          0 

DEGREE DAYS 
 HEATING 
  YESTERDAY         13                          14      -1     18 
  MONTH TO DATE    438                         488     -50    485 
  SINCE JUN 1      438                         488     -50    485 
  SINCE JUL 1    11912                       13676   -1764  12502

 COOLING 
  YESTERDAY          0                           0       0      0 
  MONTH TO DATE      0                           0       0      5 
  SINCE JUN 1        0                           0       0      5 
  SINCE JAN 1        0                           0       0      5 
................................................................... 

WIND (MPH) 
 HIGHEST WIND SPEED    17     HIGHEST WIND DIRECTION    130      
 HIGHEST GUST SPEED    21     HIGHEST GUST DIRECTION    130 
 AVERAGE WIND SPEED   7.7 

SKY COVER
  POSSIBLE SUNSHINE    MM          AVERAGE SKY COVER     MM
 
WEATHER CONDITIONS 
 THE FOLLOWING WEATHER WAS RECORDED YESTERDAY. 
  SMOKE
FOG
 

RELATIVE HUMIDITY
 HIGHEST RH     MM PERCENT       MM
 LOWEST  RH     MM PERCENT       MM
 AVERAGE RH     MM PERCENT       MM
................................................................... 

THE NOME CLIMATE NORMALS FOR TODAY 
                           NORMAL    RECORD   YEAR 
 MAXIMUM TEMPERATURE (F)     58        78     1911 
 MINIMUM TEMPERATURE (F)     45        31     1949 

SUNRISE AND SUNSET 
 JUN 29 2016..........SUNRISE  4:29 AM      SUNSET  1:42 AM   
 JUN 30 2016..........SUNRISE  4:30 AM      SUNSET  1:40 AM   

-  INDICATES NEGATIVE NUMBERS.
R  INDICATES RECORD HAS BEEN SET OR TIED.
MM INDICATES DATA IS MISSING.
T  INDICATES TRACE OF PRECIPITATION.

&&
-------------------------------------------------------------------

AMOUNT OF DAYLIGHT TODAY  (HOUR:MIN)........21 HOURS 13 MINUTES
GAIN/LOSS SINCE YESTERDAY (HOUR:MIN:SEC)....-0:03:09

TIDE INFORMATION FOR WEDNESDAY JUNE 29 2016
12:09 AM HIGH 0.7 FT
 6:01 AM LOW -0.1 FT
12:44 PM HIGH 1.1 FT
 7:24 PM LOW  0.0 FT

$$
RWM JUN 16


Alaska Region Headquarters
222 West 7th Avenue #23
Anchorage, AK 99513-7575
Voice: 1-907-271-5088
Fax: 1-907-271-3711
Recorded Forecast: 1-800-472-0391
Webmaster Email: ARH Webauthors
Page Modified: 03 Feb 2008 18:00 UTC
About Us
Career Opportunities
Glossary
Credits
Disclaimer
Privacy Policy