CDAK49 PAOM 270920
CLIOME

CLIMATE REPORT 
NATIONAL WEATHER SERVICE NOME, AK
1220 AM AKST FRI FEB 27 2015
...................................
...THE NOME WSO AP CLIMATE SUMMARY FOR FEBRUARY 26 2015... 

CLIMATE NORMAL PERIOD  1981 TO  2010 
CLIMATE RECORD PERIOD  1906 TO  2015 

WEATHER ITEM   OBSERVED TIME    RECORD YEAR NORMAL DEPARTURE LAST 
               VALUE    (LST)   VALUE       VALUE  FROM      YEAR 
                                                   NORMAL 
................................................................... 
TEMPERATURE 
YESTERDAY 
 MAXIMUM            32  1159 PM    43  1991     17      15     37 
 MINIMUM            29  1243 AM   -34  1938      1      28     27 
 AVERAGE            31                           9      22     32 

PRECIPITATION 
(INCHES) 
 YESTERDAY        0.11           0.72  1945   0.03    0.08   0.01 
 MONTH TO DATE    0.87                        0.87    0.00   0.47 
 SINCE DEC 1      2.12                        2.89   -0.77   4.05 
 SINCE JAN 1      1.58                        1.81   -0.23   2.04 

SNOWFALL 
(INCHES) 
 YESTERDAY         1.5            4.6  1945    0.5     1.0      T 
 MONTH TO DATE     8.6                        11.4    -2.8    8.6 
 SINCE DEC 1      24.1                        38.6   -14.5   39.2 
 SINCE JUL 1      41.7                        55.9   -14.2   53.8
 SNOW DEPTH (IN)     8                                         10 

DEGREE DAYS 
 HEATING 
  YESTERDAY         34                          56     -22     33 
  MONTH TO DATE   1294                        1499    -205   1372 
  SINCE DEC 1     4537                        5072    -535   4279 
  SINCE JUL 1     8082                        9170   -1088   8089

 COOLING 
  YESTERDAY          0                           0       0      0 
  MONTH TO DATE      0                           0       0      0 
  SINCE DEC 1        0                           0       0      0 
  SINCE JAN 1        0                           0       0      0 
................................................................... 

WIND (MPH) 
 HIGHEST WIND SPEED    26     HIGHEST WIND DIRECTION    190      
 HIGHEST GUST SPEED    33     HIGHEST GUST DIRECTION    190 
 AVERAGE WIND SPEED  20.9 

SKY COVER
  POSSIBLE SUNSHINE    MM          AVERAGE SKY COVER     MM
 
WEATHER CONDITIONS 
 THE FOLLOWING WEATHER WAS RECORDED YESTERDAY. 
  FOG
BLOWING SNOW
SNOW
 

RELATIVE HUMIDITY
 HIGHEST RH     MM PERCENT       MM
 LOWEST  RH     MM PERCENT       MM
 AVERAGE RH     MM PERCENT       MM
................................................................... 

THE NOME CLIMATE NORMALS FOR TODAY 
                           NORMAL    RECORD   YEAR 
 MAXIMUM TEMPERATURE (F)     17        46     1991 
 MINIMUM TEMPERATURE (F)      1       -40     1971 

SUNRISE AND SUNSET 
 FEB 27 2015..........SUNRISE  9:18 AM      SUNSET  7:14 PM   
 FEB 28 2015..........SUNRISE  9:14 AM      SUNSET  7:17 PM   

-  INDICATES NEGATIVE NUMBERS.
R  INDICATES RECORD HAS BEEN SET OR TIED.
MM INDICATES DATA IS MISSING.
T  INDICATES TRACE OF PRECIPITATION.

&&
-------------------------------------------------------------------

AMOUNT OF DAYLIGHT TODAY  (HOUR:MIN)........9 HOURS 56 MINUTES
GAIN/LOSS SINCE YESTERDAY (HOUR:MIN:SEC)....+0:06:41

TIDE INFORMATION FOR FRIDAY FEBRUARY 27 2015
 5:47 AM LOW  0.1 FT
12:44 PM HIGH 1.3 FT
 6:03 PM LOW  0.7 FT

$$
RWM FEB 15



Alaska Region Headquarters
222 West 7th Avenue #23
Anchorage, AK 99513-7575
Voice: 1-907-271-5088
Fax: 1-907-271-3711
Recorded Forecast: 1-800-472-0391
Webmaster Email: ARH Webauthors
Page Modified: 03 Feb 2008 18:00 UTC
About Us
Career Opportunities
Glossary
Credits
Disclaimer
Privacy Policy