CDAK49 PAOM 230901
CLIOME

CLIMATE REPORT 
NATIONAL WEATHER SERVICE NOME, AK
101 AM AKDT THU OCT 23 2014
...................................
...THE NOME WSO AP CLIMATE SUMMARY FOR OCTOBER 22 2014... 

CLIMATE NORMAL PERIOD  1981 TO  2010 
CLIMATE RECORD PERIOD  1906 TO  2014 

WEATHER ITEM   OBSERVED TIME    RECORD YEAR NORMAL DEPARTURE LAST 
               VALUE    (LST)   VALUE       VALUE  FROM      YEAR 
                                                   NORMAL 
................................................................... 
TEMPERATURE 
YESTERDAY 
 MAXIMUM            35  0258 PM    48  1926     32       3     40 
 MINIMUM            15  0857 AM     3  1967     20      -5     34 
 AVERAGE            25                          26      -1     37 

PRECIPITATION 
(INCHES) 
 YESTERDAY        0.00           0.83  1944   0.05   -0.05   0.08 
 MONTH TO DATE       T                        1.22   -1.22   3.00 
 SINCE SEP 1      2.58                        3.67   -1.09   4.98 
 SINCE JAN 1     11.60                       14.12   -2.52  18.09 

SNOWFALL 
(INCHES) 
 YESTERDAY         0.0            3.5  1989    0.2    -0.2    0.0 
 MONTH TO DATE       T                         2.5    -2.5    0.2 
 SINCE SEP 1       0.0                         3.1    -3.1    1.3 
 SINCE JUL 1         T                         3.1    -3.1    1.3
 SNOW DEPTH (IN)     0                                          0 

DEGREE DAYS 
 HEATING 
  YESTERDAY         40                          39       1     28 
  MONTH TO DATE    758                         754       4    620 
  SINCE SEP 1     1341                        1420     -79   1366 
  SINCE JUL 1     2044                        2284    -240   2140

 COOLING 
  YESTERDAY          0                           0       0      0 
  MONTH TO DATE      0                           0       0      0 
  SINCE SEP 1        0                           0       0      0 
  SINCE JAN 1        3                           0       3      7 
................................................................... 

WIND (MPH) 
 HIGHEST WIND SPEED    12     HIGHEST WIND DIRECTION    300      
 HIGHEST GUST SPEED    15     HIGHEST GUST DIRECTION    290 
 AVERAGE WIND SPEED   2.8 

SKY COVER
  POSSIBLE SUNSHINE    MM          AVERAGE SKY COVER     MM
 
WEATHER CONDITIONS 
 THE FOLLOWING WEATHER WAS RECORDED YESTERDAY. 
  NO SIGNIFICANT WEATHER WAS OBSERVED. 

RELATIVE HUMIDITY
 HIGHEST RH     MM PERCENT       MM
 LOWEST  RH     MM PERCENT       MM
 AVERAGE RH     MM PERCENT       MM
................................................................... 

THE NOME CLIMATE NORMALS FOR TODAY 
                           NORMAL    RECORD   YEAR 
 MAXIMUM TEMPERATURE (F)     31        46     1926 
 MINIMUM TEMPERATURE (F)     20         2     1967 

SUNRISE AND SUNSET 
 OCT 23 2014..........SUNRISE 10:20 AM      SUNSET  7:12 PM   
 OCT 24 2014..........SUNRISE 10:23 AM      SUNSET  7:09 PM   

-  INDICATES NEGATIVE NUMBERS.
R  INDICATES RECORD HAS BEEN SET OR TIED.
MM INDICATES DATA IS MISSING.
T  INDICATES TRACE OF PRECIPITATION.

&&
-------------------------------------------------------------------

AMOUNT OF DAYLIGHT TODAY  (HOUR:MIN)........8 HOURS 52 MINUTES
GAIN/LOSS SINCE YESTERDAY (HOUR:MIN:SEC)....-0:06:37

TIDE INFORMATION FOR THURSDAY OCTOBER 23 2014
 5:15 AM HIGH 1.2 FT
11:32 AM LOW  0.4 FT
 5:58 PM HIGH 1.2 FT
11:30 PM LOW  0.5 FT

$$
RWM OCT 14



Alaska Region Headquarters
222 West 7th Avenue #23
Anchorage, AK 99513-7575
Voice: 1-907-271-5088
Fax: 1-907-271-3711
Recorded Forecast: 1-800-472-0391
Webmaster Email: ARH Webauthors
Page Modified: 03 Feb 2008 18:00 UTC
About Us
Career Opportunities
Glossary
Credits
Disclaimer
Privacy Policy