CDAK49 PAOM 250906
CLIOME

CLIMATE REPORT 
NATIONAL WEATHER SERVICE NOME, AK
106 AM AKDT SAT OCT 25 2014
...................................
...THE NOME WSO AP CLIMATE SUMMARY FOR OCTOBER 24 2014... 

CLIMATE NORMAL PERIOD  1981 TO  2010 
CLIMATE RECORD PERIOD  1906 TO  2014 

WEATHER ITEM   OBSERVED TIME    RECORD YEAR NORMAL DEPARTURE LAST 
               VALUE    (LST)   VALUE       VALUE  FROM      YEAR 
                                                   NORMAL 
................................................................... 
TEMPERATURE 
YESTERDAY 
 MAXIMUM            36  0247 PM    49  1926     31       5     36 
 MINIMUM            14  0155 AM     1  1996     19      -5     31 
 AVERAGE            25                          25       0     34 

PRECIPITATION 
(INCHES) 
 YESTERDAY        0.04           0.53  1973   0.04    0.00   0.02 
 MONTH TO DATE    0.39                        1.30   -0.91   3.02 
 SINCE SEP 1      2.97                        3.75   -0.78   5.00 
 SINCE JAN 1     11.99                       14.20   -2.21  18.11 

SNOWFALL 
(INCHES) 
 YESTERDAY         0.0            4.8  1973    0.2    -0.2    0.2 
 MONTH TO DATE     3.6                         2.9     0.7    0.4 
 SINCE SEP 1       3.6                         3.5     0.1    1.5 
 SINCE JUL 1       3.6                         3.5     0.1    1.5
 SNOW DEPTH (IN)     3                                          0 

DEGREE DAYS 
 HEATING 
  YESTERDAY         40                          40       0     31 
  MONTH TO DATE    837                         834       3    683 
  SINCE SEP 1     1420                        1500     -80   1429 
  SINCE JUL 1     2123                        2364    -241   2203

 COOLING 
  YESTERDAY          0                           0       0      0 
  MONTH TO DATE      0                           0       0      0 
  SINCE SEP 1        0                           0       0      0 
  SINCE JAN 1        3                           0       3      7 
................................................................... 

WIND (MPH) 
 HIGHEST WIND SPEED    14     HIGHEST WIND DIRECTION    210      
 HIGHEST GUST SPEED    17     HIGHEST GUST DIRECTION    150 
 AVERAGE WIND SPEED   8.1 

SKY COVER
  POSSIBLE SUNSHINE    MM          AVERAGE SKY COVER     MM
 
WEATHER CONDITIONS 
 THE FOLLOWING WEATHER WAS RECORDED YESTERDAY. 
  FOG
RAIN
 

RELATIVE HUMIDITY
 HIGHEST RH     MM PERCENT       MM
 LOWEST  RH     MM PERCENT       MM
 AVERAGE RH     MM PERCENT       MM
................................................................... 

THE NOME CLIMATE NORMALS FOR TODAY 
                           NORMAL    RECORD   YEAR 
 MAXIMUM TEMPERATURE (F)     30        45     1937 
 MINIMUM TEMPERATURE (F)     19        -5     1996 

SUNRISE AND SUNSET 
 OCT 25 2014..........SUNRISE 10:26 AM      SUNSET  7:05 PM   
 OCT 26 2014..........SUNRISE 10:29 AM      SUNSET  7:02 PM   

-  INDICATES NEGATIVE NUMBERS.
R  INDICATES RECORD HAS BEEN SET OR TIED.
MM INDICATES DATA IS MISSING.
T  INDICATES TRACE OF PRECIPITATION.

&&
-------------------------------------------------------------------

AMOUNT OF DAYLIGHT TODAY  (HOUR:MIN)........8 HOURS 39 MINUTES
GAIN/LOSS SINCE YESTERDAY (HOUR:MIN:SEC)....-0:06:37

TIDE INFORMATION FOR SATURDAY OCTOBER 25 2014
12:04 AM LOW  0.6 FT
 5:56 AM HIGH 1.2 FT
12:39 PM LOW  0.2 FT
 7:22 PM HIGH 1.2 FT

$$
RWM OCT 14



Alaska Region Headquarters
222 West 7th Avenue #23
Anchorage, AK 99513-7575
Voice: 1-907-271-5088
Fax: 1-907-271-3711
Recorded Forecast: 1-800-472-0391
Webmaster Email: ARH Webauthors
Page Modified: 03 Feb 2008 18:00 UTC
About Us
Career Opportunities
Glossary
Credits
Disclaimer
Privacy Policy