CDAK49 PAOM 300945
CLIOME

CLIMATE REPORT 
NATIONAL WEATHER SERVICE NOME, AK
145 AM AKDT THU OCT 30 2014
...................................
...THE NOME WSO AP CLIMATE SUMMARY FOR OCTOBER 29 2014... 

CLIMATE NORMAL PERIOD  1981 TO  2010 
CLIMATE RECORD PERIOD  1906 TO  2014 

WEATHER ITEM   OBSERVED TIME    RECORD YEAR NORMAL DEPARTURE LAST 
               VALUE    (LST)   VALUE       VALUE  FROM      YEAR 
                                                   NORMAL 
................................................................... 
TEMPERATURE 
YESTERDAY 
 MAXIMUM            31  1258 AM    44  2002     29       2     37 
 MINIMUM            13  0954 PM    -4  1929     17      -4     26 
 AVERAGE            22                          23      -1     32 

PRECIPITATION 
(INCHES) 
 YESTERDAY        0.00           0.71  1995   0.04   -0.04   0.00 
 MONTH TO DATE    0.63                        1.52   -0.89   3.55 
 SINCE SEP 1      3.21                        3.97   -0.76   5.53 
 SINCE JAN 1     12.23                       14.42   -2.19  18.64 

SNOWFALL 
(INCHES) 
 YESTERDAY         0.0            8.3  1946    0.2    -0.2    0.0 
 MONTH TO DATE     4.9                         4.0     0.9    0.5 
 SINCE SEP 1       4.9                         4.6     0.3    1.6 
 SINCE JUL 1       4.9                         4.6     0.3    1.6
 SNOW DEPTH (IN)     1                                          0 

DEGREE DAYS 
 HEATING 
  YESTERDAY         43                          42       1     33 
  MONTH TO DATE   1012                        1040     -28    823 
  SINCE SEP 1     1595                        1706    -111   1569 
  SINCE JUL 1     2298                        2570    -272   2343

 COOLING 
  YESTERDAY          0                           0       0      0 
  MONTH TO DATE      0                           0       0      0 
  SINCE SEP 1        0                           0       0      0 
  SINCE JAN 1        3                           0       3      7 
................................................................... 

WIND (MPH) 
 HIGHEST WIND SPEED    20     HIGHEST WIND DIRECTION    360      
 HIGHEST GUST SPEED    23     HIGHEST GUST DIRECTION     10 
 AVERAGE WIND SPEED   5.1 

SKY COVER
  POSSIBLE SUNSHINE    MM          AVERAGE SKY COVER     MM
 
WEATHER CONDITIONS 
 THE FOLLOWING WEATHER WAS RECORDED YESTERDAY. 
  NO SIGNIFICANT WEATHER WAS OBSERVED. 

RELATIVE HUMIDITY
 HIGHEST RH     MM PERCENT       MM
 LOWEST  RH     MM PERCENT       MM
 AVERAGE RH     MM PERCENT       MM
................................................................... 

THE NOME CLIMATE NORMALS FOR TODAY 
                           NORMAL    RECORD   YEAR 
 MAXIMUM TEMPERATURE (F)     28        43     1911 
 MINIMUM TEMPERATURE (F)     17        -5     1975 

SUNRISE AND SUNSET 
 OCT 30 2014..........SUNRISE 10:42 AM      SUNSET  6:48 PM   
 OCT 31 2014..........SUNRISE 10:45 AM      SUNSET  6:45 PM   

-  INDICATES NEGATIVE NUMBERS.
R  INDICATES RECORD HAS BEEN SET OR TIED.
MM INDICATES DATA IS MISSING.
T  INDICATES TRACE OF PRECIPITATION.

&&
-------------------------------------------------------------------

AMOUNT OF DAYLIGHT TODAY  (HOUR:MIN)........8 HOURS 6 MINUTES
GAIN/LOSS SINCE YESTERDAY (HOUR:MIN:SEC)....-0:06:37

NOME TIDAL INFORMATION 30 OCTOBER 2014
03:33 AM +0.8
09:01 AM +1.3
04:35 PM  0.0
11:30 PM +1.2

$$

CKC OCT 14



Alaska Region Headquarters
222 West 7th Avenue #23
Anchorage, AK 99513-7575
Voice: 1-907-271-5088
Fax: 1-907-271-3711
Recorded Forecast: 1-800-472-0391
Webmaster Email: ARH Webauthors
Page Modified: 03 Feb 2008 18:00 UTC
About Us
Career Opportunities
Glossary
Credits
Disclaimer
Privacy Policy