CDAK49 PAOM 202219
CLIOME

CLIMATE REPORT
NATIONAL WEATHER SERVICE NOME, AK
219 PM AKDT SUN APR 20 2014
...................................
...THE NOME WSO AP CLIMATE SUMMARY FOR APRIL 20 2014...
VALID TODAY AS OF 2:00 PM LOCAL TIME

CLIMATE NORMAL PERIOD  1981 TO  2010 
CLIMATE RECORD PERIOD  1906 TO  2014 

WEATHER ITEM   OBSERVED TIME    RECORD YEAR NORMAL DEPARTURE LAST 
               VALUE    (LST)   VALUE       VALUE  FROM      YEAR 
                                                   NORMAL 
................................................................... 
TEMPERATURE 
TODAY 
 MAXIMUM            45R 1259 PM    45  1996     30      15     32 
 MINIMUM            37  0210 AM   -15  1966     16      21     10 
 AVERAGE            41                          23      18     21 

PRECIPITATION 
(INCHES) 
 TODAY            0.00           0.20  1937   0.02   -0.02   0.00 
 MONTH TO DATE    0.25                        0.48   -0.23   0.25 
 SINCE MAR 1      0.78                        1.13   -0.35   0.89 
 SINCE JAN 1      2.95                        3.00   -0.05   2.41 

SNOWFALL 
(INCHES) 
 TODAY             0.0            2.3  1937    0.3    -0.3    0.0 
 MONTH TO DATE     2.5                         5.5    -3.0    3.9
 SINCE MAR 1      14.8                        14.4     0.4   13.0
 SINCE JUL 1      69.1                        71.1    -2.0   54.3
 SNOW DEPTH (IN)     2                                         17

DEGREE DAYS 
 HEATING 
  TODAY             24                          42     -18     44 
  MONTH TO DATE    830                         948    -118   1053
  SINCE MAR 1     2457                        2644    -187   2801
  SINCE JUL 1    10603                       11926   -1323  12359

 COOLING 
  TODAY              0                           0       0      0 
  MONTH TO DATE      0                           0       0      0 
  SINCE MAR 1        0                           0       0      0 
  SINCE JAN 1        0                           0       0      0 
................................................................... 

WIND (MPH) 
 HIGHEST WIND SPEED    17     HIGHEST WIND DIRECTION     40      
 HIGHEST GUST SPEED    23     HIGHEST GUST DIRECTION     30 
 AVERAGE WIND SPEED    MM 

SKY COVER
  POSSIBLE SUNSHINE  MM            AVERAGE SKY COVER MM
 
WEATHER CONDITIONS 
 THE FOLLOWING WEATHER WAS RECORDED TODAY. 
NO SIGNIFICANT WEATHER WAS OBSERVED. 

RELATIVE HUMIDITY
 HIGHEST RH     MM PERCENT       MM
 LOWEST  RH     MM PERCENT       MM
 AVERAGE RH     MM PERCENT       MM
................................................................... 

THE NOME CLIMATE NORMALS FOR TOMORROW 
                        NORMAL    RECORD   YEAR 
 MAXIMUM TEMPERATURE      30        45     1996 
 MINIMUM TEMPERATURE      17       -20     1924 

SUNRISE AND SUNSET 
 APR 20 2014..........SUNRISE  7:10 AM      SUNSET 10:54 PM    
 APR 21 2014..........SUNRISE  7:06 AM      SUNSET 10:58 PM    

-  INDICATES NEGATIVE NUMBERS.
R  INDICATES RECORD HAS BEEN SET OR TIED.
MM INDICATES DATA IS MISSING.
T  INDICATES TRACE OF PRECIPITATION.

&&
-------------------------------------------------------------------

AMOUNT OF DAYLIGHT TODAY  (HOUR:MIN)........15 HOURS 44 MINUTES
GAIN/LOSS SINCE YESTERDAY (HOUR:MIN:SEC)....+0:06:47

$$
RWM APR 14


Alaska Region Headquarters
222 West 7th Avenue #23
Anchorage, AK 99513-7575
Voice: 1-907-271-5088
Fax: 1-907-271-3711
Recorded Forecast: 1-800-472-0391
Webmaster Email: ARH Webauthors
Page Modified: 03 Feb 2008 18:00 UTC
About Us
Career Opportunities
Glossary
Credits
Disclaimer
Privacy Policy