CDAK49 PAOM 220902
CLIOME

CLIMATE REPORT 
NATIONAL WEATHER SERVICE NOME, AK
103 AM AKDT WED OCT 22 2014
...................................
...THE NOME WSO AP CLIMATE SUMMARY FOR OCTOBER 21 2014... 

CLIMATE NORMAL PERIOD  1981 TO  2010 
CLIMATE RECORD PERIOD  1906 TO  2014 

WEATHER ITEM   OBSERVED TIME    RECORD YEAR NORMAL DEPARTURE LAST 
               VALUE    (LST)   VALUE       VALUE  FROM      YEAR 
                                                   NORMAL 
................................................................... 
TEMPERATURE 
YESTERDAY 
 MAXIMUM            38  0329 PM    46  1926     32       6     40 
 MINIMUM            24  1159 PM    -1  1996     21       3     37 
 AVERAGE            31                          26       5     39 

PRECIPITATION 
(INCHES) 
 YESTERDAY        0.00           0.67  1936   0.05   -0.05   0.06 
 MONTH TO DATE       T                        1.17   -1.17   2.92 
 SINCE SEP 1      2.58                        3.62   -1.04   4.90 
 SINCE JAN 1     11.60                       14.07   -2.47  18.01 

SNOWFALL 
(INCHES) 
 YESTERDAY         0.0            3.7  1958    0.1    -0.1    0.0 
 MONTH TO DATE       T                         2.3    -2.3    0.2 
 SINCE SEP 1       0.0                         2.9    -2.9    1.3 
 SINCE JUL 1         T                         2.9    -2.9    1.3
 SNOW DEPTH (IN)     0                                          0 

DEGREE DAYS 
 HEATING 
  YESTERDAY         34                          39      -5     26 
  MONTH TO DATE    718                         715       3    592 
  SINCE SEP 1     1301                        1381     -80   1338 
  SINCE JUL 1     2004                        2245    -241   2112

 COOLING 
  YESTERDAY          0                           0       0      0 
  MONTH TO DATE      0                           0       0      0 
  SINCE SEP 1        0                           0       0      0 
  SINCE JAN 1        3                           0       3      7 
................................................................... 

WIND (MPH) 
 HIGHEST WIND SPEED    17     HIGHEST WIND DIRECTION     10      
 HIGHEST GUST SPEED    21     HIGHEST GUST DIRECTION     40 
 AVERAGE WIND SPEED   7.0 

SKY COVER
  POSSIBLE SUNSHINE    MM          AVERAGE SKY COVER     MM
 
WEATHER CONDITIONS 
 THE FOLLOWING WEATHER WAS RECORDED YESTERDAY. 
  NO SIGNIFICANT WEATHER WAS OBSERVED. 

RELATIVE HUMIDITY
 HIGHEST RH     MM PERCENT       MM
 LOWEST  RH     MM PERCENT       MM
 AVERAGE RH     MM PERCENT       MM
................................................................... 

THE NOME CLIMATE NORMALS FOR TODAY 
                           NORMAL    RECORD   YEAR 
 MAXIMUM TEMPERATURE (F)     32        48     1926 
 MINIMUM TEMPERATURE (F)     20         3     1967 

SUNRISE AND SUNSET 
 OCT 22 2014..........SUNRISE 10:16 AM      SUNSET  7:16 PM   
 OCT 23 2014..........SUNRISE 10:20 AM      SUNSET  7:12 PM   

-  INDICATES NEGATIVE NUMBERS.
R  INDICATES RECORD HAS BEEN SET OR TIED.
MM INDICATES DATA IS MISSING.
T  INDICATES TRACE OF PRECIPITATION.

&&
-------------------------------------------------------------------

AMOUNT OF DAYLIGHT TODAY  (HOUR:MIN)........9 HOURS 0 MINUTES
GAIN/LOSS SINCE YESTERDAY (HOUR:MIN:SEC)....-0:06:37

TIDES FOR WEDNESDAY OCTOBER 22 2014

 4:53 AM HIGH 1.2 FT
10:59 AM LOW  0.5 FT
 5:14 PM HIGH 1.2 FT
10:56 PM LOW  0.4 FT

$$
RCT OCT 14



Alaska Region Headquarters
222 West 7th Avenue #23
Anchorage, AK 99513-7575
Voice: 1-907-271-5088
Fax: 1-907-271-3711
Recorded Forecast: 1-800-472-0391
Webmaster Email: ARH Webauthors
Page Modified: 03 Feb 2008 18:00 UTC
About Us
Career Opportunities
Glossary
Credits
Disclaimer
Privacy Policy