CDAK49 PAOM 220000
CLIOME

CLIMATE REPORT
NATIONAL WEATHER SERVICE NOME, AK
4 PM AKDT THU AUG 21 2014
...................................
...THE NOME WSO AP CLIMATE SUMMARY FOR AUGUST 21 2014...
VALID TODAY AS OF 4:00 PM LOCAL TIME

CLIMATE NORMAL PERIOD  1981 TO  2010 
CLIMATE RECORD PERIOD  1906 TO  2014 

WEATHER ITEM   OBSERVED TIME    RECORD YEAR NORMAL DEPARTURE LAST 
               VALUE    (LST)   VALUE       VALUE  FROM      YEAR 
                                                   NORMAL 
................................................................... 
TEMPERATURE 
TODAY 
 MAXIMUM            56  0256 PM    81  1977     56       0     56 
 MINIMUM            44  0205 AM    29  1969     44       0     49 
 AVERAGE            50                          50       0     53 

PRECIPITATION 
(INCHES) 
 TODAY            0.00           1.16  1951   0.11   -0.11   0.09 
 MONTH TO DATE    0.95                        2.23   -1.28   3.50 
 SINCE JUN 1      3.79                        5.32   -1.53   8.15 
 SINCE JAN 1      8.26                        9.46   -1.20  12.40 

SNOWFALL 
(INCHES) 
 TODAY             0.0            0.0  2014    0.0     0.0    0.0 
 MONTH TO DATE     0.0                         0.0     0.0    0.0
 SINCE JUN 1       0.0                         0.3    -0.3    0.1
 SINCE JUL 1       0.0                         0.0     0.0    0.0
 SNOW DEPTH (IN)     0                                          0

DEGREE DAYS 
 HEATING 
  TODAY             15                          15       0     12 
  MONTH TO DATE    134                         303    -169    200
  SINCE JUN 1     1125                        1219     -94   1083
  SINCE JUL 1      557                         703    -146    607

 COOLING 
  TODAY              0                           0       0      0 
  MONTH TO DATE      1                           0       1      0 
  SINCE JUN 1        3                           0       3      7 
  SINCE JAN 1        3                           0       3      7 
................................................................... 

WIND (MPH) 
 HIGHEST WIND SPEED    13     HIGHEST WIND DIRECTION    240      
 HIGHEST GUST SPEED    16     HIGHEST GUST DIRECTION    230 
 AVERAGE WIND SPEED    MM 

SKY COVER
  POSSIBLE SUNSHINE  MM            AVERAGE SKY COVER MM
 
WEATHER CONDITIONS 
 THE FOLLOWING WEATHER WAS RECORDED TODAY. 
  NO SIGNIFICANT WEATHER WAS OBSERVED. 

RELATIVE HUMIDITY
 HIGHEST RH     MM PERCENT       MM
 LOWEST  RH     MM PERCENT       MM
 AVERAGE RH     MM PERCENT       MM
................................................................... 

THE NOME CLIMATE NORMALS FOR TOMORROW 
                        NORMAL    RECORD   YEAR 
 MAXIMUM TEMPERATURE      56        79     1977 
 MINIMUM TEMPERATURE      44        24     1929 

SUNRISE AND SUNSET 
 AUG 21 2014..........SUNRISE  7:10 AM      SUNSET 10:58 PM    
 AUG 22 2014..........SUNRISE  7:14 AM      SUNSET 10:54 PM    

-  INDICATES NEGATIVE NUMBERS.
R  INDICATES RECORD HAS BEEN SET OR TIED.
MM INDICATES DATA IS MISSING.
T  INDICATES TRACE OF PRECIPITATION.

&&
-------------------------------------------------------------------

AMOUNT OF DAYLIGHT TODAY  (HOUR:MIN)........15 HOURS 48 MINUTES
GAIN/LOSS SINCE YESTERDAY (HOUR:MIN:SEC)....-0:06:42

$$

CKC AUG 14


Alaska Region Headquarters
222 West 7th Avenue #23
Anchorage, AK 99513-7575
Voice: 1-907-271-5088
Fax: 1-907-271-3711
Recorded Forecast: 1-800-472-0391
Webmaster Email: ARH Webauthors
Page Modified: 03 Feb 2008 18:00 UTC
About Us
Career Opportunities
Glossary
Credits
Disclaimer
Privacy Policy