CDAK49 PAOM 280911
CLIOME

CLIMATE REPORT 
NATIONAL WEATHER SERVICE NOME, AK
111 AM AKDT FRI AUG 28 2015
...................................
...THE NOME WSO AP CLIMATE SUMMARY FOR AUGUST 27 2015... 

CLIMATE NORMAL PERIOD  1981 TO  2010 
CLIMATE RECORD PERIOD  1906 TO  2015 

WEATHER ITEM   OBSERVED TIME    RECORD YEAR NORMAL DEPARTURE LAST 
               VALUE    (LST)   VALUE       VALUE  FROM      YEAR 
                                                   NORMAL 
................................................................... 
TEMPERATURE 
YESTERDAY 
 MAXIMUM            49  0622 PM    70  1995     55      -6     57 
 MINIMUM            36  0718 AM    27  1984     43      -7     50 
 AVERAGE            43                          49      -6     54 

PRECIPITATION 
(INCHES) 
 YESTERDAY        0.00           0.74  1929   0.10   -0.10   0.01 
 MONTH TO DATE    3.70                        2.85    0.85   0.96 
 SINCE JUN 1      5.80                        5.94   -0.14   3.80 
 SINCE JAN 1     10.24                       10.08    0.16   8.27 

SNOWFALL 
(INCHES) 
 YESTERDAY         0.0              T  1913    0.0     0.0    0.0 
 MONTH TO DATE     0.0                         0.0     0.0    0.0 
 SINCE JUN 1       0.0                         0.3    -0.3    0.0 
 SINCE JUL 1       0.0                         0.0     0.0    0.0
 SNOW DEPTH (IN)     0                                          0 

DEGREE DAYS 
 HEATING 
  YESTERDAY         22                          16       6     11 
  MONTH TO DATE    410                         398      12    193 
  SINCE JUN 1     1242                        1314     -72   1184 
  SINCE JUL 1      717                         798     -81    616

 COOLING 
  YESTERDAY          0                           0       0      0 
  MONTH TO DATE      0                           0       0      1 
  SINCE JUN 1        5                           0       5      3 
  SINCE JAN 1        5                           0       5      3 
................................................................... 

WIND (MPH) 
 HIGHEST WIND SPEED    26     HIGHEST WIND DIRECTION    300      
 HIGHEST GUST SPEED    34     HIGHEST GUST DIRECTION    290 
 AVERAGE WIND SPEED  14.9 

SKY COVER
  POSSIBLE SUNSHINE    MM          AVERAGE SKY COVER     MM
 
WEATHER CONDITIONS 
 THE FOLLOWING WEATHER WAS RECORDED YESTERDAY. 
  NO SIGNIFICANT WEATHER WAS OBSERVED. 

RELATIVE HUMIDITY
 HIGHEST RH     MM PERCENT       MM
 LOWEST  RH     MM PERCENT       MM
 AVERAGE RH     MM PERCENT       MM
................................................................... 

THE NOME CLIMATE NORMALS FOR TODAY 
                           NORMAL    RECORD   YEAR 
 MAXIMUM TEMPERATURE (F)     55        69     1982 
 MINIMUM TEMPERATURE (F)     43        26     1994 

SUNRISE AND SUNSET 
 AUG 28 2015..........SUNRISE  7:31 AM      SUNSET 10:33 PM   
 AUG 29 2015..........SUNRISE  7:34 AM      SUNSET 10:30 PM   

-  INDICATES NEGATIVE NUMBERS.
R  INDICATES RECORD HAS BEEN SET OR TIED.
MM INDICATES DATA IS MISSING.
T  INDICATES TRACE OF PRECIPITATION.

&&
-------------------------------------------------------------------

AMOUNT OF DAYLIGHT TODAY  (HOUR:MIN)........15 HOURS 2 MINUTES
GAIN/LOSS SINCE YESTERDAY (HOUR:MIN:SEC)....-0:06:39

TIDE INFORMATION FOR FRIDAY AUGUST 28 2015
 4:53 AM HIGH 1.1 FT
 9:10 AM LOW  0.9 FT
 3:08 PM HIGH 1.4 FT
10:38 PM LOW  0.0 FT

$$
RWM AUG 15


Alaska Region Headquarters
222 West 7th Avenue #23
Anchorage, AK 99513-7575
Voice: 1-907-271-5088
Fax: 1-907-271-3711
Recorded Forecast: 1-800-472-0391
Webmaster Email: ARH Webauthors
Page Modified: 03 Feb 2008 18:00 UTC
About Us
Career Opportunities
Glossary
Credits
Disclaimer
Privacy Policy