CDAK49 PAOM 280901
CLIOME

CLIMATE REPORT 
NATIONAL WEATHER SERVICE NOME, AK
101 AM AKDT SAT MAR 28 2015
...................................
...THE NOME WSO AP CLIMATE SUMMARY FOR MARCH 27 2015... 

CLIMATE NORMAL PERIOD  1981 TO  2010 
CLIMATE RECORD PERIOD  1906 TO  2015 

WEATHER ITEM   OBSERVED TIME    RECORD YEAR NORMAL DEPARTURE LAST 
               VALUE    (LST)   VALUE       VALUE  FROM      YEAR 
                                                   NORMAL 
................................................................... 
TEMPERATURE 
YESTERDAY 
 MAXIMUM            22  0531 PM    40  1926     20       2     26 
 MINIMUM            -3  0813 AM   -33  1920      3      -6     22 
 AVERAGE            10                          12      -2     24 

PRECIPITATION 
(INCHES) 
 YESTERDAY        0.00           0.43  1948   0.02   -0.02      T 
 MONTH TO DATE    0.70                        0.57    0.13   0.53 
 SINCE MAR 1      0.70                        0.57    0.13   0.53 
 SINCE JAN 1      2.34                        2.44   -0.10   2.70 

SNOWFALL 
(INCHES) 
 YESTERDAY         0.0            4.4  1994    0.3    -0.3      T 
 MONTH TO DATE     8.7                         7.9     0.8   12.3 
 SINCE MAR 1       8.7                         7.9     0.8   12.3 
 SINCE JUL 1      52.0                        64.6   -12.6   66.6
 SNOW DEPTH (IN)    13                                         11 

DEGREE DAYS 
 HEATING 
  YESTERDAY         55                          53       2     41 
  MONTH TO DATE   1572                        1485      87   1434 
  SINCE MAR 1     1567                        1485      82   1434 
  SINCE JUL 1     9731                       10767   -1036   9588

 COOLING 
  YESTERDAY          0                           0       0      0 
  MONTH TO DATE      0                           0       0      0 
  SINCE MAR 1        0                           0       0      0 
  SINCE JAN 1        0                           0       0      0 
................................................................... 

WIND (MPH) 
 HIGHEST WIND SPEED    12     HIGHEST WIND DIRECTION    320      
 HIGHEST GUST SPEED    13     HIGHEST GUST DIRECTION    320 
 AVERAGE WIND SPEED   2.4 

SKY COVER
  POSSIBLE SUNSHINE    MM          AVERAGE SKY COVER     MM
 
WEATHER CONDITIONS 
 THE FOLLOWING WEATHER WAS RECORDED YESTERDAY. 
  NO SIGNIFICANT WEATHER WAS OBSERVED. 

RELATIVE HUMIDITY
 HIGHEST RH     MM PERCENT       MM
 LOWEST  RH     MM PERCENT       MM
 AVERAGE RH     MM PERCENT       MM
................................................................... 

THE NOME CLIMATE NORMALS FOR TODAY 
                           NORMAL    RECORD   YEAR 
 MAXIMUM TEMPERATURE (F)     20        39     1926 
 MINIMUM TEMPERATURE (F)      4       -33     1920 

SUNRISE AND SUNSET 
 MAR 28 2015..........SUNRISE  8:34 AM      SUNSET  9:42 PM   
 MAR 29 2015..........SUNRISE  8:30 AM      SUNSET  9:46 PM   

-  INDICATES NEGATIVE NUMBERS.
R  INDICATES RECORD HAS BEEN SET OR TIED.
MM INDICATES DATA IS MISSING.
T  INDICATES TRACE OF PRECIPITATION.

&&
-------------------------------------------------------------------

AMOUNT OF DAYLIGHT TODAY  (HOUR:MIN)........13 HOURS 8 MINUTES
GAIN/LOSS SINCE YESTERDAY (HOUR:MIN:SEC)....+0:06:38

TIDES FOR SATURDAY MARCH 28 2015

6:15 AM LOW  0.1 FT
1:26 PM HIGH 1.4 FT
7:02 PM LOW  0.7 FT

$$
RCT MAR 15



Alaska Region Headquarters
222 West 7th Avenue #23
Anchorage, AK 99513-7575
Voice: 1-907-271-5088
Fax: 1-907-271-3711
Recorded Forecast: 1-800-472-0391
Webmaster Email: ARH Webauthors
Page Modified: 03 Feb 2008 18:00 UTC
About Us
Career Opportunities
Glossary
Credits
Disclaimer
Privacy Policy