CDAK49 PAMC 231121
CLIMCG

CLIMATE REPORT 
NATIONAL WEATHER SERVICE MCGRATH, AK
322 AM AKDT WED APR 23 2014
...................................
...THE MCGRATH AIRPORT CLIMATE SUMMARY FOR APRIL 22 2014... 

CLIMATE NORMAL PERIOD  1981 TO  2010 
CLIMATE RECORD PERIOD  1940 TO  2014 

WEATHER ITEM   OBSERVED TIME    RECORD YEAR NORMAL DEPARTURE LAST 
               VALUE    (LST)   VALUE       VALUE  FROM      YEAR 
                                                   NORMAL 
................................................................... 
TEMPERATURE 
YESTERDAY 
 MAXIMUM            56  0600 PM    60  2007     45      11     50 
 MINIMUM            27  0615 AM    -6  1972     24       3     13 
 AVERAGE            42                          35       7     32 

PRECIPITATION 
(INCHES) 
 YESTERDAY        0.00           1.03  1960   0.03   -0.03   0.00 
 MONTH TO DATE    0.07                        0.53   -0.46   0.03 
 SINCE MAR 1      0.11                        1.34   -1.23   0.52 
 SINCE JAN 1      1.80                        3.37   -1.57   3.69 

SNOWFALL 
(INCHES) 
 YESTERDAY         0.0            8.5  1960    0.1    -0.1    0.0 
 MONTH TO DATE     0.7                         4.2    -3.5    0.4 
 SINCE MAR 1       1.1                        15.5   -14.4    7.6 
 SINCE JUL 1      47.1                        95.5   -48.4   73.5
 SNOW DEPTH (IN)     1                                         22 

DEGREE DAYS 
 HEATING 
  YESTERDAY         23                          31      -8     33 
  MONTH TO DATE    806                         839     -33   1093 
  SINCE MAR 1     2406                        2495     -89   2809 
  SINCE JUL 1    11210                       12733   -1523  13383

 COOLING 
  YESTERDAY          0                           0       0      0 
  MONTH TO DATE      0                           0       0      0 
  SINCE MAR 1        0                           0       0      0 
  SINCE JAN 1        0                           0       0      0 
................................................................... 

WIND (MPH) 
 HIGHEST WIND SPEED    14     HIGHEST WIND DIRECTION     90      
 HIGHEST GUST SPEED    18     HIGHEST GUST DIRECTION     80 
 AVERAGE WIND SPEED   2.8 
 
WEATHER CONDITIONS 
 THE FOLLOWING WEATHER WAS RECORDED YESTERDAY. 
 NO SIGNIFICANT WEATHER WAS OBSERVED. 
................................................................... 

THE MCGRATH CLIMATE NORMALS FOR TODAY 
                           NORMAL    RECORD   YEAR 
 MAXIMUM TEMPERATURE (F)     46        62     2007 
 MINIMUM TEMPERATURE (F)     25        -9     1948 

SUNRISE AND SUNSET 
 APR 23 2014..........SUNRISE  6:29 AM      SUNSET 10:16 PM   
 APR 24 2014..........SUNRISE  6:25 AM      SUNSET 10:19 PM   

-  INDICATES NEGATIVE NUMBERS.
R  INDICATES RECORD HAS BEEN SET OR TIED.
MM INDICATES DATA IS MISSING.
T  INDICATES TRACE OF PRECIPITATION.

&&
-------------------------------------------------------------------

AMOUNT OF DAYLIGHT TODAY  (HOUR:MIN)........15 HOURS 47 MINUTES
GAIN SINCE YESTERDAY (HOUR:MIN:SEC)....+0:06:13

$$
ADJ APR 14



Alaska Region Headquarters
222 West 7th Avenue #23
Anchorage, AK 99513-7575
Voice: 1-907-271-5088
Fax: 1-907-271-3711
Recorded Forecast: 1-800-472-0391
Webmaster Email: ARH Webauthors
Page Modified: 03 Feb 2008 18:00 UTC
About Us
Career Opportunities
Glossary
Credits
Disclaimer
Privacy Policy