CDAK49 PAMC 020907
CLIMCG

CLIMATE REPORT 
NATIONAL WEATHER SERVICE MCGRATH, AK
107 AM AKDT WED SEP 2 2015
...................................
...THE MCGRATH AIRPORT CLIMATE SUMMARY FOR SEPTEMBER 1 2015... 

CLIMATE NORMAL PERIOD  1981 TO  2015 
CLIMATE RECORD PERIOD  1939 TO  2015 

WEATHER ITEM   OBSERVED TIME    RECORD YEAR NORMAL DEPARTURE LAST 
               VALUE    (LST)   VALUE       VALUE  FROM      YEAR 
                                                   NORMAL 
................................................................... 
TEMPERATURE 
YESTERDAY 
 MAXIMUM            61  0620 PM    72  1977     60       1     53 
 MINIMUM            30  0630 AM    27  1984     42     -12     39 
 AVERAGE            46                          51      -5     46 

PRECIPITATION 
(INCHES) 
 YESTERDAY        0.00           1.26  2013   0.09   -0.09   0.17 
 MONTH TO DATE    0.00                        0.09   -0.09   0.17 
 SINCE SEP 1      0.00                        0.09   -0.09   0.17 
 SINCE JAN 1      9.02                       11.46   -2.44   8.74 

SNOWFALL 
(INCHES) 
 YESTERDAY         0.0            0.7  1983    0.0     0.0    0.0 
 MONTH TO DATE     0.0                         0.0     0.0    0.0 
 SINCE SEP 1       0.0                         0.0     0.0    0.0 
 SINCE JUL 1       0.0                         0.0     0.0    0.0
 SNOW DEPTH (IN)     0                                          0 

DEGREE DAYS 
 HEATING 
  YESTERDAY         19                          14       5     19 
  MONTH TO DATE     19                          14       5     19 
  SINCE SEP 1       19                          14       5     19 
  SINCE JUL 1     1114                         511     603    442

 COOLING 
  YESTERDAY          0                           0       0      0 
  MONTH TO DATE      0                           0       0      0 
  SINCE SEP 1        0                           0       0      0 
  SINCE JAN 1       MM                          16      MM     11 
................................................................... 

WIND (MPH) 
 HIGHEST WIND SPEED     7     HIGHEST WIND DIRECTION     70      
 HIGHEST GUST SPEED     9     HIGHEST GUST DIRECTION     50 
 AVERAGE WIND SPEED   1.2 

WEATHER CONDITIONS 
 THE FOLLOWING WEATHER WAS RECORDED YESTERDAY. 
  NO SIGNIFICANT WEATHER WAS OBSERVED. 
................................................................... 

THE MCGRATH CLIMATE NORMALS FOR TODAY 
                           NORMAL    RECORD   YEAR 
 MAXIMUM TEMPERATURE (F)     60        72     1991 
 MINIMUM TEMPERATURE (F)     41        23     1983 

SUNRISE AND SUNSET 
 SEP 2 2015..........SUNRISE  7:12 AM      SUNSET  9:31 PM   
 SEP 3 2015..........SUNRISE  7:15 AM      SUNSET  9:28 PM   

-  INDICATES NEGATIVE NUMBERS.
R  INDICATES RECORD HAS BEEN SET OR TIED.
MM INDICATES DATA IS MISSING.
T  INDICATES TRACE OF PRECIPITATION.

&&
-------------------------------------------------------------------

AMOUNT OF DAYLIGHT TODAY  (HOUR:MIN)........14 HOURS 19 MINUTES
GAIN/LOSS SINCE YESTERDAY (HOUR:MIN:SEC)....-0:06:08

$$
TR SEP 15


Alaska Region Headquarters
222 West 7th Avenue #23
Anchorage, AK 99513-7575
Voice: 1-907-271-5088
Fax: 1-907-271-3711
Recorded Forecast: 1-800-472-0391
Webmaster Email: ARH Webauthors
Page Modified: 03 Feb 2008 18:00 UTC
About Us
Career Opportunities
Glossary
Credits
Disclaimer
Privacy Policy