CDAK49 PAMC 302216
CLIMCG

CLIMATE REPORT
NATIONAL WEATHER SERVICE MCGRATH, AK
216 PM AKDT THU JUN 30 2016
...................................
...THE MCGRATH AIRPORT CLIMATE SUMMARY FOR JUNE 30 2016...
VALID TODAY AS OF 2:00 PM LOCAL TIME

CLIMATE NORMAL PERIOD  1981 TO  2010 
CLIMATE RECORD PERIOD  1940 TO  2016 

WEATHER ITEM   OBSERVED TIME    RECORD YEAR NORMAL DEPARTURE LAST 
               VALUE    (LST)   VALUE       VALUE  FROM      YEAR 
                                                   NORMAL 
................................................................... 
TEMPERATURE 
TODAY 
 MAXIMUM            71  0115 PM    87  1998     71       0     69 
 MINIMUM            58  0955 AM    35  1949     51       7     50 
 AVERAGE            65                          61       4     60 

PRECIPITATION 
(INCHES) 
 TODAY            0.01           0.68  1943   0.06   -0.05   0.06 
 MONTH TO DATE    2.41                        1.52    0.89   1.08 
 SINCE JUN 1      2.41                        1.52    0.89   1.08 
 SINCE JAN 1      5.22                        6.19   -0.97   2.42 

SNOWFALL 
(INCHES) 
 TODAY             0.0            0.0  2016    0.0     0.0    0.0 
 MONTH TO DATE     0.0                         0.0     0.0    0.0
 SINCE JUN 1       0.0                         0.0     0.0    0.0
 SINCE JUL 1      79.0                        97.3   -18.3   41.6
 SNOW DEPTH (IN)     0                                          0

DEGREE DAYS 
 HEATING 
  TODAY              0                           5      -5      5 
  MONTH TO DATE    190                         234     -44    193
  SINCE JUN 1      190                         234     -44    193
  SINCE JUL 1    12321                       13755   -1434  12005

 COOLING 
  TODAY              0                           1      -1      0 
  MONTH TO DATE      5                           5       0     26 
  SINCE JUN 1        5                           5       0     26 
  SINCE JAN 1        5                           5       0     26 
................................................................... 

WIND (MPH) 
 HIGHEST WIND SPEED    14     HIGHEST WIND DIRECTION    160      
 HIGHEST GUST SPEED    19     HIGHEST GUST DIRECTION    140 
 
WEATHER CONDITIONS 
 THE FOLLOWING WEATHER WAS RECORDED TODAY. 
 THUNDER
 RAIN
................................................................... 

THE MCGRATH CLIMATE NORMALS FOR TOMORROW 
                        NORMAL    RECORD   YEAR 
 MAXIMUM TEMPERATURE      71        87     1990 
 MINIMUM TEMPERATURE      51        33     1981 

SUNRISE AND SUNSET 
 JUN 30 2016..........SUNRISE  4:24 AM      SUNSET 12:29 AM    
 JUL 1 2016..........SUNRISE  4:26 AM      SUNSET 12:27 AM    

-  INDICATES NEGATIVE NUMBERS.
R  INDICATES RECORD HAS BEEN SET OR TIED.
MM INDICATES DATA IS MISSING.
T  INDICATES TRACE OF PRECIPITATION.

&&
-------------------------------------------------------------------

AMOUNT OF DAYLIGHT TODAY  (HOUR:MIN)........20 HOURS 5 MINUTES
LOSS SINCE YESTERDAY (HOUR:MIN:SEC)....-0:02:21

$$
ADJ JUN 16


Alaska Region Headquarters
222 West 7th Avenue #23
Anchorage, AK 99513-7575
Voice: 1-907-271-5088
Fax: 1-907-271-3711
Recorded Forecast: 1-800-472-0391
Webmaster Email: ARH Webauthors
Page Modified: 03 Feb 2008 18:00 UTC
About Us
Career Opportunities
Glossary
Credits
Disclaimer
Privacy Policy