CDAK49 PAMC 300930
CLIMCG

CLIMATE REPORT 
NATIONAL WEATHER SERVICE MCGRATH, AK
131 AM AKDT SAT APR 30 2016
...................................
...THE MCGRATH AIRPORT CLIMATE SUMMARY FOR APRIL 29 2016... 

CLIMATE NORMAL PERIOD  1981 TO  2010 
CLIMATE RECORD PERIOD  1940 TO  2016 

WEATHER ITEM   OBSERVED TIME    RECORD YEAR NORMAL DEPARTURE LAST 
               VALUE    (LST)   VALUE       VALUE  FROM      YEAR 
                                                   NORMAL 
................................................................... 
TEMPERATURE 
YESTERDAY 
 MAXIMUM            58  0120 PM    68  2009     49       9     56 
 MINIMUM            29  0514 AM    -2  1949     29       0     28 
 AVERAGE            44                          39       5     42 

PRECIPITATION 
(INCHES) 
 YESTERDAY        0.04           0.25  1954   0.02    0.02   0.00 
 MONTH TO DATE    0.42                        0.71   -0.29   0.36 
 SINCE MAR 1      1.44                        1.52   -0.08   0.50 
 SINCE JAN 1      1.64                        3.55   -1.91   0.94 

SNOWFALL 
(INCHES) 
 YESTERDAY         0.0            2.1  1999    0.1    -0.1    0.0 
 MONTH TO DATE     1.6                         5.0    -3.4    3.3 
 SINCE MAR 1      14.9                        16.3    -1.4    8.5 
 SINCE JUL 1      79.0                        96.3   -17.3   41.6
 SNOW DEPTH (IN)     T                                          0 

DEGREE DAYS 
 HEATING 
  YESTERDAY         21                          26      -5     23 
  MONTH TO DATE    752                        1035    -283    853 
  SINCE MAR 1     2226                        2691    -465   2313 
  SINCE JUL 1    11670                       12929   -1259  11398

 COOLING 
  YESTERDAY          0                           0       0      0 
  MONTH TO DATE      0                           0       0      0 
  SINCE MAR 1        0                           0       0      0 
  SINCE JAN 1        0                           0       0      0 
................................................................... 

WIND (MPH) 
 HIGHEST WIND SPEED    20     HIGHEST WIND DIRECTION     50      
 HIGHEST GUST SPEED    24     HIGHEST GUST DIRECTION     50 
 AVERAGE WIND SPEED   3.2 
 
WEATHER CONDITIONS 
 THE FOLLOWING WEATHER WAS RECORDED YESTERDAY. 
 RAIN
................................................................... 

THE MCGRATH CLIMATE NORMALS FOR TODAY 
                           NORMAL    RECORD   YEAR 
 MAXIMUM TEMPERATURE (F)     50        67     2009 
 MINIMUM TEMPERATURE (F)     29         7     1952 

SUNRISE AND SUNSET 
 APR 30 2016..........SUNRISE  6:04 AM      SUNSET 10:38 PM   
 MAY 1 2016..........SUNRISE  6:01 AM      SUNSET 10:41 PM   

-  INDICATES NEGATIVE NUMBERS.
R  INDICATES RECORD HAS BEEN SET OR TIED.
MM INDICATES DATA IS MISSING.
T  INDICATES TRACE OF PRECIPITATION.

&&
-------------------------------------------------------------------

AMOUNT OF DAYLIGHT TODAY  (HOUR:MIN)........16 HOURS 34 MINUTES
GAIN SINCE YESTERDAY (HOUR:MIN:SEC)....+0:06:10

$$
ADJ APR 16


Alaska Region Headquarters
222 West 7th Avenue #23
Anchorage, AK 99513-7575
Voice: 1-907-271-5088
Fax: 1-907-271-3711
Recorded Forecast: 1-800-472-0391
Webmaster Email: ARH Webauthors
Page Modified: 03 Feb 2008 18:00 UTC
About Us
Career Opportunities
Glossary
Credits
Disclaimer
Privacy Policy