CDAK49 PAMC 312241
CLIMCG

CLIMATE REPORT
NATIONAL WEATHER SERVICE MCGRATH, AK
241 PM AKDT FRI OCT 31 2014
...................................
...THE MCGRATH AIRPORT CLIMATE SUMMARY FOR OCTOBER 31 2014...
VALID TODAY AS OF 2:00 PM LOCAL TIME

CLIMATE NORMAL PERIOD  1981 TO  2010 
CLIMATE RECORD PERIOD  1940 TO  2014 

WEATHER ITEM   OBSERVED TIME    RECORD YEAR NORMAL DEPARTURE LAST 
               VALUE    (LST)   VALUE       VALUE  FROM      YEAR 
                                                   NORMAL 
................................................................... 
TEMPERATURE 
TODAY 
 MAXIMUM            18  0139 PM    45  2003     21      -3     33 
 MINIMUM             3  0127 AM   -21  1997      7      -4     28 
 AVERAGE            11                          14      -3     31 

PRECIPITATION 
(INCHES) 
 TODAY               T           0.21  1982   0.04   -0.04   0.02 
 MONTH TO DATE    0.19                        1.44   -1.25   4.64 
 SINCE SEP 1      1.11                        3.93   -2.82   8.79 
 SINCE JAN 1      9.68                       15.30   -5.62  18.02 

SNOWFALL 
(INCHES) 
 TODAY               T            2.8  1982    0.5    -0.5    0.8 
 MONTH TO DATE     3.4                        10.2    -6.8    0.8
 SINCE SEP 1       3.4                        11.7    -8.3    1.5
 SINCE JUL 1       3.4                        11.7    -8.3    1.5
 SNOW DEPTH (IN)     2                                          0

DEGREE DAYS 
 HEATING 
  TODAY             54                          51       3     34 
  MONTH TO DATE   1198                        1238     -40    809
  SINCE SEP 1     1766                        1851     -85   1483
  SINCE JUL 1     2189                        2348    -159   1901

 COOLING 
  TODAY              0                           0       0      0 
  MONTH TO DATE      0                           0       0      0 
  SINCE SEP 1        0                           0       0      0 
  SINCE JAN 1       11                          16      -5     78 
................................................................... 

WIND (MPH) 
 HIGHEST WIND SPEED    10     HIGHEST WIND DIRECTION     20      
 HIGHEST GUST SPEED    15     HIGHEST GUST DIRECTION     20 
 AVERAGE WIND SPEED    MM 
 
WEATHER CONDITIONS 
 THE FOLLOWING WEATHER WAS RECORDED TODAY. 
 SNOW
................................................................... 

THE MCGRATH CLIMATE NORMALS FOR TOMORROW 
                        NORMAL    RECORD   YEAR 
 MAXIMUM TEMPERATURE      20        41     1979 
 MINIMUM TEMPERATURE       6       -24     1985 

SUNRISE AND SUNSET 
 OCT 31 2014..........SUNRISE  9:57 AM      SUNSET  6:15 PM    
 NOV 1 2014..........SUNRISE 10:00 AM      SUNSET  6:12 PM    

-  INDICATES NEGATIVE NUMBERS.
R  INDICATES RECORD HAS BEEN SET OR TIED.
MM INDICATES DATA IS MISSING.
T  INDICATES TRACE OF PRECIPITATION.

&&
-------------------------------------------------------------------

AMOUNT OF DAYLIGHT TODAY  (HOUR:MIN)........8 HOURS 18 MINUTES
LOSS SINCE YESTERDAY (HOUR:MIN:SEC)....-0:06:03

$$
ADJ OCT 14


Alaska Region Headquarters
222 West 7th Avenue #23
Anchorage, AK 99513-7575
Voice: 1-907-271-5088
Fax: 1-907-271-3711
Recorded Forecast: 1-800-472-0391
Webmaster Email: ARH Webauthors
Page Modified: 03 Feb 2008 18:00 UTC
About Us
Career Opportunities
Glossary
Credits
Disclaimer
Privacy Policy