CDAK49 PAMC 231028
CLIMCG

CLIMATE REPORT 
NATIONAL WEATHER SERVICE MCGRATH, AK
128 AM AKST SUN NOV 23 2014
...................................
...THE MCGRATH AIRPORT CLIMATE SUMMARY FOR NOVEMBER 22 2014... 

CLIMATE NORMAL PERIOD  1981 TO  2010 
CLIMATE RECORD PERIOD  1940 TO  2014 

WEATHER ITEM   OBSERVED TIME    RECORD YEAR NORMAL DEPARTURE LAST 
               VALUE    (LST)   VALUE       VALUE  FROM      YEAR 
                                                   NORMAL 
................................................................... 
TEMPERATURE 
YESTERDAY 
 MAXIMUM            15  1249 AM    43  1949     10       5      8 
 MINIMUM             2  1114 AM   -38  1958     -6       8     -2 
 AVERAGE             9                           2       7      3 

PRECIPITATION 
(INCHES) 
 YESTERDAY        0.00           1.20  2010   0.05   -0.05   0.07 
 MONTH TO DATE    0.28                        1.06   -0.78   1.36 
 SINCE SEP 1      1.40                        4.99   -3.59  10.15 
 SINCE JAN 1      9.97                       16.36   -6.39  19.38 

SNOWFALL 
(INCHES) 
 YESTERDAY         0.0            9.4  1992    0.7    -0.7    2.5 
 MONTH TO DATE     0.1                        14.2   -14.1    8.6 
 SINCE SEP 1       3.8                        25.9   -22.1   10.1 
 SINCE JUL 1       3.8                        25.9   -22.1   10.1
 SNOW DEPTH (IN)     T                                          2 

DEGREE DAYS 
 HEATING 
  YESTERDAY         56                          63      -7     62 
  MONTH TO DATE   1038                        1272    -234   1037 
  SINCE SEP 1     2801                        3123    -322   2519 
  SINCE JUL 1     3224                        3620    -396   2938

 COOLING 
  YESTERDAY          0                           0       0      0 
  MONTH TO DATE      0                           0       0      0 
  SINCE SEP 1        0                           0       0      0 
  SINCE JAN 1       11                          16      -5     78 
................................................................... 

WIND (MPH) 
 HIGHEST WIND SPEED    14     HIGHEST WIND DIRECTION    100      
 HIGHEST GUST SPEED    18     HIGHEST GUST DIRECTION    100 
 AVERAGE WIND SPEED   5.0 
 
WEATHER CONDITIONS 
 THE FOLLOWING WEATHER WAS RECORDED YESTERDAY. 
 NO SIGNIFICANT WEATHER WAS OBSERVED. 
................................................................... 

THE MCGRATH CLIMATE NORMALS FOR TODAY 
                           NORMAL    RECORD   YEAR 
 MAXIMUM TEMPERATURE (F)     10        46     2002 
 MINIMUM TEMPERATURE (F)     -6       -41     1994 

SUNRISE AND SUNSET 
 NOV 23 2014..........SUNRISE 10:06 AM      SUNSET  4:12 PM   
 NOV 24 2014..........SUNRISE 10:09 AM      SUNSET  4:10 PM   

-  INDICATES NEGATIVE NUMBERS.
R  INDICATES RECORD HAS BEEN SET OR TIED.
MM INDICATES DATA IS MISSING.
T  INDICATES TRACE OF PRECIPITATION.

&&
-------------------------------------------------------------------

AMOUNT OF DAYLIGHT TODAY  (HOUR:MIN)........6 HOURS 6 MINUTES
LOSS SINCE YESTERDAY (HOUR:MIN:SEC)....-0:05:06

$$
ADJ NOV 14



Alaska Region Headquarters
222 West 7th Avenue #23
Anchorage, AK 99513-7575
Voice: 1-907-271-5088
Fax: 1-907-271-3711
Recorded Forecast: 1-800-472-0391
Webmaster Email: ARH Webauthors
Page Modified: 03 Feb 2008 18:00 UTC
About Us
Career Opportunities
Glossary
Credits
Disclaimer
Privacy Policy