CDAK49 PAMC 010947
CLIMCG

CLIMATE REPORT 
NATIONAL WEATHER SERVICE MCGRATH, AK
1247 AM AKST SUN MAR 1 2015
...................................
...THE MCGRATH AIRPORT CLIMATE SUMMARY FOR FEBRUARY 28 2015... 

CLIMATE NORMAL PERIOD  1981 TO  2010 
CLIMATE RECORD PERIOD  1940 TO  2015 

WEATHER ITEM   OBSERVED TIME    RECORD YEAR NORMAL DEPARTURE LAST 
               VALUE    (LST)   VALUE       VALUE  FROM      YEAR 
                                                   NORMAL 
................................................................... 
TEMPERATURE 
YESTERDAY 
 MAXIMUM            38  0300 PM    46  1996     19      19     36 
 MINIMUM             9  1159 PM   -55  1956     -7      16     11 
 AVERAGE            24                           6      18     24 

PRECIPITATION 
(INCHES) 
 YESTERDAY        0.05           0.57  1953   0.03    0.02      T 
 MONTH TO DATE    0.17                        0.94   -0.77   0.09 
 SINCE DEC 1      1.84                        3.32   -1.48   3.14 
 SINCE JAN 1      0.44                        2.03   -1.59   1.69 

SNOWFALL 
(INCHES) 
 YESTERDAY         0.7            7.6  1953    0.5     0.2      T 
 MONTH TO DATE     1.8                        13.1   -11.3    0.8 
 SINCE DEC 1      23.4                        49.0   -25.6   33.1 
 SINCE JUL 1      33.1                        80.0   -46.9   46.0
 SNOW DEPTH (IN)    12                                         15 

DEGREE DAYS 
 HEATING 
  YESTERDAY         41                          59     -18     41 
  MONTH TO DATE   1581                        1779    -198   1731 
  SINCE DEC 1     5421                        6106    -685   5352 
  SINCE JUL 1     9066                       10238   -1172   8825

 COOLING 
  YESTERDAY          0                           0       0      0 
  MONTH TO DATE      0                           0       0      0 
  SINCE DEC 1        0                           0       0      0 
  SINCE JAN 1        0                           0       0      0 
................................................................... 

WIND (MPH) 
 HIGHEST WIND SPEED    20     HIGHEST WIND DIRECTION    290      
 HIGHEST GUST SPEED    27     HIGHEST GUST DIRECTION    280 
 AVERAGE WIND SPEED   7.9 
 
WEATHER CONDITIONS 
 THE FOLLOWING WEATHER WAS RECORDED YESTERDAY. 
 FOG
 RAIN
 SNOW
................................................................... 

THE MCGRATH CLIMATE NORMALS FOR TODAY 
                           NORMAL    RECORD   YEAR 
 MAXIMUM TEMPERATURE (F)     19        42     1981 
 MINIMUM TEMPERATURE (F)     -6       -48     1956 

SUNRISE AND SUNSET 
 MAR 1 2015..........SUNRISE  8:28 AM      SUNSET  6:44 PM   
 MAR 2 2015..........SUNRISE  8:24 AM      SUNSET  6:47 PM   

-  INDICATES NEGATIVE NUMBERS.
R  INDICATES RECORD HAS BEEN SET OR TIED.
MM INDICATES DATA IS MISSING.
T  INDICATES TRACE OF PRECIPITATION.

&&
-------------------------------------------------------------------

AMOUNT OF DAYLIGHT TODAY  (HOUR:MIN)........10 HOURS 16 MINUTES
GAIN SINCE YESTERDAY (HOUR:MIN:SEC)....+0:06:12

$$
ADJ MAR 15


Alaska Region Headquarters
222 West 7th Avenue #23
Anchorage, AK 99513-7575
Voice: 1-907-271-5088
Fax: 1-907-271-3711
Recorded Forecast: 1-800-472-0391
Webmaster Email: ARH Webauthors
Page Modified: 03 Feb 2008 18:00 UTC
About Us
Career Opportunities
Glossary
Credits
Disclaimer
Privacy Policy