CDAK49 PAMC 301108
CLIMCG

CLIMATE REPORT 
NATIONAL WEATHER SERVICE MCGRATH, AK
308 AM AKDT MON MAR 30 2015
...................................
...THE MCGRATH AIRPORT CLIMATE SUMMARY FOR MARCH 29 2015... 

CLIMATE NORMAL PERIOD  1981 TO  2010 
CLIMATE RECORD PERIOD  1940 TO  2015 

WEATHER ITEM   OBSERVED TIME    RECORD YEAR NORMAL DEPARTURE LAST 
               VALUE    (LST)   VALUE       VALUE  FROM      YEAR 
                                                   NORMAL 
................................................................... 
TEMPERATURE 
YESTERDAY 
 MAXIMUM            48  0646 PM    50  1954     30      18     38 
 MINIMUM            15  0733 AM   -35  1972      5      10      3 
 AVERAGE            32                          18      14     21 

PRECIPITATION 
(INCHES) 
 YESTERDAY        0.00           0.27  1970   0.02   -0.02   0.00 
 MONTH TO DATE    0.13                        0.76   -0.63   0.04 
 SINCE MAR 1      0.13                        0.76   -0.63   0.04 
 SINCE JAN 1      0.57                        2.79   -2.22   1.73 

SNOWFALL 
(INCHES) 
 YESTERDAY         0.0            2.7  1946    0.3    -0.3    0.0 
 MONTH TO DATE     5.2                        10.8    -5.6    0.4 
 SINCE MAR 1       5.2                        10.8    -5.6    0.4 
 SINCE JUL 1      38.3                        90.8   -52.5   46.4
 SNOW DEPTH (IN)     9                                         13 

DEGREE DAYS 
 HEATING 
  YESTERDAY         33                          48     -15     44 
  MONTH TO DATE   1405                        1563    -158   1514 
  SINCE MAR 1     1402                        1563    -161   1512 
  SINCE JUL 1    10468                       11801   -1333  10339

 COOLING 
  YESTERDAY          0                           0       0      0 
  MONTH TO DATE      0                           0       0      0 
  SINCE MAR 1        0                           0       0      0 
  SINCE JAN 1        0                           0       0      0 
................................................................... 

WIND (MPH) 
 HIGHEST WIND SPEED     9     HIGHEST WIND DIRECTION     10      
 HIGHEST GUST SPEED    13     HIGHEST GUST DIRECTION     10 
 AVERAGE WIND SPEED   2.1 
 
WEATHER CONDITIONS 
 THE FOLLOWING WEATHER WAS RECORDED YESTERDAY. 
 NO SIGNIFICANT WEATHER WAS OBSERVED. 
................................................................... 

THE MCGRATH CLIMATE NORMALS FOR TODAY 
                           NORMAL    RECORD   YEAR 
 MAXIMUM TEMPERATURE (F)     31        48     1961 
 MINIMUM TEMPERATURE (F)      6       -35     1952 

SUNRISE AND SUNSET 
 MAR 30 2015..........SUNRISE  7:50 AM      SUNSET  9:07 PM   
 MAR 31 2015..........SUNRISE  7:47 AM      SUNSET  9:09 PM   

-  INDICATES NEGATIVE NUMBERS.
R  INDICATES RECORD HAS BEEN SET OR TIED.
MM INDICATES DATA IS MISSING.
T  INDICATES TRACE OF PRECIPITATION.

&&
-------------------------------------------------------------------

AMOUNT OF DAYLIGHT TODAY  (HOUR:MIN)........13 HOURS 17 MINUTES
GAIN SINCE YESTERDAY (HOUR:MIN:SEC)....+0:06:12

$$
ADJ MAR 15


Alaska Region Headquarters
222 West 7th Avenue #23
Anchorage, AK 99513-7575
Voice: 1-907-271-5088
Fax: 1-907-271-3711
Recorded Forecast: 1-800-472-0391
Webmaster Email: ARH Webauthors
Page Modified: 03 Feb 2008 18:00 UTC
About Us
Career Opportunities
Glossary
Credits
Disclaimer
Privacy Policy