CDAK49 PAMC 310936
CLIMCG

CLIMATE REPORT 
NATIONAL WEATHER SERVICE MCGRATH, AK
136 AM AKDT TUE MAY 31 2016
...................................
...THE MCGRATH AIRPORT CLIMATE SUMMARY FOR MAY 30 2016... 

CLIMATE NORMAL PERIOD  1981 TO  2010 
CLIMATE RECORD PERIOD  1940 TO  2016 

WEATHER ITEM   OBSERVED TIME    RECORD YEAR NORMAL DEPARTURE LAST 
               VALUE    (LST)   VALUE       VALUE  FROM      YEAR 
                                                   NORMAL 
................................................................... 
TEMPERATURE 
YESTERDAY 
 MAXIMUM            72  0452 PM    85  2013     63       9     79 
 MINIMUM            51  0450 AM    30  1964     41      10     43 
 AVERAGE            62                          52      10     61 

PRECIPITATION 
(INCHES) 
 YESTERDAY        0.06           0.57  1988   0.05    0.01   0.00 
 MONTH TO DATE    1.17                        1.05    0.12   0.38 
 SINCE MAR 1      2.61                        2.60    0.01   0.90 
 SINCE JAN 1      2.81                        4.63   -1.82   1.34 

SNOWFALL 
(INCHES) 
 YESTERDAY         0.0              T  1976    0.0     0.0    0.0 
 MONTH TO DATE       T                         0.9    -0.9    0.0 
 SINCE MAR 1      14.9                        17.3    -2.4    8.5 
 SINCE JUL 1      79.0                        97.3   -18.3   41.6
 SNOW DEPTH (IN)     0                                          0 

DEGREE DAYS 
 HEATING 
  YESTERDAY          3                          13     -10      4 
  MONTH TO DATE    434                         554    -120    391 
  SINCE MAR 1     2681                        3270    -589   2725 
  SINCE JUL 1    12125                       13508   -1383  11810

 COOLING 
  YESTERDAY          0                           0       0      0 
  MONTH TO DATE      0                           0       0      0 
  SINCE MAR 1        0                           0       0      0 
  SINCE JAN 1        0                           0       0      0 
................................................................... 

WIND (MPH) 
 HIGHEST WIND SPEED    20     HIGHEST WIND DIRECTION     90      
 HIGHEST GUST SPEED    25     HIGHEST GUST DIRECTION    130 
 AVERAGE WIND SPEED   0.0 

SKY COVER
  POSSIBLE SUNSHINE    MM          AVERAGE SKY COVER     MM
 
WEATHER CONDITIONS 
 THE FOLLOWING WEATHER WAS RECORDED YESTERDAY. 
 RAIN
................................................................... 

THE MCGRATH CLIMATE NORMALS FOR TODAY 
                           NORMAL    RECORD   YEAR 
 MAXIMUM TEMPERATURE (F)     63        85     2013 
 MINIMUM TEMPERATURE (F)     42        31     1945 

SUNRISE AND SUNSET 
 MAY 31 2016..........SUNRISE  4:37 AM      SUNSET 12:06 AM   
 JUN 1 2016..........SUNRISE  4:35 AM      SUNSET 12:08 AM   

-  INDICATES NEGATIVE NUMBERS.
R  INDICATES RECORD HAS BEEN SET OR TIED.
MM INDICATES DATA IS MISSING.
T  INDICATES TRACE OF PRECIPITATION.

&&
-------------------------------------------------------------------

AMOUNT OF DAYLIGHT TODAY  (HOUR:MIN)........19 HOURS 29 MINUTES
GAIN SINCE YESTERDAY (HOUR:MIN:SEC)....+0:04:33

$$
SBY MAY 16



Alaska Region Headquarters
222 West 7th Avenue #23
Anchorage, AK 99513-7575
Voice: 1-907-271-5088
Fax: 1-907-271-3711
Recorded Forecast: 1-800-472-0391
Webmaster Email: ARH Webauthors
Page Modified: 03 Feb 2008 18:00 UTC
About Us
Career Opportunities
Glossary
Credits
Disclaimer
Privacy Policy