CDAK49 PAMC 250908
CLIMCG

CLIMATE REPORT 
NATIONAL WEATHER SERVICE MCGRATH, AK
108 AM AKDT SAT APR 25 2015
...................................
...THE MCGRATH AIRPORT CLIMATE SUMMARY FOR APRIL 24 2015... 

CLIMATE NORMAL PERIOD  1981 TO  2015 
CLIMATE RECORD PERIOD  1939 TO  2015 

WEATHER ITEM   OBSERVED TIME    RECORD YEAR NORMAL DEPARTURE LAST 
               VALUE    (LST)   VALUE       VALUE  FROM      YEAR 
                                                   NORMAL 
................................................................... 
TEMPERATURE 
YESTERDAY 
 MAXIMUM            55  0321 PM    60  2007     46       9     51 
 MINIMUM            27  0658 AM     0  1984     25       2     34 
 AVERAGE            41                          36       5     43 

PRECIPITATION 
(INCHES) 
 YESTERDAY        0.00           1.03  1964   0.03   -0.03      T 
 MONTH TO DATE    0.34                        0.58   -0.24   0.07 
 SINCE MAR 1      0.48                        1.39   -0.91   0.11 
 SINCE JAN 1      0.92                        3.42   -2.50   1.80 

SNOWFALL 
(INCHES) 
 YESTERDAY         0.0           12.7  1964    0.1    -0.1    0.0 
 MONTH TO DATE     3.3                         4.5    -1.2    0.7 
 SINCE MAR 1       8.5                        15.8    -7.3    1.1 
 SINCE JUL 1      41.6                        95.8   -54.2   47.1
 SNOW DEPTH (IN)     T                                          0 

DEGREE DAYS 
 HEATING 
  YESTERDAY         24                          29      -5     22 
  MONTH TO DATE    746                         898    -152    852 
  SINCE MAR 1     2206                        2554    -348   2452 
  SINCE JUL 1    11272                       12792   -1520  11279

 COOLING 
  YESTERDAY          0                           0       0      0 
  MONTH TO DATE      0                           0       0      0 
  SINCE MAR 1        0                           0       0      0 
  SINCE JAN 1        0                           0       0      0 
................................................................... 

WIND (MPH) 
 HIGHEST WIND SPEED    15     HIGHEST WIND DIRECTION     90      
 HIGHEST GUST SPEED    20     HIGHEST GUST DIRECTION     80 
 AVERAGE WIND SPEED   4.3 

WEATHER CONDITIONS 
 THE FOLLOWING WEATHER WAS RECORDED YESTERDAY. 
  NO SIGNIFICANT WEATHER WAS OBSERVED. 
................................................................... 

THE MCGRATH CLIMATE NORMALS FOR TODAY 
                           NORMAL    RECORD   YEAR 
 MAXIMUM TEMPERATURE (F)     47        61     1997 
 MINIMUM TEMPERATURE (F)     26        -5     1955 

SUNRISE AND SUNSET 
 APR 25 2015..........SUNRISE  6:23 AM      SUNSET 10:21 PM   
 APR 26 2015..........SUNRISE  6:20 AM      SUNSET 10:24 PM   

-  INDICATES NEGATIVE NUMBERS.
R  INDICATES RECORD HAS BEEN SET OR TIED.
MM INDICATES DATA IS MISSING.
T  INDICATES TRACE OF PRECIPITATION.

&&
-------------------------------------------------------------------

AMOUNT OF DAYLIGHT TODAY  (HOUR:MIN)........15 HOURS 58 MINUTES
GAIN/LOSS SINCE YESTERDAY (HOUR:MIN:SEC)....+0:06:13

$$
TR APR 15



Alaska Region Headquarters
222 West 7th Avenue #23
Anchorage, AK 99513-7575
Voice: 1-907-271-5088
Fax: 1-907-271-3711
Recorded Forecast: 1-800-472-0391
Webmaster Email: ARH Webauthors
Page Modified: 03 Feb 2008 18:00 UTC
About Us
Career Opportunities
Glossary
Credits
Disclaimer
Privacy Policy