CDAK49 PABR 180906
CLIBRW

CLIMATE REPORT 
NATIONAL WEATHER SERVICE BARROW, AK
106 AM AKDT FRI APR 18 2014
...................................
...THE BARROW WSO AP CLIMATE SUMMARY FOR APRIL 17 2014... 

CLIMATE NORMAL PERIOD  1981 TO  2010 
CLIMATE RECORD PERIOD  1915 TO  2014 

WEATHER ITEM   OBSERVED TIME    RECORD YEAR NORMAL DEPARTURE LAST 
               VALUE    (LST)   VALUE       VALUE  FROM      YEAR 
                                                   NORMAL 
................................................................... 
TEMPERATURE 
YESTERDAY 
 MAXIMUM            19  1252 AM    35  1951     10       9      7 
 MINIMUM             4  1159 PM   -26  2002     -4       8     -9 
 AVERAGE            12                           3       9     -1 

PRECIPITATION 
(INCHES) 
 YESTERDAY           T           0.50  1926   0.00       T   0.00 
 MONTH TO DATE    0.20                        0.09    0.11   0.04 
 SINCE MAR 1      0.25                        0.18    0.07   0.54 
 SINCE JAN 1      0.62                        0.45    0.17   0.67 

SNOWFALL 
(INCHES) 
 YESTERDAY           T            2.7  1963    0.1    -0.1    0.0 
 MONTH TO DATE     1.1                         1.8    -0.7    1.5 
 SINCE MAR 1       2.9                         3.9    -1.0    9.4 
 SINCE JUL 1      45.5                        32.9    12.6   53.4
 SNOW DEPTH (IN)     7                                          6 

DEGREE DAYS 
 HEATING 
  YESTERDAY         53                          62      -9     66 
  MONTH TO DATE   1135                        1149     -14   1211 
  SINCE MAR 1     3288                        3553    -265   3438 
  SINCE JUL 1    14959                       16401   -1442  15482

 COOLING 
  YESTERDAY          0                           0       0      0 
  MONTH TO DATE      0                           0       0      0 
  SINCE MAR 1        0                           0       0      0 
  SINCE JAN 1        0                           0       0      0 
................................................................... 

WIND (MPH) 
 HIGHEST WIND SPEED    13     HIGHEST WIND DIRECTION     30      
 HIGHEST GUST SPEED    15     HIGHEST GUST DIRECTION     30 
 
WEATHER CONDITIONS 
 THE FOLLOWING WEATHER WAS RECORDED YESTERDAY. 
  FOG
  SNOW

RELATIVE HUMIDITY
 HIGHEST RH    100 PERCENT       1053 AM
 LOWEST  RH     84 PERCENT       753 AM
 AVERAGE RH     93 PERCENT       
................................................................... 

THE BARROW CLIMATE NORMALS FOR TODAY 
                           NORMAL    RECORD   YEAR 
 MAXIMUM TEMPERATURE (F)     10        32     1988 
 MINIMUM TEMPERATURE (F)     -3       -27     1997 

SUNRISE AND SUNSET 
 APR 18 2014..........SUNRISE  5:55 AM      SUNSET 11:03 PM   
 APR 19 2014..........SUNRISE  5:49 AM      SUNSET 11:08 PM   

-  INDICATES NEGATIVE NUMBERS.
R  INDICATES RECORD HAS BEEN SET OR TIED.
MM INDICATES DATA IS MISSING.
T  INDICATES TRACE OF PRECIPITATION.

&&
-------------------------------------------------------------------

AMOUNT OF DAYLIGHT TODAY  (HOUR:MIN)........17 HOURS 8 MINUTES
GAIN/LOSS SINCE YESTERDAY (HOUR:MIN:SEC)....+0:10:50

$$
GMS APR 14


Alaska Region Headquarters
222 West 7th Avenue #23
Anchorage, AK 99513-7575
Voice: 1-907-271-5088
Fax: 1-907-271-3711
Recorded Forecast: 1-800-472-0391
Webmaster Email: ARH Webauthors
Page Modified: 03 Feb 2008 18:00 UTC
About Us
Career Opportunities
Glossary
Credits
Disclaimer
Privacy Policy