CDAK49 PABR 260903
CLIBRW

CLIMATE REPORT 
NATIONAL WEATHER SERVICE BARROW, AK
104 AM AKDT THU MAY 26 2016
...................................
...THE BARROW WSO AP CLIMATE SUMMARY FOR MAY 25 2016... 

CLIMATE NORMAL PERIOD  1981 TO  2010 
CLIMATE RECORD PERIOD  1915 TO  2016 

WEATHER ITEM   OBSERVED TIME    RECORD YEAR NORMAL DEPARTURE LAST 
               VALUE    (LST)   VALUE       VALUE  FROM      YEAR 
                                                   NORMAL 
................................................................... 
TEMPERATURE 
YESTERDAY 
 MAXIMUM            37  0728 PM    44  1938     30       7     35 
 MINIMUM            32  0436 PM     9  2001     22      10     31 
 AVERAGE            35                          26       9     33 

PRECIPITATION 
(INCHES) 
 YESTERDAY           T           0.34  2015   0.00       T   0.34 
 MONTH TO DATE    0.06                        0.13   -0.07   0.49 
 SINCE MAR 1      0.17                        0.38   -0.21   1.23 
 SINCE JAN 1      1.32                        0.65    0.67   1.80 

SNOWFALL 
(INCHES) 
 YESTERDAY           T            1.0  1973    0.1    -0.1    0.0 
 MONTH TO DATE     0.9                         2.3    -1.4    1.0 
 SINCE MAR 1       3.1                         7.6    -4.5   11.6 
 SINCE JUL 1      33.0                        36.6    -3.6   54.7
 SNOW DEPTH (IN)     0                                          0 

DEGREE DAYS 
 HEATING 
  YESTERDAY         30                          39      -9     32 
  MONTH TO DATE    927                        1138    -211    945 
  SINCE MAR 1     4795                        5437    -642   5034 
  SINCE JUL 1    16956                       18285   -1329  17245

 COOLING 
  YESTERDAY          0                           0       0      0 
  MONTH TO DATE      0                           0       0      0 
  SINCE MAR 1        0                           0       0      0 
  SINCE JAN 1        0                           0       0      0 
................................................................... 

WIND (MPH) 
 HIGHEST WIND SPEED     9     HIGHEST WIND DIRECTION    100      
 HIGHEST GUST SPEED    12     HIGHEST GUST DIRECTION     80 
 AVERAGE WIND SPEED   5.2 

WEATHER CONDITIONS 
 THE FOLLOWING WEATHER WAS RECORDED YESTERDAY. 
  RAIN
SNOW
................................................................... 

THE BARROW CLIMATE NORMALS FOR TODAY 
                           NORMAL    RECORD   YEAR 
 MAXIMUM TEMPERATURE (F)     31        41     1990 
 MINIMUM TEMPERATURE (F)     23         5     2001 

SUNRISE AND SUNSET 
 MAY 26 2016..........SUNRISE  **.**      SUNSET **.**   
 MAY 27 2016..........SUNRISE  **.**      SUNSET **.**   

-  INDICATES NEGATIVE NUMBERS.
R  INDICATES RECORD HAS BEEN SET OR TIED.
MM INDICATES DATA IS MISSING.
T  INDICATES TRACE OF PRECIPITATION.

&&
-------------------------------------------------------------------

AMOUNT OF DAYLIGHT TODAY  (HOUR:MIN)........24 HOURS 00 MINUTES
GAIN/LOSS SINCE YESTERDAY (HOUR:MIN:SEC)....+0:00:00

$$
*** MAY 16


Alaska Region Headquarters
222 West 7th Avenue #23
Anchorage, AK 99513-7575
Voice: 1-907-271-5088
Fax: 1-907-271-3711
Recorded Forecast: 1-800-472-0391
Webmaster Email: ARH Webauthors
Page Modified: 03 Feb 2008 18:00 UTC
About Us
Career Opportunities
Glossary
Credits
Disclaimer
Privacy Policy