CDAK49 PABR 270944
CLIBRW

CLIMATE REPORT 
NATIONAL WEATHER SERVICE BARROW, AK
1244 AM AKST TUE JAN 27 2015
...................................
...THE BARROW WSO AP CLIMATE SUMMARY FOR JANUARY 26 2015... 

CLIMATE NORMAL PERIOD  1981 TO  2010 
CLIMATE RECORD PERIOD  1915 TO  2015 

WEATHER ITEM   OBSERVED TIME    RECORD YEAR NORMAL DEPARTURE LAST 
               VALUE    (LST)   VALUE       VALUE  FROM      YEAR 
                                                   NORMAL 
................................................................... 
TEMPERATURE 
YESTERDAY 
 MAXIMUM           -15  0249 AM    31  1957     -8      -7     10 
 MINIMUM           -22  0503 PM   -49  1989    -20      -2      5 
 AVERAGE           -19                         -14      -5      8 

PRECIPITATION 
(INCHES) 
 YESTERDAY           T           0.22  1957   0.00       T      T 
 MONTH TO DATE    0.22                        0.11    0.11   0.18 
 SINCE DEC 1      0.42                        0.25    0.17   1.35 
 SINCE JAN 1      0.22                        0.11    0.11   0.18 

SNOWFALL 
(INCHES) 
 YESTERDAY           T            2.2  1957    0.1    -0.1      T 
 MONTH TO DATE     4.2                         2.2     2.0    3.3 
 SINCE DEC 1       7.2                         5.7     1.5   16.4 
 SINCE JUL 1      38.3                        26.0    12.3   40.3
 SNOW DEPTH (IN)     7                                          8 

DEGREE DAYS 
 HEATING 
  YESTERDAY         84                          79       5     57 
  MONTH TO DATE   1964                        2034     -70   1924 
  SINCE DEC 1     4167                        4291    -124   3997 
  SINCE JUL 1     9769                       10241    -472   9396

 COOLING 
  YESTERDAY          0                           0       0      0 
  MONTH TO DATE      0                           0       0      0 
  SINCE DEC 1        0                           0       0      0 
  SINCE JAN 1        0                           0       0      0 
................................................................... 

WIND (MPH) 
 HIGHEST WIND SPEED    22     HIGHEST WIND DIRECTION    290      
 HIGHEST GUST SPEED    25     HIGHEST GUST DIRECTION    280 
 AVERAGE WIND SPEED  15.5 
 
WEATHER CONDITIONS 
 THE FOLLOWING WEATHER WAS RECORDED YESTERDAY. 
  BLOWING SNOW WITH VISIBILITY AS LOW AS TWO AND ONE HALF MILES.
  SNOW
 
RELATIVE HUMIDITY
 HIGHEST RH     86 PERCENT    AT  1153 PM AST
 LOWEST  RH     73 PERCENT    AT  1053 PM AST
 AVERAGE RH     78 PERCENT
................................................................... 

THE BARROW CLIMATE NORMALS FOR TODAY 
                           NORMAL    RECORD   YEAR 
 MAXIMUM TEMPERATURE (F)     -8        29     1963 
 MINIMUM TEMPERATURE (F)    -20       -48     1993 

SUNRISE AND SUNSET 
 JAN 27 2015..........SUNRISE 12:16 PM      SUNSET  3:06 PM   
 JAN 28 2015..........SUNRISE 12:07 PM      SUNSET  3:15 PM   

-  INDICATES NEGATIVE NUMBERS.
R  INDICATES RECORD HAS BEEN SET OR TIED.
MM INDICATES DATA IS MISSING.
T  INDICATES TRACE OF PRECIPITATION.

&&
-------------------------------------------------------------------

AMOUNT OF DAYLIGHT TODAY  (HOUR:MIN)........2 HOURS 50 MINUTES
GAIN/LOSS SINCE YESTERDAY (HOUR:MIN:SEC)....+0:19:36

$$
RFL JAN 15


Alaska Region Headquarters
222 West 7th Avenue #23
Anchorage, AK 99513-7575
Voice: 1-907-271-5088
Fax: 1-907-271-3711
Recorded Forecast: 1-800-472-0391
Webmaster Email: ARH Webauthors
Page Modified: 03 Feb 2008 18:00 UTC
About Us
Career Opportunities
Glossary
Credits
Disclaimer
Privacy Policy