CDAK49 PABR 270912
CLIBRW

CLIMATE REPORT 
NATIONAL WEATHER SERVICE BARROW, AK
113 AM AKDT MON JUN 27 2016
...................................
...THE BARROW WSO AP CLIMATE SUMMARY FOR JUNE 26 2016... 

CLIMATE NORMAL PERIOD  1981 TO  2010 
CLIMATE RECORD PERIOD  1915 TO  2016 

WEATHER ITEM   OBSERVED TIME    RECORD YEAR NORMAL DEPARTURE LAST 
               VALUE    (LST)   VALUE       VALUE  FROM      YEAR 
                                                   NORMAL 
................................................................... 
TEMPERATURE 
YESTERDAY 
 MAXIMUM            49  0447 AM    62  1959     45       4     43 
 MINIMUM            32  1159 PM    26  1979     34      -2     35 
 AVERAGE            41                          39       2     39 

PRECIPITATION 
(INCHES) 
 YESTERDAY        0.09           0.82  1955   0.01    0.08   0.01 
 MONTH TO DATE    0.70                        0.25    0.45   0.81 
 SINCE JUN 1      0.70                        0.25    0.45   0.81 
 SINCE JAN 1      2.03                        0.95    1.08   2.77 

SNOWFALL 
(INCHES) 
 YESTERDAY           T            1.0  1979    0.0       T    0.0 
 MONTH TO DATE     2.7                         0.7     2.0    1.0 
 SINCE JUN 1       2.7                         0.7     2.0    1.0 
 SINCE JUL 1      35.7                        37.7    -2.0   55.9
 SNOW DEPTH (IN)     0                                          0 

DEGREE DAYS 
 HEATING 
  YESTERDAY         24                          26      -2     26 
  MONTH TO DATE    719                         779     -60    669 
  SINCE JUN 1      719                         779     -60    669 
  SINCE JUL 1    17863                       19286   -1423  18110

 COOLING 
  YESTERDAY          0                           0       0      0 
  MONTH TO DATE      0                           0       0      0 
  SINCE JUN 1        0                           0       0      0 
  SINCE JAN 1        0                           0       0      0 
................................................................... 

WIND (MPH) 
 HIGHEST WIND SPEED    17     HIGHEST WIND DIRECTION    290      
 HIGHEST GUST SPEED    23     HIGHEST GUST DIRECTION    240 
 AVERAGE WIND SPEED  11.8 
 
WEATHER CONDITIONS 
 THE FOLLOWING WEATHER WAS RECORDED YESTERDAY. 
  GLAZE
  RAIN
  SNOW
  FOG WITH VISIBILITY AS LOW AS ONE QUARTER MILE.

RELATIVE HUMIDITY
 HIGHEST RH     96 PERCENT  AT  353 AM AKST
 LOWEST  RH     85 PERCENT  AT 1033 PM AKST 
 AVERAGE RH     89 PERCENT
................................................................... 

THE BARROW CLIMATE NORMALS FOR TODAY 
                           NORMAL    RECORD   YEAR 
 MAXIMUM TEMPERATURE (F)     45        62     1986 
 MINIMUM TEMPERATURE (F)     34        20     1931 

SUNRISE AND SUNSET 
 THE SUN IS CONTINUOUSLY ABOVE THE HORIZON ALL DAY.

-  INDICATES NEGATIVE NUMBERS.
R  INDICATES RECORD HAS BEEN SET OR TIED.
MM INDICATES DATA IS MISSING.
T  INDICATES TRACE OF PRECIPITATION.

&&
-------------------------------------------------------------------

AMOUNT OF DAYLIGHT TODAY  (HOUR:MIN)........24 HOURS 00 MINUTES
GAIN/LOSS SINCE YESTERDAY (HOUR:MIN:SEC)....+0:00:00

$$
RFL JUN 16


Alaska Region Headquarters
222 West 7th Avenue #23
Anchorage, AK 99513-7575
Voice: 1-907-271-5088
Fax: 1-907-271-3711
Recorded Forecast: 1-800-472-0391
Webmaster Email: ARH Webauthors
Page Modified: 03 Feb 2008 18:00 UTC
About Us
Career Opportunities
Glossary
Credits
Disclaimer
Privacy Policy