CDAK49 PABR 030908
CLIBRW

CLIMATE REPORT 
NATIONAL WEATHER SERVICE BARROW, AK
108 AM AKDT TUE MAY 3 2016
...................................
...THE BARROW WSO AP CLIMATE SUMMARY FOR MAY 2 2016... 

CLIMATE NORMAL PERIOD  1981 TO  2010 
CLIMATE RECORD PERIOD  1915 TO  2016 

WEATHER ITEM   OBSERVED TIME    RECORD YEAR NORMAL DEPARTURE LAST 
               VALUE    (LST)   VALUE       VALUE  FROM      YEAR 
                                                   NORMAL 
................................................................... 
TEMPERATURE 
YESTERDAY 
 MAXIMUM            29  1159 PM    37  2014     19      10     20 
 MINIMUM            20  1010 AM   -18  1922      7      13     17 
 AVERAGE            25                          13      12     19 

PRECIPITATION 
(INCHES) 
 YESTERDAY           T           0.20  1923   0.01   -0.01      T 
 MONTH TO DATE       T                        0.01   -0.01      T 
 SINCE MAR 1      0.11                        0.26   -0.15   0.74 
 SINCE JAN 1      1.26                        0.53    0.73   1.31 

SNOWFALL 
(INCHES) 
 YESTERDAY           T            3.0  1923    0.1    -0.1      T 
 MONTH TO DATE       T                         0.2    -0.2    0.1 
 SINCE MAR 1       2.2                         5.5    -3.3   10.7 
 SINCE JUL 1      32.1                        34.5    -2.4   53.8
 SNOW DEPTH (IN)     4                                          7 

DEGREE DAYS 
 HEATING 
  YESTERDAY         40                          52     -12     46 
  MONTH TO DATE     77                         105     -28     99 
  SINCE MAR 1     3945                        4404    -459   4188 
  SINCE JUL 1    16106                       17252   -1146  16399

 COOLING 
  YESTERDAY          0                           0       0      0 
  MONTH TO DATE      0                           0       0      0 
  SINCE MAR 1        0                           0       0      0 
  SINCE JAN 1        0                           0       0      0 
................................................................... 

WIND (MPH) 
 HIGHEST WIND SPEED    15     HIGHEST WIND DIRECTION    100      
 HIGHEST GUST SPEED    18     HIGHEST GUST DIRECTION    100 
 AVERAGE WIND SPEED   8.2 

WEATHER CONDITIONS 
 THE FOLLOWING WEATHER WAS RECORDED YESTERDAY. 
  SNOW
................................................................... 

THE BARROW CLIMATE NORMALS FOR TODAY 
                           NORMAL    RECORD   YEAR 
 MAXIMUM TEMPERATURE (F)     19        37     1946 
 MINIMUM TEMPERATURE (F)      8       -16     1992 

SUNRISE AND SUNSET 
 MAY 3 2016..........SUNRISE  4:14 AM      SUNSET 12:42 AM   
 MAY 4 2016..........SUNRISE  4:06 AM      SUNSET 12:51 AM   

-  INDICATES NEGATIVE NUMBERS.
R  INDICATES RECORD HAS BEEN SET OR TIED.
MM INDICATES DATA IS MISSING.
T  INDICATES TRACE OF PRECIPITATION.

&&
-------------------------------------------------------------------

AMOUNT OF DAYLIGHT TODAY  (HOUR:MIN)........20 HOURS 28 MINUTES
GAIN/LOSS SINCE YESTERDAY (HOUR:MIN:SEC)....+0:15:42

$$
*** MAY 16


Alaska Region Headquarters
222 West 7th Avenue #23
Anchorage, AK 99513-7575
Voice: 1-907-271-5088
Fax: 1-907-271-3711
Recorded Forecast: 1-800-472-0391
Webmaster Email: ARH Webauthors
Page Modified: 03 Feb 2008 18:00 UTC
About Us
Career Opportunities
Glossary
Credits
Disclaimer
Privacy Policy