CDAK49 PABR 010903
CLIBRW

CLIMATE REPORT 
NATIONAL WEATHER SERVICE BARROW, AK
103 AM AKDT FRI AUG 1 2014
...................................
...THE BARROW WSO AP CLIMATE SUMMARY FOR JULY 31 2014... 

CLIMATE NORMAL PERIOD  1981 TO  2010 
CLIMATE RECORD PERIOD  1915 TO  2014 

WEATHER ITEM   OBSERVED TIME    RECORD YEAR NORMAL DEPARTURE LAST 
               VALUE    (LST)   VALUE       VALUE  FROM      YEAR 
                                                   NORMAL 
................................................................... 
TEMPERATURE 
YESTERDAY 
 MAXIMUM            53   852 PM    64  1978     46       7     48 
 MINIMUM            40  1152 PM    27  1929     35       5     36 
 AVERAGE            47                          41       6     42 

PRECIPITATION 
(INCHES) 
 YESTERDAY        0.01           0.66  1961   0.04   -0.03   0.00 
 MONTH TO DATE    0.97                        0.98   -0.01   1.68 
 SINCE JUN 1      2.44                        1.30    1.14   2.45 
 SINCE JAN 1      4.06                        2.00    2.06   3.67 

SNOWFALL 
(INCHES) 
 YESTERDAY         0.0            0.7  1957    0.0     0.0    0.0 
 MONTH TO DATE     0.9                         0.2     0.7    0.0 
 SINCE JUN 1       1.8                         0.9     0.9    0.3 
 SINCE JUL 1       0.9                         0.2     0.7    0.0
 SNOW DEPTH (IN)     0                                          0 

DEGREE DAYS 
 HEATING 
  YESTERDAY         18                          24      -6     23 
  MONTH TO DATE    828                         747      81    629 
  SINCE JUN 1     1761                        1627     134   1407 
  SINCE JUL 1      828                         747      81    629

 COOLING 
  YESTERDAY          0                           0       0      0 
  MONTH TO DATE      0                           0       0      0 
  SINCE JUN 1        0                           0       0      0 
  SINCE JAN 1        0                           0       0      0 
................................................................... 

WIND (MPH) 
 HIGHEST WIND SPEED    17     HIGHEST WIND DIRECTION    130      
 HIGHEST GUST SPEED    21     HIGHEST GUST DIRECTION    110 
 AVERAGE WIND SPEED   9.2 

SKY COVER
  POSSIBLE SUNSHINE    MM          AVERAGE SKY COVER     MM
 
WEATHER CONDITIONS 
 THE FOLLOWING WEATHER WAS RECORDED YESTERDAY. 
 FOG
 DRIZZLE
 RAIN
 

RELATIVE HUMIDITY
 HIGHEST RH    100 PERCENT      1037 PM
 LOWEST  RH     80 PERCENT       653 PM
 AVERAGE RH     90 PERCENT       
................................................................... 

THE BARROW CLIMATE NORMALS FOR TODAY 
                           NORMAL    RECORD   YEAR 
 MAXIMUM TEMPERATURE (F)     46        69     1923 
 MINIMUM TEMPERATURE (F)     35        28     1975 

SUNRISE AND SUNSET 
 AUG 1 2014..........SUNRISE  **.**      SUNSET  2:04 AM   
 AUG 2 2014..........SUNRISE  3:05 AM      SUNSET  1:44 AM   

-  INDICATES NEGATIVE NUMBERS.
R  INDICATES RECORD HAS BEEN SET OR TIED.
MM INDICATES DATA IS MISSING.
T  INDICATES TRACE OF PRECIPITATION.

&&
-------------------------------------------------------------------

AMOUNT OF DAYLIGHT TODAY  (HOUR:MIN)........24 HOURS 00 MINUTES
GAIN/LOSS SINCE YESTERDAY (HOUR:MIN:SEC)....+0:00:00

$$
JML AUG 14


Alaska Region Headquarters
222 West 7th Avenue #23
Anchorage, AK 99513-7575
Voice: 1-907-271-5088
Fax: 1-907-271-3711
Recorded Forecast: 1-800-472-0391
Webmaster Email: ARH Webauthors
Page Modified: 03 Feb 2008 18:00 UTC
About Us
Career Opportunities
Glossary
Credits
Disclaimer
Privacy Policy