CDAK49 PABR 280905
CLIBRW

CLIMATE REPORT 
NATIONAL WEATHER SERVICE BARROW, AK
105 AM AKDT FRI AUG 28 2015
...................................
...THE BARROW WSO AP CLIMATE SUMMARY FOR AUGUST 27 2015... 

CLIMATE NORMAL PERIOD  1981 TO  2010 
CLIMATE RECORD PERIOD  1915 TO  2015 

WEATHER ITEM   OBSERVED TIME    RECORD YEAR NORMAL DEPARTURE LAST 
               VALUE    (LST)   VALUE       VALUE  FROM      YEAR 
                                                   NORMAL 
................................................................... 
TEMPERATURE 
YESTERDAY 
 MAXIMUM            38  0326 PM    63  1929     42      -4     54 
 MINIMUM            35  0726 AM    22  1932     33       2     35 
 AVERAGE            37                          38      -1     45 

PRECIPITATION 
(INCHES) 
 YESTERDAY           T           0.36  1997   0.03   -0.03      T 
 MONTH TO DATE    1.46                        0.92    0.54   0.04 
 SINCE JUN 1      2.52                        2.22    0.30   2.52 
 SINCE JAN 1      4.48                        2.92    1.56   4.14 

SNOWFALL 
(INCHES) 
 YESTERDAY           T            1.6  1988    0.1    -0.1    0.0 
 MONTH TO DATE     0.2                         0.7    -0.5      T 
 SINCE JUN 1       1.2                         1.6    -0.4    1.8 
 SINCE JUL 1       0.2                         0.9    -0.7    0.9
 SNOW DEPTH (IN)     0                                          0 

DEGREE DAYS 
 HEATING 
  YESTERDAY         28                          27       1     20 
  MONTH TO DATE    708                         695      13    722 
  SINCE JUN 1     2201                        2322    -121   2483 
  SINCE JUL 1     1459                        1442      17   1550

 COOLING 
  YESTERDAY          0                           0       0      0 
  MONTH TO DATE      0                           0       0      0 
  SINCE JUN 1        0                           0       0      0 
  SINCE JAN 1        0                           0       0      0 
................................................................... 

WIND (MPH) 
 HIGHEST WIND SPEED    40     HIGHEST WIND DIRECTION    270      
 HIGHEST GUST SPEED    49     HIGHEST GUST DIRECTION    270 
 AVERAGE WIND SPEED  31.1 

WEATHER CONDITIONS 
 THE FOLLOWING WEATHER WAS RECORDED YESTERDAY. 
  FOG
RAIN
SNOW
 

RELATIVE HUMIDITY
 HIGHEST RH     MM PERCENT       MM
 LOWEST  RH     MM PERCENT       MM
 AVERAGE RH     MM PERCENT       MM
................................................................... 

THE BARROW CLIMATE NORMALS FOR TODAY 
                           NORMAL    RECORD   YEAR 
 MAXIMUM TEMPERATURE (F)     42        58     1985 
 MINIMUM TEMPERATURE (F)     33        21     1922 

SUNRISE AND SUNSET 
 AUG 28 2015..........SUNRISE  6:15 AM      SUNSET 10:39 PM   
 AUG 29 2015..........SUNRISE  6:20 AM      SUNSET 10:33 PM   

-  INDICATES NEGATIVE NUMBERS.
R  INDICATES RECORD HAS BEEN SET OR TIED.
MM INDICATES DATA IS MISSING.
T  INDICATES TRACE OF PRECIPITATION.

&&
-------------------------------------------------------------------

AMOUNT OF DAYLIGHT TODAY  (HOUR:MIN)........16 HOURS 24 MINUTES
GAIN/LOSS SINCE YESTERDAY (HOUR:MIN:SEC)....-0:10:19

$$
DZB AUG 15


Alaska Region Headquarters
222 West 7th Avenue #23
Anchorage, AK 99513-7575
Voice: 1-907-271-5088
Fax: 1-907-271-3711
Recorded Forecast: 1-800-472-0391
Webmaster Email: ARH Webauthors
Page Modified: 03 Feb 2008 18:00 UTC
About Us
Career Opportunities
Glossary
Credits
Disclaimer
Privacy Policy