CDAK49 PABR 300946
CLIBRW

CLIMATE REPORT 
NATIONAL WEATHER SERVICE BARROW, AK
146 AM AKDT THU JUL 30 2015
...................................
...THE BARROW WSO AP CLIMATE SUMMARY FOR JULY 29 2015... 

CLIMATE NORMAL PERIOD  1981 TO  2010 
CLIMATE RECORD PERIOD  1915 TO  2015 

WEATHER ITEM   OBSERVED TIME    RECORD YEAR NORMAL DEPARTURE LAST 
               VALUE    (LST)   VALUE       VALUE  FROM      YEAR 
                                                   NORMAL 
................................................................... 
TEMPERATURE 
YESTERDAY 
 MAXIMUM            41  0552 PM    71  1968     47      -6     37 
 MINIMUM            32  1159 PM    27  1936     35      -3     31 
 AVERAGE            37                          41      -4     34 

PRECIPITATION 
(INCHES) 
 YESTERDAY           T           0.84  1922   0.04   -0.04   0.00 
 MONTH TO DATE    0.10                        0.91   -0.81   1.00 
 SINCE JUN 1      0.94                        1.23   -0.29   2.47 
 SINCE JAN 1      2.90                        1.93    0.97   4.09 

SNOWFALL 
(INCHES) 
 YESTERDAY         0.0            6.0  1922    0.0     0.0    0.0 
 MONTH TO DATE       T                         0.2    -0.2    0.9 
 SINCE JUN 1       1.0                         0.9     0.1    1.8 
 SINCE JUL 1         T                         0.2    -0.2    0.9
 SNOW DEPTH (IN)     0                                          0 

DEGREE DAYS 
 HEATING 
  YESTERDAY         28                          24       4     31 
  MONTH TO DATE    708                         699       9    786 
  SINCE JUN 1     1450                        1579    -129   1719 
  SINCE JUL 1      708                         699       9    786

 COOLING 
  YESTERDAY          0                           0       0      0 
  MONTH TO DATE      0                           0       0      0 
  SINCE JUN 1        0                           0       0      0 
  SINCE JAN 1        0                           0       0      0 
................................................................... 

WIND (MPH) 
 HIGHEST WIND SPEED    12     HIGHEST WIND DIRECTION     20      
 HIGHEST GUST SPEED    15     HIGHEST GUST DIRECTION     40 
 AVERAGE WIND SPEED   8.3 
 
WEATHER CONDITIONS 
 THE FOLLOWING WEATHER WAS RECORDED YESTERDAY. 
  DRIZZLE
  FOG WITH VISIBILITY AS LOW AS ONE QUARTER MILE.

RELATIVE HUMIDITY
 HIGHEST RH    100 PERCENT  AT 1153 PM AST
 LOWEST  RH     76 PERCENT  AT  512 PM AST
 AVERAGE RH     88 PERCENT
................................................................... 

THE BARROW CLIMATE NORMALS FOR TODAY 
                           NORMAL    RECORD   YEAR 
 MAXIMUM TEMPERATURE (F)     46        72     2009 
 MINIMUM TEMPERATURE (F)     35        28     1959 

SUNRISE AND SUNSET 
  THE SUN IS CONTINUOUSLY ABOVE THE HORIZON ALL DAY.  

-  INDICATES NEGATIVE NUMBERS.
R  INDICATES RECORD HAS BEEN SET OR TIED.
MM INDICATES DATA IS MISSING.
T  INDICATES TRACE OF PRECIPITATION.

&&
-------------------------------------------------------------------

AMOUNT OF DAYLIGHT TODAY  (HOUR:MIN)........24 HOURS 00 MINUTES
GAIN/LOSS SINCE YESTERDAY (HOUR:MIN:SEC)....+0:00:00

$$
RFL JUL 15


Alaska Region Headquarters
222 West 7th Avenue #23
Anchorage, AK 99513-7575
Voice: 1-907-271-5088
Fax: 1-907-271-3711
Recorded Forecast: 1-800-472-0391
Webmaster Email: ARH Webauthors
Page Modified: 03 Feb 2008 18:00 UTC
About Us
Career Opportunities
Glossary
Credits
Disclaimer
Privacy Policy