CDAK49 PABR 230905
CLIBRW

CLIMATE REPORT 
NATIONAL WEATHER SERVICE BARROW, AK
105 AM AKDT SAT MAY 23 2015
...................................
...THE BARROW WSO AP CLIMATE SUMMARY FOR MAY 22 2015... 

CLIMATE NORMAL PERIOD  1981 TO  2010 
CLIMATE RECORD PERIOD  1915 TO  2015 

WEATHER ITEM   OBSERVED TIME    RECORD YEAR NORMAL DEPARTURE LAST 
               VALUE    (LST)   VALUE       VALUE  FROM      YEAR 
                                                   NORMAL 
................................................................... 
TEMPERATURE 
YESTERDAY 
 MAXIMUM            41   752 PM    42  1965     29      12     29 
 MINIMUM            33  1159 PM     2  1924     21      12     21 
 AVERAGE            37                          25      12     25 

PRECIPITATION 
(INCHES) 
 YESTERDAY        0.01           0.03  2004   0.00    0.01      T 
 MONTH TO DATE    0.15                        0.11    0.04   0.80 
 SINCE MAR 1      0.89                        0.36    0.53   1.15 
 SINCE JAN 1      1.46                        0.63    0.83   1.52 

SNOWFALL 
(INCHES) 
 YESTERDAY         0.0            0.4  2003    0.1    -0.1      T 
 MONTH TO DATE     1.0                         2.0    -1.0    3.3 
 SINCE MAR 1      11.6                         7.3     4.3    8.9 
 SINCE JUL 1      54.7                        36.3    18.4   51.5
 SNOW DEPTH (IN)     T                                          1 

DEGREE DAYS 
 HEATING 
  YESTERDAY         28                          40     -12     40 
  MONTH TO DATE    851                        1020    -169    813 
  SINCE MAR 1     4940                        5319    -379   4797 
  SINCE JUL 1    17083                       18167   -1084  16520

 COOLING 
  YESTERDAY          0                           0       0      0 
  MONTH TO DATE      0                           0       0      0 
  SINCE MAR 1        0                           0       0      0 
  SINCE JAN 1        0                           0       0      0 
................................................................... 

WIND (MPH) 
 HIGHEST WIND SPEED    24     HIGHEST WIND DIRECTION    240      
 HIGHEST GUST SPEED    30     HIGHEST GUST DIRECTION    240 
 AVERAGE WIND SPEED  11.5 

SKY COVER
  POSSIBLE SUNSHINE    MM          AVERAGE SKY COVER     MM
 
WEATHER CONDITIONS 
 THE FOLLOWING WEATHER WAS RECORDED YESTERDAY. 
 RAIN
 

RELATIVE HUMIDITY
 HIGHEST RH     92 PERCENT       253 AM
 LOWEST  RH     62 PERCENT       753 PM
 AVERAGE RH     77 PERCENT       
................................................................... 

THE BARROW CLIMATE NORMALS FOR TODAY 
                           NORMAL    RECORD   YEAR 
 MAXIMUM TEMPERATURE (F)     29        47     1996 
 MINIMUM TEMPERATURE (F)     21        -1     1954 

SUNRISE AND SUNSET 
 MAY 23 2015..........SUNRISE  **.**      SUNSET **.**   
 MAY 24 2015..........SUNRISE  **.**      SUNSET **.**   

-  INDICATES NEGATIVE NUMBERS.
R  INDICATES RECORD HAS BEEN SET OR TIED.
MM INDICATES DATA IS MISSING.
T  INDICATES TRACE OF PRECIPITATION.

&&
-------------------------------------------------------------------

AMOUNT OF DAYLIGHT TODAY  (HOUR:MIN)........24 HOURS 00 MINUTES
GAIN/LOSS SINCE YESTERDAY (HOUR:MIN:SEC)....+0:00:00

$$
JML MAY 15



Alaska Region Headquarters
222 West 7th Avenue #23
Anchorage, AK 99513-7575
Voice: 1-907-271-5088
Fax: 1-907-271-3711
Recorded Forecast: 1-800-472-0391
Webmaster Email: ARH Webauthors
Page Modified: 03 Feb 2008 18:00 UTC
About Us
Career Opportunities
Glossary
Credits
Disclaimer
Privacy Policy