CDAK49 PABR 230904
CLIBRW

CLIMATE REPORT 
NATIONAL WEATHER SERVICE BARROW, AK
104 AM AKDT SAT AUG 23 2014
...................................
...THE BARROW WSO AP CLIMATE SUMMARY FOR AUGUST 22 2014... 

CLIMATE NORMAL PERIOD  1981 TO  2010 
CLIMATE RECORD PERIOD  1915 TO  2014 

WEATHER ITEM   OBSERVED TIME    RECORD YEAR NORMAL DEPARTURE LAST 
               VALUE    (LST)   VALUE       VALUE  FROM      YEAR 
                                                   NORMAL 
................................................................... 
TEMPERATURE 
YESTERDAY 
 MAXIMUM            57  0242 PM    63  2012     43      14     38 
 MINIMUM            38  0319 AM    22  1933     34       4     32 
 AVERAGE            48                          38      10     35 

PRECIPITATION 
(INCHES) 
 YESTERDAY        0.01           0.34  1937   0.04   -0.03      T 
 MONTH TO DATE    0.03                        0.76   -0.73   1.27 
 SINCE JUN 1      2.51                        2.06    0.45   3.72 
 SINCE JAN 1      4.13                        2.76    1.37   4.94 

SNOWFALL 
(INCHES) 
 YESTERDAY         0.0            1.5  1955    0.1    -0.1      T 
 MONTH TO DATE       T                         0.5    -0.5    0.4 
 SINCE JUN 1       1.8                         1.4     0.4    0.7 
 SINCE JUL 1       0.9                         0.7     0.2    0.4
 SNOW DEPTH (IN)     0                                          0 

DEGREE DAYS 
 HEATING 
  YESTERDAY         17                          27     -10     30 
  MONTH TO DATE    593                         560      33    526 
  SINCE JUN 1     2354                        2187     167   1933 
  SINCE JUL 1     1421                        1307     114   1155

 COOLING 
  YESTERDAY          0                           0       0      0 
  MONTH TO DATE      0                           0       0      0 
  SINCE JUN 1        0                           0       0      0 
  SINCE JAN 1        0                           0       0      0 
................................................................... 

WIND (MPH) 
 HIGHEST WIND SPEED    16     HIGHEST WIND DIRECTION    170      
 HIGHEST GUST SPEED    21     HIGHEST GUST DIRECTION    170 
 AVERAGE WIND SPEED   8.1 

WEATHER CONDITIONS 
 THE FOLLOWING WEATHER WAS RECORDED YESTERDAY. 
  FOG
RAIN
 

RELATIVE HUMIDITY
 HIGHEST RH     100 PERCENT       10:53 PM
 LOWEST  RH     64 PERCENT       02:53 PM
 AVERAGE RH     91 PERCENT       MM
................................................................... 

THE BARROW CLIMATE NORMALS FOR TODAY 
                           NORMAL    RECORD   YEAR 
 MAXIMUM TEMPERATURE (F)     43        65     1954 
 MINIMUM TEMPERATURE (F)     34        22     1956 

SUNRISE AND SUNSET 
 AUG 23 2014..........SUNRISE  5:52 AM      SUNSET 11:05 PM   
 AUG 24 2014..........SUNRISE  5:57 AM      SUNSET 10:59 PM   

-  INDICATES NEGATIVE NUMBERS.
R  INDICATES RECORD HAS BEEN SET OR TIED.
MM INDICATES DATA IS MISSING.
T  INDICATES TRACE OF PRECIPITATION.

&&
-------------------------------------------------------------------

AMOUNT OF DAYLIGHT TODAY  (HOUR:MIN)........17 HOURS 13 MINUTES
GAIN/LOSS SINCE YESTERDAY (HOUR:MIN:SEC)....-0:10:54

$$
DZB AUG 14


Alaska Region Headquarters
222 West 7th Avenue #23
Anchorage, AK 99513-7575
Voice: 1-907-271-5088
Fax: 1-907-271-3711
Recorded Forecast: 1-800-472-0391
Webmaster Email: ARH Webauthors
Page Modified: 03 Feb 2008 18:00 UTC
About Us
Career Opportunities
Glossary
Credits
Disclaimer
Privacy Policy