CDAK49 PABR 010913
CLIBRW

CLIMATE REPORT 
NATIONAL WEATHER SERVICE BARROW, AK
113 AM AKDT MON SEP 1 2014
...................................
...THE BARROW WSO AP CLIMATE SUMMARY FOR AUGUST 31 2014... 

CLIMATE NORMAL PERIOD  1981 TO  2010 
CLIMATE RECORD PERIOD  1915 TO  2014 

WEATHER ITEM   OBSERVED TIME    RECORD YEAR NORMAL DEPARTURE LAST 
               VALUE    (LST)   VALUE       VALUE  FROM      YEAR 
                                                   NORMAL 
................................................................... 
TEMPERATURE 
YESTERDAY 
 MAXIMUM            39   245 PM    60  1974     41      -2     37 
 MINIMUM            33   626 AM    20  1922     33       0     32 
 AVERAGE            36                          37      -1     35 

PRECIPITATION 
(INCHES) 
 YESTERDAY        0.25           0.58  1990   0.03    0.22   0.06 
 MONTH TO DATE    0.53                        1.05   -0.52   1.35 
 SINCE JUN 1      3.01                        2.35    0.66   3.80 
 SINCE JAN 1      4.63                        3.05    1.58   5.02 

SNOWFALL 
(INCHES) 
 YESTERDAY           T            2.5  1936    0.1    -0.1    0.6 
 MONTH TO DATE     0.5                         0.9    -0.4    1.1 
 SINCE JUN 1       2.3                         1.8     0.5    1.4 
 SINCE JUL 1       1.4                         1.1     0.3    1.1
 SNOW DEPTH (IN)     0                                          0 

DEGREE DAYS 
 HEATING 
  YESTERDAY         29                          28       1     30 
  MONTH TO DATE    838                         807      31    780 
  SINCE JUN 1     2599                        2434     165   2187 
  SINCE JUL 1     1666                        1554     112   1409

 COOLING 
  YESTERDAY          0                           0       0      0 
  MONTH TO DATE      0                           0       0      0 
  SINCE JUN 1        0                           0       0      0 
  SINCE JAN 1        0                           0       0      0 
................................................................... 

WIND (MPH) 
 HIGHEST WIND SPEED    26     HIGHEST WIND DIRECTION    210      
 HIGHEST GUST SPEED    33     HIGHEST GUST DIRECTION    220 
 AVERAGE WIND SPEED  17.7 

SKY COVER
  POSSIBLE SUNSHINE    MM          AVERAGE SKY COVER     MM
 
WEATHER CONDITIONS 
 THE FOLLOWING WEATHER WAS RECORDED YESTERDAY. 
 FOG
 RAIN
 SNOW
 

RELATIVE HUMIDITY
 HIGHEST RH    100 PERCENT       453 PM
 LOWEST  RH     72 PERCENT      1153 PM
 AVERAGE RH     92 PERCENT       
................................................................... 

THE BARROW CLIMATE NORMALS FOR TODAY 
                           NORMAL    RECORD   YEAR 
 MAXIMUM TEMPERATURE (F)     41        58     1937 
 MINIMUM TEMPERATURE (F)     33        20     1983 

SUNRISE AND SUNSET 
 SEP 1 2014..........SUNRISE  6:36 AM      SUNSET 10:16 PM   
 SEP 2 2014..........SUNRISE  6:40 AM      SUNSET 10:11 PM   

-  INDICATES NEGATIVE NUMBERS.
R  INDICATES RECORD HAS BEEN SET OR TIED.
MM INDICATES DATA IS MISSING.
T  INDICATES TRACE OF PRECIPITATION.

&&
-------------------------------------------------------------------

AMOUNT OF DAYLIGHT TODAY  (HOUR:MIN)........15 HOURS 40 MINUTES
GAIN/LOSS SINCE YESTERDAY (HOUR:MIN:SEC)....-0:09:57

$$
JML SEP 14


Alaska Region Headquarters
222 West 7th Avenue #23
Anchorage, AK 99513-7575
Voice: 1-907-271-5088
Fax: 1-907-271-3711
Recorded Forecast: 1-800-472-0391
Webmaster Email: ARH Webauthors
Page Modified: 03 Feb 2008 18:00 UTC
About Us
Career Opportunities
Glossary
Credits
Disclaimer
Privacy Policy