CDAK49 PABR 200925
CLIBRW

CLIMATE REPORT 
NATIONAL WEATHER SERVICE BARROW, AK
1225 AM AKST SAT DEC 20 2014
...................................
...THE BARROW WSO AP CLIMATE SUMMARY FOR DECEMBER 19 2014... 

CLIMATE NORMAL PERIOD  1981 TO  2010 
CLIMATE RECORD PERIOD  1915 TO  2014 

WEATHER ITEM   OBSERVED TIME    RECORD YEAR NORMAL DEPARTURE LAST 
               VALUE    (LST)   VALUE       VALUE  FROM      YEAR 
                                                   NORMAL 
................................................................... 
TEMPERATURE 
YESTERDAY 
 MAXIMUM            -3   502 PM    29  1921     -2      -1    -14 
 MINIMUM           -14   556 AM   -43  1978    -15       1    -25 
 AVERAGE            -9                          -8      -1    -20 

PRECIPITATION 
(INCHES) 
 YESTERDAY           T           0.20  1921   0.01   -0.01   0.00 
 MONTH TO DATE    0.05                        0.09   -0.04   1.12 
 SINCE DEC 1      0.05                        0.09   -0.04   1.12 
 SINCE JAN 1      7.27                        4.48    2.79   8.34 

SNOWFALL 
(INCHES) 
 YESTERDAY           T            1.8  1921    0.1    -0.1    0.0 
 MONTH TO DATE     1.0                         2.3    -1.3   12.7 
 SINCE DEC 1       1.0                         2.3    -1.3   12.7 
 SINCE JUL 1      32.1                        22.6     9.5   36.6
 SNOW DEPTH (IN)     4                                          8 

DEGREE DAYS 
 HEATING 
  YESTERDAY         74                          73       1     85 
  MONTH TO DATE   1423                        1358      65   1180 
  SINCE DEC 1     1412                        1358      54   1173 
  SINCE JUL 1     7014                        7308    -294   6553

 COOLING 
  YESTERDAY          0                           0       0      0 
  MONTH TO DATE      0                           0       0      0 
  SINCE DEC 1        0                           0       0      0 
  SINCE JAN 1        0                           0       0      0 
................................................................... 

WIND (MPH) 
 HIGHEST WIND SPEED    17     HIGHEST WIND DIRECTION     50      
 HIGHEST GUST SPEED    21     HIGHEST GUST DIRECTION     50 
 AVERAGE WIND SPEED  13.2 

SKY COVER
  POSSIBLE SUNSHINE    MM          AVERAGE SKY COVER     MM
 
WEATHER CONDITIONS 
 THE FOLLOWING WEATHER WAS RECORDED YESTERDAY. 
  FOG
  SNOW
 

RELATIVE HUMIDITY
 HIGHEST RH     95 PERCENT        627 PM
 LOWEST  RH     74 PERCENT       1253 PM
 AVERAGE RH     85 PERCENT       
................................................................... 

THE BARROW CLIMATE NORMALS FOR TODAY 
                           NORMAL    RECORD   YEAR 
 MAXIMUM TEMPERATURE (F)     -3        31     1924 
 MINIMUM TEMPERATURE (F)    -15       -40     1997 

SUNRISE AND SUNSET 
 SUN BELOW HORIZON   

-  INDICATES NEGATIVE NUMBERS.
R  INDICATES RECORD HAS BEEN SET OR TIED.
MM INDICATES DATA IS MISSING.
T  INDICATES TRACE OF PRECIPITATION.

&&
-------------------------------------------------------------------

AMOUNT OF DAYLIGHT TODAY  (HOUR:MIN)........0 HOURS 00 MINUTES
GAIN/LOSS SINCE YESTERDAY (HOUR:MIN:SEC)....+0:00:00

$$
DPA DEC 14


Alaska Region Headquarters
222 West 7th Avenue #23
Anchorage, AK 99513-7575
Voice: 1-907-271-5088
Fax: 1-907-271-3711
Recorded Forecast: 1-800-472-0391
Webmaster Email: ARH Webauthors
Page Modified: 03 Feb 2008 18:00 UTC
About Us
Career Opportunities
Glossary
Credits
Disclaimer
Privacy Policy