CDAK49 PABR 020909
CLIBRW

CLIMATE REPORT 
NATIONAL WEATHER SERVICE BARROW, AK
1209 AM AKST MON MAR 2 2015
...................................
...THE BARROW WSO AP CLIMATE SUMMARY FOR MARCH 1 2015... 

CLIMATE NORMAL PERIOD  1981 TO  2010 
CLIMATE RECORD PERIOD  1915 TO  2015 

WEATHER ITEM   OBSERVED TIME    RECORD YEAR NORMAL DEPARTURE LAST 
               VALUE    (LST)   VALUE       VALUE  FROM      YEAR 
                                                   NORMAL 
................................................................... 
TEMPERATURE 
YESTERDAY 
 MAXIMUM           -12  1159 PM    29  1960     -8      -4     25 
 MINIMUM           -17   616 PM   -48  1971    -21       4      8 
 AVERAGE           -15                         -14      -1     17 

PRECIPITATION 
(INCHES) 
 YESTERDAY        0.00           0.16  1945   0.00    0.00      T 
 MONTH TO DATE    0.00                        0.00    0.00      T 
 SINCE MAR 1      0.00                        0.00    0.00   0.00 
 SINCE JAN 1      0.57                        0.27    0.30   0.37 

SNOWFALL 
(INCHES) 
 YESTERDAY         0.0            1.5  1930    0.1    -0.1      T 
 MONTH TO DATE     0.0                         0.1    -0.1      T 
 SINCE MAR 1       0.0                         0.1    -0.1    0.0 
 SINCE JUL 1      43.1                        29.1    14.0   42.6
 SNOW DEPTH (IN)     5                                          8 

DEGREE DAYS 
 HEATING 
  YESTERDAY         80                          79       1     48 
  MONTH TO DATE     80                          79       1     48 
  SINCE MAR 1       79                          79       0     48 
  SINCE JUL 1    12222                       12927    -705  11758

 COOLING 
  YESTERDAY          0                           0       0      0 
  MONTH TO DATE      0                           0       0      0 
  SINCE MAR 1        0                           0       0      0 
  SINCE JAN 1        0                           0       0      0 
................................................................... 

WIND (MPH) 
 HIGHEST WIND SPEED    30     HIGHEST WIND DIRECTION    270      
 HIGHEST GUST SPEED    35     HIGHEST GUST DIRECTION    260 
 AVERAGE WIND SPEED  14.0 

SKY COVER
  POSSIBLE SUNSHINE    MM          AVERAGE SKY COVER     MM
 
WEATHER CONDITIONS 
 THE FOLLOWING WEATHER WAS RECORDED YESTERDAY. 
 BLOWING SNOW
 

RELATIVE HUMIDITY
 HIGHEST RH     86 PERCENT       953 PM
 LOWEST  RH     77 PERCENT      1053 PM
 AVERAGE RH     83 PERCENT       
................................................................... 

THE BARROW CLIMATE NORMALS FOR TODAY 
                           NORMAL    RECORD   YEAR 
 MAXIMUM TEMPERATURE (F)     -8        30     1944 
 MINIMUM TEMPERATURE (F)    -21       -52     1971 

SUNRISE AND SUNSET 
 MAR 2 2015..........SUNRISE  8:55 AM      SUNSET  6:26 PM   
 MAR 3 2015..........SUNRISE  8:50 AM      SUNSET  6:31 PM   

-  INDICATES NEGATIVE NUMBERS.
R  INDICATES RECORD HAS BEEN SET OR TIED.
MM INDICATES DATA IS MISSING.
T  INDICATES TRACE OF PRECIPITATION.

&&
-------------------------------------------------------------------

AMOUNT OF DAYLIGHT TODAY  (HOUR:MIN)........9 HOURS 31 MINUTES
GAIN/LOSS SINCE YESTERDAY (HOUR:MIN:SEC)....+0:09:40

$$
JML MAR 15


Alaska Region Headquarters
222 West 7th Avenue #23
Anchorage, AK 99513-7575
Voice: 1-907-271-5088
Fax: 1-907-271-3711
Recorded Forecast: 1-800-472-0391
Webmaster Email: ARH Webauthors
Page Modified: 03 Feb 2008 18:00 UTC
About Us
Career Opportunities
Glossary
Credits
Disclaimer
Privacy Policy