CDAK48 PASN 252334
CLISNP

CLIMATE REPORT
NATIONAL WEATHER SERVICE ST PAUL, AK
234 PM AKST TUE NOV 25 2014
...................................
...THE ST PAUL AIRPORT CLIMATE SUMMARY FOR NOVEMBER 25 2014...
VALID TODAY AS OF 2:00 PM LOCAL TIME

CLIMATE NORMAL PERIOD  1981 TO  2010 
CLIMATE RECORD PERIOD  1892 TO  2014 

WEATHER ITEM   OBSERVED TIME    RECORD YEAR NORMAL DEPARTURE LAST 
               VALUE    (LST)   VALUE       VALUE  FROM      YEAR 
                                                   NORMAL 
................................................................... 
TEMPERATURE 
TODAY 
 MAXIMUM            43  0159 PM    45  1970     36       7     35 
 MINIMUM            40  1223 AM    13  1987     27      13     29 
 AVERAGE            42                          32      10     32 

PRECIPITATION 
(INCHES) 
 TODAY            0.16           0.55  1981   0.10    0.06   0.09 
 MONTH TO DATE    1.50                        2.46   -0.96   3.65 
 SINCE SEP 1      6.65                        8.56   -1.91  10.21 
 SINCE JAN 1     20.00                       20.99   -0.99  24.24 

SNOWFALL 
(INCHES) 
 TODAY             0.0            5.4  1979    0.3    -0.3    0.8 
 MONTH TO DATE     0.7                         6.5    -5.8    2.7
 SINCE SEP 1       0.7                         8.5    -7.8    2.7
 SINCE JUL 1       0.7                         8.5    -7.8    2.7
 SNOW DEPTH (IN)     0                                          1

DEGREE DAYS 
 HEATING 
  TODAY             23                          34     -11     33 
  MONTH TO DATE    696                         790     -94    734
  SINCE SEP 1     1957                        2198    -241   2070
  SINCE JUL 1     2775                        3250    -475   3113

 COOLING 
  TODAY              0                           0       0      0 
  MONTH TO DATE      0                           0       0      0 
  SINCE SEP 1        0                           0       0      0 
  SINCE JAN 1        0                           0       0      0 
................................................................... 

WIND (MPH) 
 HIGHEST WIND SPEED    26     HIGHEST WIND DIRECTION    170      
 HIGHEST GUST SPEED    33     HIGHEST GUST DIRECTION    170 
 AVERAGE WIND SPEED    MM 

SKY COVER
  POSSIBLE SUNSHINE  MM            AVERAGE SKY COVER MM
 
WEATHER CONDITIONS 
 THE FOLLOWING WEATHER WAS RECORDED TODAY. 
FOG
RAIN
 

RELATIVE HUMIDITY
 HIGHEST RH     MM PERCENT       MM
 LOWEST  RH     MM PERCENT       MM
 AVERAGE RH     MM PERCENT       MM
................................................................... 

THE ST PAUL CLIMATE NORMALS FOR TOMORROW 
                        NORMAL    RECORD   YEAR 
 MAXIMUM TEMPERATURE      36        47     2007 
 MINIMUM TEMPERATURE      27         4     2008 

SUNRISE AND SUNSET 
 NOV 25 2014..........SUNRISE 10:25 AM      SUNSET  5:52 PM    
 NOV 26 2014..........SUNRISE 10:27 AM      SUNSET  5:50 PM    

-  INDICATES NEGATIVE NUMBERS.
R  INDICATES RECORD HAS BEEN SET OR TIED.
MM INDICATES DATA IS MISSING.
T  INDICATES TRACE OF PRECIPITATION.

&&
-------------------------------------------------------------------

AMOUNT OF DAYLIGHT TODAY  (HOUR:MIN)........7 HOURS 27 MINUTES
GAIN/LOSS SINCE YESTERDAY (HOUR:MIN:SEC)....-0:03:18

$$
HCH NOV 14



Alaska Region Headquarters
222 West 7th Avenue #23
Anchorage, AK 99513-7575
Voice: 1-907-271-5088
Fax: 1-907-271-3711
Recorded Forecast: 1-800-472-0391
Webmaster Email: ARH Webauthors
Page Modified: 03 Feb 2008 18:00 UTC
About Us
Career Opportunities
Glossary
Credits
Disclaimer
Privacy Policy