CDAK48 PASN 232358
CLISNP

CLIMATE REPORT
NATIONAL WEATHER SERVICE ST PAUL, AK
358 PM AKDT WED APR 23 2014
...................................
...THE ST PAUL AIRPORT CLIMATE SUMMARY FOR APRIL 23 2014...
VALID TODAY AS OF 2:00 PM LOCAL TIME

CLIMATE NORMAL PERIOD  1981 TO  2010 
CLIMATE RECORD PERIOD  1949 TO  2014 

WEATHER ITEM   OBSERVED TIME    RECORD YEAR NORMAL DEPARTURE LAST 
               VALUE    (LST)   VALUE       VALUE  FROM      YEAR 
                                                   NORMAL 
................................................................... 
TEMPERATURE 
TODAY 
 MAXIMUM            41  0159 PM    45  1978     35       6     32 
 MINIMUM            35  0749 AM    -8  1976     27       8     21 
 AVERAGE            38                          31       7     27 

PRECIPITATION 
(INCHES) 
 TODAY               T           0.18  2003   0.04   -0.04   0.00 
 MONTH TO DATE    0.78                        0.83   -0.05   0.25 
 SINCE MAR 1      1.98                        1.90    0.08   3.38 
 SINCE JAN 1      6.31                        4.78    1.53   6.23 

SNOWFALL 
(INCHES) 
 TODAY             0.0            1.1  1972    0.1    -0.1    0.0 
 MONTH TO DATE     1.0                         4.8    -3.8    2.3
 SINCE MAR 1       9.4                        12.8    -3.4   29.2
 SINCE JUL 1      43.7                        57.8   -14.1   72.7
 SNOW DEPTH (IN)     T                                         22

DEGREE DAYS 
 HEATING 
  TODAY             27                          34      -7     38 
  MONTH TO DATE    729                         841    -112    970
  SINCE MAR 1     1975                        2078    -103   2248
  SINCE JUL 1     8421                        8997    -576   9708

 COOLING 
  TODAY              0                           0       0      0 
  MONTH TO DATE      0                           0       0      0 
  SINCE MAR 1        0                           0       0      0 
  SINCE JAN 1        0                           0       0      0 
................................................................... 

WIND (MPH) 
 HIGHEST WIND SPEED    21     HIGHEST WIND DIRECTION     80      
 HIGHEST GUST SPEED    24     HIGHEST GUST DIRECTION     90 
 AVERAGE WIND SPEED    MM 

SKY COVER
  POSSIBLE SUNSHINE  MM            AVERAGE SKY COVER MM
 
WEATHER CONDITIONS 
 THE FOLLOWING WEATHER WAS RECORDED TODAY. 
FOG
RAIN
 

RELATIVE HUMIDITY
 HIGHEST RH     MM PERCENT       MM
 LOWEST  RH     MM PERCENT       MM
 AVERAGE RH     MM PERCENT       MM
................................................................... 

THE ST PAUL CLIMATE NORMALS FOR TOMORROW 
                        NORMAL    RECORD   YEAR 
 MAXIMUM TEMPERATURE      35        43     1979 
 MINIMUM TEMPERATURE      27         2     1976 

SUNRISE AND SUNSET 
 APR 23 2014..........SUNRISE  7:52 AM      SUNSET 10:49 PM    
 APR 24 2014..........SUNRISE  7:49 AM      SUNSET 10:51 PM    

-  INDICATES NEGATIVE NUMBERS.
R  INDICATES RECORD HAS BEEN SET OR TIED.
MM INDICATES DATA IS MISSING.
T  INDICATES TRACE OF PRECIPITATION.

&&
-------------------------------------------------------------------

AMOUNT OF DAYLIGHT TODAY  (HOUR:MIN)........14 HOURS 57 MINUTES
GAIN/LOSS SINCE YESTERDAY (HOUR:MIN:SEC)....+0:04:40

$$
WIW APR 14


Alaska Region Headquarters
222 West 7th Avenue #23
Anchorage, AK 99513-7575
Voice: 1-907-271-5088
Fax: 1-907-271-3711
Recorded Forecast: 1-800-472-0391
Webmaster Email: ARH Webauthors
Page Modified: 03 Feb 2008 18:00 UTC
About Us
Career Opportunities
Glossary
Credits
Disclaimer
Privacy Policy