CDAK48 PASN 301136
CLISNP

CLIMATE REPORT 
NATIONAL WEATHER SERVICE ST PAUL, AK
337 AM AKDT THU OCT 30 2014
...................................
...THE ST PAUL AIRPORT CLIMATE SUMMARY FOR OCTOBER 29 2014... 

CLIMATE NORMAL PERIOD  1981 TO  2010 
CLIMATE RECORD PERIOD  1892 TO  2014 

WEATHER ITEM   OBSERVED TIME    RECORD YEAR NORMAL DEPARTURE LAST 
               VALUE    (LST)   VALUE       VALUE  FROM      YEAR 
                                                   NORMAL 
................................................................... 
TEMPERATURE 
YESTERDAY 
 MAXIMUM            39  0159 PM    46  2003     40      -1     42 
 MINIMUM            32  1023 AM    15  1983     32       0     30 
 AVERAGE            36                          36       0     36 

PRECIPITATION 
(INCHES) 
 YESTERDAY        0.10           0.88  1995   0.10    0.00      T 
 MONTH TO DATE    1.03                        2.91   -1.88   3.34 
 SINCE SEP 1      4.60                        5.90   -1.30   6.35 
 SINCE JAN 1     17.83                       18.33   -0.50  20.38 

SNOWFALL 
(INCHES) 
 YESTERDAY           T            2.0  1971    0.1    -0.1    0.0 
 MONTH TO DATE       T                         1.7    -1.7      T 
 SINCE SEP 1       0.0                         1.7    -1.7    0.0 
 SINCE JUL 1         T                         1.7    -1.7      T
 SNOW DEPTH (IN)     0                                          0 

DEGREE DAYS 
 HEATING 
  YESTERDAY         29                          29       0     29 
  MONTH TO DATE    747                         759     -12    687 
  SINCE SEP 1     1206                        1350    -144   1279 
  SINCE JUL 1     2023                        2402    -379   2322

 COOLING 
  YESTERDAY          0                           0       0      0 
  MONTH TO DATE      0                           0       0      0 
  SINCE SEP 1        0                           0       0      0 
  SINCE JAN 1        0                           0       0      0 
................................................................... 

WIND (MPH) 
 HIGHEST WIND SPEED    25     HIGHEST WIND DIRECTION    110      
 HIGHEST GUST SPEED    31     HIGHEST GUST DIRECTION    110 
 AVERAGE WIND SPEED  13.3 

SKY COVER
  POSSIBLE SUNSHINE    MM          AVERAGE SKY COVER     MM
 
WEATHER CONDITIONS 
 THE FOLLOWING WEATHER WAS RECORDED YESTERDAY. 
  FOG
  DRIZZLE
  RAIN
  SNOW
 

RELATIVE HUMIDITY
 HIGHEST RH     MM PERCENT       MM
 LOWEST  RH     MM PERCENT       MM
 AVERAGE RH     MM PERCENT       MM
................................................................... 

THE ST PAUL CLIMATE NORMALS FOR TODAY 
                           NORMAL    RECORD   YEAR 
 MAXIMUM TEMPERATURE (F)     40        47     1979 
 MINIMUM TEMPERATURE (F)     32        12     1983 

SUNRISE AND SUNSET 
 OCT 30 2014..........SUNRISE 10:29 AM      SUNSET  7:41 PM   
 OCT 31 2014..........SUNRISE 10:31 AM      SUNSET  7:38 PM   

-  INDICATES NEGATIVE NUMBERS.
R  INDICATES RECORD HAS BEEN SET OR TIED.
MM INDICATES DATA IS MISSING.
T  INDICATES TRACE OF PRECIPITATION.

&&
-------------------------------------------------------------------

AMOUNT OF DAYLIGHT TODAY  (HOUR:MIN)........9 HOURS 12 MINUTES
GAIN/LOSS SINCE YESTERDAY (HOUR:MIN:SEC)....-0:04:34

$$
HCH OCT 14



Alaska Region Headquarters
222 West 7th Avenue #23
Anchorage, AK 99513-7575
Voice: 1-907-271-5088
Fax: 1-907-271-3711
Recorded Forecast: 1-800-472-0391
Webmaster Email: ARH Webauthors
Page Modified: 03 Feb 2008 18:00 UTC
About Us
Career Opportunities
Glossary
Credits
Disclaimer
Privacy Policy