CDAK48 PASN 242215
CLISNP

CLIMATE REPORT
NATIONAL WEATHER SERVICE ST PAUL, AK
215 PM AKDT FRI JUN 24 2016
...................................
...THE ST PAUL AIRPORT CLIMATE SUMMARY FOR JUNE 24 2016...
VALID TODAY AS OF 2:00 PM LOCAL TIME

CLIMATE NORMAL PERIOD  1981 TO  2010 
CLIMATE RECORD PERIOD  1892 TO  2016 

WEATHER ITEM   OBSERVED TIME    RECORD YEAR NORMAL DEPARTURE LAST 
               VALUE    (LST)   VALUE       VALUE  FROM      YEAR 
                                                   NORMAL 
................................................................... 
TEMPERATURE 
TODAY 
 MAXIMUM            54  1203 PM    57  1951     48       6     50 
 MINIMUM            46  0704 AM    30  1977     40       6     41 
 AVERAGE            50                          44       6     46 

PRECIPITATION 
(INCHES) 
 TODAY            0.00           0.62  1996   0.05   -0.05   0.00 
 MONTH TO DATE    1.69                        1.05    0.64   0.76 
 SINCE JUN 1      1.69                        1.05    0.64   0.76 
 SINCE JAN 1      7.61                        7.21    0.40   7.04 

SNOWFALL 
(INCHES) 
 TODAY             0.0            0.0  2016    0.0     0.0    0.0 
 MONTH TO DATE     0.0                         0.0     0.0    0.0
 SINCE JUN 1       0.0                         0.0     0.0    0.0
 SINCE JUL 1      52.6                        59.8    -7.2   48.6
 SNOW DEPTH (IN)     0                                          0

DEGREE DAYS 
 HEATING 
  TODAY             15                          21      -6     19 
  MONTH TO DATE    445                         558    -113    510
  SINCE JUN 1      445                         558    -113    510
  SINCE JUL 1     9198                       10679   -1481   9464

 COOLING 
  TODAY              0                           0       0      0 
  MONTH TO DATE      0                           0       0      0 
  SINCE JUN 1        0                           0       0      0 
  SINCE JAN 1        0                           0       0      0 
................................................................... 

WIND (MPH) 
 HIGHEST WIND SPEED    20     HIGHEST WIND DIRECTION    300      
 HIGHEST GUST SPEED    26     HIGHEST GUST DIRECTION    290 
 AVERAGE WIND SPEED    MM 

SKY COVER
  POSSIBLE SUNSHINE  MM            AVERAGE SKY COVER MM
 
WEATHER CONDITIONS 
 THE FOLLOWING WEATHER WAS RECORDED TODAY. 
FOG
 

RELATIVE HUMIDITY
 HIGHEST RH     MM PERCENT       MM
 LOWEST  RH     MM PERCENT       MM
 AVERAGE RH     MM PERCENT       MM
................................................................... 

THE ST PAUL CLIMATE NORMALS FOR TOMORROW 
                        NORMAL    RECORD   YEAR 
 MAXIMUM TEMPERATURE      49        62     2000 
 MINIMUM TEMPERATURE      40        30     1977 

SUNRISE AND SUNSET 
 JUN 24 2016..........SUNRISE  6:27 AM      SUNSET 12:21 AM    
 JUN 25 2016..........SUNRISE  6:27 AM      SUNSET 12:21 AM    

-  INDICATES NEGATIVE NUMBERS.
R  INDICATES RECORD HAS BEEN SET OR TIED.
MM INDICATES DATA IS MISSING.
T  INDICATES TRACE OF PRECIPITATION.

&&
-------------------------------------------------------------------

AMOUNT OF DAYLIGHT TODAY  (HOUR:MIN)........17 HOURS 54 MINUTES
GAIN/LOSS SINCE YESTERDAY (HOUR:MIN:SEC)....-0:00:26

$$
*** JUN 16


Alaska Region Headquarters
222 West 7th Avenue #23
Anchorage, AK 99513-7575
Voice: 1-907-271-5088
Fax: 1-907-271-3711
Recorded Forecast: 1-800-472-0391
Webmaster Email: ARH Webauthors
Page Modified: 03 Feb 2008 18:00 UTC
About Us
Career Opportunities
Glossary
Credits
Disclaimer
Privacy Policy