CDAK48 PASN 291146
CLISNP

CLIMATE REPORT 
NATIONAL WEATHER SERVICE ST PAUL, AK
347 AM AKDT SUN MAR 29 2015
...................................
...THE ST PAUL AIRPORT CLIMATE SUMMARY FOR MARCH 28 2015... 

CLIMATE NORMAL PERIOD  1981 TO  2010 
CLIMATE RECORD PERIOD  1892 TO  2015 

WEATHER ITEM   OBSERVED TIME    RECORD YEAR NORMAL DEPARTURE LAST 
               VALUE    (LST)   VALUE       VALUE  FROM      YEAR 
                                                   NORMAL 
................................................................... 
TEMPERATURE 
YESTERDAY 
 MAXIMUM            31  0208 PM    41  1979     30       1     38 
 MINIMUM            25  1240 AM    -3  1976     21       4     30 
 AVERAGE            28                          26       2     34 

PRECIPITATION 
(INCHES) 
 YESTERDAY        0.03           0.45  1972   0.04   -0.01   0.21 
 MONTH TO DATE    0.67                        0.97   -0.30   0.91 
 SINCE MAR 1      0.67                        0.97   -0.30   0.91 
 SINCE JAN 1      2.99                        3.85   -0.86   5.24 

SNOWFALL 
(INCHES) 
 YESTERDAY           T            4.5  1972    0.2    -0.2    0.2 
 MONTH TO DATE     8.1                         7.2     0.9    8.1 
 SINCE MAR 1       8.1                         7.2     0.9    8.1 
 SINCE JUL 1      37.8                        52.2   -14.4   42.4
 SNOW DEPTH (IN)     4                                          1 

DEGREE DAYS 
 HEATING 
  YESTERDAY         37                          40      -3     31 
  MONTH TO DATE   1035                        1120     -85   1149 
  SINCE MAR 1     1035                        1120     -85   1149 
  SINCE JUL 1     6992                        8039   -1047   7595

 COOLING 
  YESTERDAY          0                           0       0      0 
  MONTH TO DATE      0                           0       0      0 
  SINCE MAR 1        0                           0       0      0 
  SINCE JAN 1        0                           0       0      0 
................................................................... 

WIND (MPH) 
 HIGHEST WIND SPEED    31     HIGHEST WIND DIRECTION    360      
 HIGHEST GUST SPEED    36     HIGHEST GUST DIRECTION     10 
 AVERAGE WIND SPEED  24.1 

SKY COVER
  POSSIBLE SUNSHINE    MM          AVERAGE SKY COVER     MM
 
WEATHER CONDITIONS 
 THE FOLLOWING WEATHER WAS RECORDED YESTERDAY. 
  FOG
  SNOW
 

RELATIVE HUMIDITY
 HIGHEST RH     MM PERCENT       MM
 LOWEST  RH     MM PERCENT       MM
 AVERAGE RH     MM PERCENT       MM
................................................................... 

THE ST PAUL CLIMATE NORMALS FOR TODAY 
                           NORMAL    RECORD   YEAR 
 MAXIMUM TEMPERATURE (F)     30        42     1996 
 MINIMUM TEMPERATURE (F)     21        -7     1953 

SUNRISE AND SUNSET 
 MAR 29 2015..........SUNRISE  8:59 AM      SUNSET  9:55 PM   
 MAR 30 2015..........SUNRISE  8:56 AM      SUNSET  9:57 PM   

-  INDICATES NEGATIVE NUMBERS.
R  INDICATES RECORD HAS BEEN SET OR TIED.
MM INDICATES DATA IS MISSING.
T  INDICATES TRACE OF PRECIPITATION.

&&
-------------------------------------------------------------------

AMOUNT OF DAYLIGHT TODAY  (HOUR:MIN)........12 HOURS 56 MINUTES
GAIN/LOSS SINCE YESTERDAY (HOUR:MIN:SEC)....+0:04:52

$$
HCH MAR 15


Alaska Region Headquarters
222 West 7th Avenue #23
Anchorage, AK 99513-7575
Voice: 1-907-271-5088
Fax: 1-907-271-3711
Recorded Forecast: 1-800-472-0391
Webmaster Email: ARH Webauthors
Page Modified: 03 Feb 2008 18:00 UTC
About Us
Career Opportunities
Glossary
Credits
Disclaimer
Privacy Policy