CDAK48 PASN 181141
CLISNP

CLIMATE REPORT 
NATIONAL WEATHER SERVICE ST PAUL, AK
341 AM AKDT FRI APR 18 2014
...................................
...THE ST PAUL AIRPORT CLIMATE SUMMARY FOR APRIL 17 2014... 

CLIMATE NORMAL PERIOD  1981 TO  2010 
CLIMATE RECORD PERIOD  1949 TO  2014 

WEATHER ITEM   OBSERVED TIME    RECORD YEAR NORMAL DEPARTURE LAST 
               VALUE    (LST)   VALUE       VALUE  FROM      YEAR 
                                                   NORMAL 
................................................................... 
TEMPERATURE 
YESTERDAY 
 MAXIMUM            40R 0248 PM    40  1991     34       6     30 
 MINIMUM            30  0953 PM     8  1985     26       4     24 
 AVERAGE            35                          30       5     27 

PRECIPITATION 
(INCHES) 
 YESTERDAY           T           0.39  1962   0.03   -0.03   0.00 
 MONTH TO DATE    0.67                        0.61    0.06   0.24 
 SINCE MAR 1      1.87                        1.68    0.19   3.37 
 SINCE JAN 1      6.20                        4.56    1.64   6.22 

SNOWFALL 
(INCHES) 
 YESTERDAY           T            3.9  2007    0.2    -0.2    0.0 
 MONTH TO DATE     1.0                         3.9    -2.9    2.3 
 SINCE MAR 1       9.4                        11.9    -2.5   29.2 
 SINCE JUL 1      43.7                        56.9   -13.2   72.7
 SNOW DEPTH (IN)     T                                         29 

DEGREE DAYS 
 HEATING 
  YESTERDAY         30                          35      -5     38 
  MONTH TO DATE    552                         634     -82    747 
  SINCE MAR 1     1798                        1871     -73   2025 
  SINCE JUL 1     8244                        8790    -546   9485

 COOLING 
  YESTERDAY          0                           0       0      0 
  MONTH TO DATE      0                           0       0      0 
  SINCE MAR 1        0                           0       0      0 
  SINCE JAN 1        0                           0       0      0 
................................................................... 

WIND (MPH) 
 HIGHEST WIND SPEED    20     HIGHEST WIND DIRECTION     60      
 HIGHEST GUST SPEED    24     HIGHEST GUST DIRECTION     60 
 AVERAGE WIND SPEED  13.2 

SKY COVER
  POSSIBLE SUNSHINE    MM          AVERAGE SKY COVER     MM
 
WEATHER CONDITIONS 
 THE FOLLOWING WEATHER WAS RECORDED YESTERDAY. 
  FOG
  RAIN
  SNOW
 

RELATIVE HUMIDITY
 HIGHEST RH     MM PERCENT       MM
 LOWEST  RH     MM PERCENT       MM
 AVERAGE RH     MM PERCENT       MM
................................................................... 

THE ST PAUL CLIMATE NORMALS FOR TODAY 
                           NORMAL    RECORD   YEAR 
 MAXIMUM TEMPERATURE (F)     34        43     1978 
 MINIMUM TEMPERATURE (F)     26         7     1960 

SUNRISE AND SUNSET 
 APR 18 2014..........SUNRISE  8:04 AM      SUNSET 10:38 PM   
 APR 19 2014..........SUNRISE  8:02 AM      SUNSET 10:41 PM   

-  INDICATES NEGATIVE NUMBERS.
R  INDICATES RECORD HAS BEEN SET OR TIED.
MM INDICATES DATA IS MISSING.
T  INDICATES TRACE OF PRECIPITATION.

&&
-------------------------------------------------------------------

AMOUNT OF DAYLIGHT TODAY  (HOUR:MIN)........14 HOURS 34 MINUTES
GAIN/LOSS SINCE YESTERDAY (HOUR:MIN:SEC)....+0:04:45

$$
FONTENOT


Alaska Region Headquarters
222 West 7th Avenue #23
Anchorage, AK 99513-7575
Voice: 1-907-271-5088
Fax: 1-907-271-3711
Recorded Forecast: 1-800-472-0391
Webmaster Email: ARH Webauthors
Page Modified: 03 Feb 2008 18:00 UTC
About Us
Career Opportunities
Glossary
Credits
Disclaimer
Privacy Policy