CDAK48 PASN 091157
CLISNP

CLIMATE REPORT 
NATIONAL WEATHER SERVICE ST PAUL, AK
257 AM AKST TUE FEB 9 2016
...................................
...THE ST PAUL AIRPORT CLIMATE SUMMARY FOR FEBRUARY 8 2016... 

CLIMATE NORMAL PERIOD  1981 TO  2010 
CLIMATE RECORD PERIOD  1892 TO  2016 

WEATHER ITEM   OBSERVED TIME    RECORD YEAR NORMAL DEPARTURE LAST 
               VALUE    (LST)   VALUE       VALUE  FROM      YEAR 
                                                   NORMAL 
................................................................... 
TEMPERATURE 
YESTERDAY 
 MAXIMUM            36  0159 PM    40  1981     28       8     18 
 MINIMUM            31  0646 AM    -8  1956     20      11     14 
 AVERAGE            34                          24      10     16 

PRECIPITATION 
(INCHES) 
 YESTERDAY           T           0.57  1972   0.04   -0.04      T 
 MONTH TO DATE    0.28                        0.39   -0.11      T 
 SINCE DEC 1      6.52                        4.22    2.30   4.16 
 SINCE JAN 1      1.89                        1.97   -0.08   1.20 

SNOWFALL 
(INCHES) 
 YESTERDAY           T            5.7  1972    0.3    -0.3    0.2 
 MONTH TO DATE     2.6                         3.0    -0.4    0.2 
 SINCE DEC 1      26.7                        27.7    -1.0   18.7 
 SINCE JUL 1      38.7                        38.0     0.7   19.4
 SNOW DEPTH (IN)     T                                          2 

DEGREE DAYS 
 HEATING 
  YESTERDAY         31                          41     -10     49 
  MONTH TO DATE    253                         328     -75    308 
  SINCE DEC 1     2326                        2687    -361   2344 
  SINCE JUL 1     5356                        6107    -751   5249

 COOLING 
  YESTERDAY          0                           0       0      0 
  MONTH TO DATE      0                           0       0      0 
  SINCE DEC 1        0                           0       0      0 
  SINCE JAN 1        0                           0       0      0 
................................................................... 

WIND (MPH) 
 HIGHEST WIND SPEED    23     HIGHEST WIND DIRECTION     50      
 HIGHEST GUST SPEED    18     HIGHEST GUST DIRECTION     50 
 AVERAGE WIND SPEED    MM 

SKY COVER
  POSSIBLE SUNSHINE    MM          AVERAGE SKY COVER     MM
 
WEATHER CONDITIONS 
 THE FOLLOWING WEATHER WAS RECORDED YESTERDAY. 
  FOG
  SNOW
 

RELATIVE HUMIDITY
 HIGHEST RH     MM PERCENT       MM
 LOWEST  RH     MM PERCENT       MM
 AVERAGE RH     MM PERCENT       MM
................................................................... 

THE ST PAUL CLIMATE NORMALS FOR TODAY 
                           NORMAL    RECORD   YEAR 
 MAXIMUM TEMPERATURE (F)     28        40     1980 
 MINIMUM TEMPERATURE (F)     20        -9     1956 

SUNRISE AND SUNSET 
 FEB  9 2016..........SUNRISE 10:04 AM      SUNSET  7:08 PM   
 FEB 10 2016..........SUNRISE 10:02 AM      SUNSET  7:10 PM   

-  INDICATES NEGATIVE NUMBERS.
R  INDICATES RECORD HAS BEEN SET OR TIED.
MM INDICATES DATA IS MISSING.
T  INDICATES TRACE OF PRECIPITATION.

&&
-------------------------------------------------------------------

AMOUNT OF DAYLIGHT TODAY  (HOUR:MIN)........9 HOURS 4 MINUTES
GAIN/LOSS SINCE YESTERDAY (HOUR:MIN:SEC)....+0:04:33

$$
WIW FEB 16



Alaska Region Headquarters
222 West 7th Avenue #23
Anchorage, AK 99513-7575
Voice: 1-907-271-5088
Fax: 1-907-271-3711
Recorded Forecast: 1-800-472-0391
Webmaster Email: ARH Webauthors
Page Modified: 03 Feb 2008 18:00 UTC
About Us
Career Opportunities
Glossary
Credits
Disclaimer
Privacy Policy