CDAK48 PASN 011137
CLISNP

CLIMATE REPORT 
NATIONAL WEATHER SERVICE ST PAUL, AK
337 AM AKDT SAT AUG 1 2015
...................................
...THE ST PAUL AIRPORT CLIMATE SUMMARY FOR JULY 31 2015... 

CLIMATE NORMAL PERIOD  1981 TO  2010 
CLIMATE RECORD PERIOD  1892 TO  2015 

WEATHER ITEM   OBSERVED TIME    RECORD YEAR NORMAL DEPARTURE LAST 
               VALUE    (LST)   VALUE       VALUE  FROM      YEAR 
                                                   NORMAL 
................................................................... 
TEMPERATURE 
YESTERDAY 
 MAXIMUM            55  0747 PM    63  2014     52       3     63 
 MINIMUM            50  0752 AM    37  2000     45       5     44 
 AVERAGE            53                          48       5     54 

PRECIPITATION 
(INCHES) 
 YESTERDAY        0.00           0.96  1950   0.07   -0.07   0.00 
 MONTH TO DATE    1.84                        1.85   -0.01   1.07 
 SINCE JUN 1      2.76                        3.20   -0.44   2.09 
 SINCE JAN 1      9.04                        9.36   -0.32   9.23 

SNOWFALL 
(INCHES) 
 YESTERDAY         0.0            0.0  2015    0.0     0.0    0.0 
 MONTH TO DATE     0.0                         0.0     0.0    0.0 
 SINCE JUN 1       0.0                         0.0     0.0    0.0 
 SINCE JUL 1       0.0                         0.0     0.0    0.0
 SNOW DEPTH (IN)     0                                          0 

DEGREE DAYS 
 HEATING 
  YESTERDAY         12                          17      -5     11 
  MONTH TO DATE    478                         553     -75    446 
  SINCE JUN 1     1098                        1232    -134   1074 
  SINCE JUL 1      478                         553     -75    446

 COOLING 
  YESTERDAY          0                           0       0      0 
  MONTH TO DATE      0                           0       0      0 
  SINCE JUN 1        0                           0       0      0 
  SINCE JAN 1        0                           0       0      0 
................................................................... 

WIND (MPH) 
 HIGHEST WIND SPEED     8     HIGHEST WIND DIRECTION    190      
 HIGHEST GUST SPEED     9     HIGHEST GUST DIRECTION    200 
 AVERAGE WIND SPEED   3.0 

SKY COVER
  POSSIBLE SUNSHINE    MM          AVERAGE SKY COVER     MM
 
WEATHER CONDITIONS 
 THE FOLLOWING WEATHER WAS RECORDED YESTERDAY. 
FOG
DENSE FOG 

RELATIVE HUMIDITY
 HIGHEST RH     MM PERCENT       MM
 LOWEST  RH     MM PERCENT       MM
 AVERAGE RH     MM PERCENT       MM
................................................................... 

THE ST PAUL CLIMATE NORMALS FOR TODAY 
                           NORMAL    RECORD   YEAR 
 MAXIMUM TEMPERATURE (F)     52        60     2014 
 MINIMUM TEMPERATURE (F)     45        37     1990 

SUNRISE AND SUNSET 
 AUG 1 2015..........SUNRISE  7:19 AM      SUNSET 11:35 PM   
 AUG 2 2015..........SUNRISE  7:21 AM      SUNSET 11:32 PM   

-  INDICATES NEGATIVE NUMBERS.
R  INDICATES RECORD HAS BEEN SET OR TIED.
MM INDICATES DATA IS MISSING.
T  INDICATES TRACE OF PRECIPITATION.

&&
-------------------------------------------------------------------

AMOUNT OF DAYLIGHT TODAY  (HOUR:MIN)........16 HOURS 16 MINUTES
GAIN/LOSS SINCE YESTERDAY (HOUR:MIN:SEC)....-0:04:05

$$
WIW AUG 15


Alaska Region Headquarters
222 West 7th Avenue #23
Anchorage, AK 99513-7575
Voice: 1-907-271-5088
Fax: 1-907-271-3711
Recorded Forecast: 1-800-472-0391
Webmaster Email: ARH Webauthors
Page Modified: 03 Feb 2008 18:00 UTC
About Us
Career Opportunities
Glossary
Credits
Disclaimer
Privacy Policy