CDAK48 PASN 012335
CLISNP

CLIMATE REPORT
NATIONAL WEATHER SERVICE ST PAUL, AK
335 PM AKDT FRI AUG 1 2014
...................................
...THE ST PAUL AIRPORT CLIMATE SUMMARY FOR AUGUST 1 2014...
VALID TODAY AS OF 2:00 PM LOCAL TIME

CLIMATE NORMAL PERIOD  1981 TO  2010 
CLIMATE RECORD PERIOD  1949 TO  2014 

WEATHER ITEM   OBSERVED TIME    RECORD YEAR NORMAL DEPARTURE LAST 
               VALUE    (LST)   VALUE       VALUE  FROM      YEAR 
                                                   NORMAL 
................................................................... 
TEMPERATURE 
TODAY 
 MAXIMUM            60R 0145 PM    60  1977     52       8     59 
 MINIMUM            51  0411 AM    37  1990     45       6     47 
 AVERAGE            56                          49       7     53 

PRECIPITATION 
(INCHES) 
 TODAY               T           1.27  1958   0.08   -0.08   0.01 
 MONTH TO DATE       T                        0.08   -0.08   0.01 
 SINCE JUN 1      2.09                        3.28   -1.19   3.18 
 SINCE JAN 1      9.23                        9.44   -0.21  10.36 

SNOWFALL 
(INCHES) 
 TODAY             0.0            0.0  2014    0.0     0.0    0.0 
 MONTH TO DATE     0.0                         0.0     0.0    0.0
 SINCE JUN 1       0.0                         0.0     0.0    0.0
 SINCE JUL 1       0.0                         0.0     0.0    0.0
 SNOW DEPTH (IN)     0                                          0

DEGREE DAYS 
 HEATING 
  TODAY              9                          17      -8     12 
  MONTH TO DATE      9                          17      -8     12
  SINCE JUN 1     1083                        1249    -166   1273
  SINCE JUL 1      455                         570    -115    563

 COOLING 
  TODAY              0                           0       0      0 
  MONTH TO DATE      0                           0       0      0 
  SINCE JUN 1        0                           0       0      0 
  SINCE JAN 1        0                           0       0      0 
................................................................... 

WIND (MPH) 
 HIGHEST WIND SPEED     8     HIGHEST WIND DIRECTION    120      
 HIGHEST GUST SPEED    10     HIGHEST GUST DIRECTION     90 
 AVERAGE WIND SPEED    MM 

SKY COVER
  POSSIBLE SUNSHINE  MM            AVERAGE SKY COVER MM
 
WEATHER CONDITIONS 
 THE FOLLOWING WEATHER WAS RECORDED TODAY. 
FOG
RAIN
 

RELATIVE HUMIDITY
 HIGHEST RH     MM PERCENT       MM
 LOWEST  RH     MM PERCENT       MM
 AVERAGE RH     MM PERCENT       MM
................................................................... 

THE ST PAUL CLIMATE NORMALS FOR TOMORROW 
                        NORMAL    RECORD   YEAR 
 MAXIMUM TEMPERATURE      52        59     2005 
 MINIMUM TEMPERATURE      45        37     1971 

SUNRISE AND SUNSET 
 AUG 1 2014..........SUNRISE  7:20 AM      SUNSET 11:34 PM    
 AUG 2 2014..........SUNRISE  7:22 AM      SUNSET 11:32 PM    

-  INDICATES NEGATIVE NUMBERS.
R  INDICATES RECORD HAS BEEN SET OR TIED.
MM INDICATES DATA IS MISSING.
T  INDICATES TRACE OF PRECIPITATION.

&&
-------------------------------------------------------------------

AMOUNT OF DAYLIGHT TODAY  (HOUR:MIN)........16 HOURS 14 MINUTES
GAIN/LOSS SINCE YESTERDAY (HOUR:MIN:SEC)....-0:04:06

$$
WIW AUG 14


Alaska Region Headquarters
222 West 7th Avenue #23
Anchorage, AK 99513-7575
Voice: 1-907-271-5088
Fax: 1-907-271-3711
Recorded Forecast: 1-800-472-0391
Webmaster Email: ARH Webauthors
Page Modified: 03 Feb 2008 18:00 UTC
About Us
Career Opportunities
Glossary
Credits
Disclaimer
Privacy Policy