CDAK48 PASN 311133
CLISNP

CLIMATE REPORT 
NATIONAL WEATHER SERVICE ST PAUL, AK
333 AM AKDT MON AUG 31 2015
...................................
...THE ST PAUL AIRPORT CLIMATE SUMMARY FOR AUGUST 30 2015... 

CLIMATE NORMAL PERIOD  1981 TO  2010 
CLIMATE RECORD PERIOD  1892 TO  2015 

WEATHER ITEM   OBSERVED TIME    RECORD YEAR NORMAL DEPARTURE LAST 
               VALUE    (LST)   VALUE       VALUE  FROM      YEAR 
                                                   NORMAL 
................................................................... 
TEMPERATURE 
YESTERDAY 
 MAXIMUM            52  0524 PM    57  2014     52       0     57 
 MINIMUM            40  0752 AM    36  1956     45      -5     39 
 AVERAGE            46                          48      -2     48 

PRECIPITATION 
(INCHES) 
 YESTERDAY        0.00           0.55  1976   0.11   -0.11   0.02 
 MONTH TO DATE    2.43                        2.96   -0.53   4.12 
 SINCE JUN 1      5.19                        6.16   -0.97   6.21 
 SINCE JAN 1     11.47                       12.32   -0.85  13.35 

SNOWFALL 
(INCHES) 
 YESTERDAY         0.0            0.0  2015    0.0     0.0    0.0 
 MONTH TO DATE     0.0                         0.0     0.0    0.0 
 SINCE JUN 1       0.0                         0.0     0.0    0.0 
 SINCE JUL 1       0.0                         0.0     0.0    0.0
 SNOW DEPTH (IN)     0                                          0 

DEGREE DAYS 
 HEATING 
  YESTERDAY         19                          17       2     17 
  MONTH TO DATE    418                         482     -64    355 
  SINCE JUN 1     1516                        1714    -198   1429 
  SINCE JUL 1      896                        1035    -139    801

 COOLING 
  YESTERDAY          0                           0       0      0 
  MONTH TO DATE      0                           0       0      0 
  SINCE JUN 1        0                           0       0      0 
  SINCE JAN 1        0                           0       0      0 
................................................................... 

WIND (MPH) 
 HIGHEST WIND SPEED    15     HIGHEST WIND DIRECTION     60      
 HIGHEST GUST SPEED    20     HIGHEST GUST DIRECTION     60 
 AVERAGE WIND SPEED   7.7 

SKY COVER
  POSSIBLE SUNSHINE    MM          AVERAGE SKY COVER     MM
 
WEATHER CONDITIONS 
 THE FOLLOWING WEATHER WAS RECORDED YESTERDAY. 
  NO SIGNIFICANT WEATHER WAS OBSERVED. 

RELATIVE HUMIDITY
 HIGHEST RH     MM PERCENT       MM
 LOWEST  RH     MM PERCENT       MM
 AVERAGE RH     MM PERCENT       MM
................................................................... 

THE ST PAUL CLIMATE NORMALS FOR TODAY 
                           NORMAL    RECORD   YEAR 
 MAXIMUM TEMPERATURE (F)     52        59     2014 
 MINIMUM TEMPERATURE (F)     45        36     2014 

SUNRISE AND SUNSET 
 AUG 31 2015..........SUNRISE  8:21 AM      SUNSET 10:21 PM   
 SEP  1 2015..........SUNRISE  8:23 AM      SUNSET 10:18 PM   

-  INDICATES NEGATIVE NUMBERS.
R  INDICATES RECORD HAS BEEN SET OR TIED.
MM INDICATES DATA IS MISSING.
T  INDICATES TRACE OF PRECIPITATION.

&&
-------------------------------------------------------------------

AMOUNT OF DAYLIGHT TODAY  (HOUR:MIN)........14 HOURS 0 MINUTES
GAIN/LOSS SINCE YESTERDAY (HOUR:MIN:SEC)....-0:04:44

$$
WIW AUG 15


Alaska Region Headquarters
222 West 7th Avenue #23
Anchorage, AK 99513-7575
Voice: 1-907-271-5088
Fax: 1-907-271-3711
Recorded Forecast: 1-800-472-0391
Webmaster Email: ARH Webauthors
Page Modified: 03 Feb 2008 18:00 UTC
About Us
Career Opportunities
Glossary
Credits
Disclaimer
Privacy Policy