CDAK48 PASN 281122
CLISNP

CLIMATE REPORT 
NATIONAL WEATHER SERVICE ST PAUL, AK
323 AM AKDT THU MAY 28 2015
...................................
...THE ST PAUL AIRPORT CLIMATE SUMMARY FOR MAY 27 2015... 

CLIMATE NORMAL PERIOD  1981 TO  2010 
CLIMATE RECORD PERIOD  1892 TO  2015 

WEATHER ITEM   OBSERVED TIME    RECORD YEAR NORMAL DEPARTURE LAST 
               VALUE    (LST)   VALUE       VALUE  FROM      YEAR 
                                                   NORMAL 
................................................................... 
TEMPERATURE 
YESTERDAY 
 MAXIMUM            48  0544 PM    53  2006     43       5     45 
 MINIMUM            41  0854 AM    26  1981     34       7     40 
 AVERAGE            45                          38       7     43 

PRECIPITATION 
(INCHES) 
 YESTERDAY           T           0.52  1996   0.03   -0.03   0.01 
 MONTH TO DATE    1.81                        0.98    0.83   0.41 
 SINCE MAR 1      3.74                        3.13    0.61   2.51 
 SINCE JAN 1      6.06                        6.01    0.05   6.84 

SNOWFALL 
(INCHES) 
 YESTERDAY         0.0            0.3  1973    0.0     0.0    0.0 
 MONTH TO DATE     0.3                         1.1    -0.8      T 
 SINCE MAR 1      18.9                        14.8     4.1    9.4 
 SINCE JUL 1      48.6                        59.8   -11.2   43.7
 SNOW DEPTH (IN)     0                                          0 

DEGREE DAYS 
 HEATING 
  YESTERDAY         20                          27      -7     22 
  MONTH TO DATE    684                         789    -105    701 
  SINCE MAR 1     2913                        3097    -184   2873 
  SINCE JUL 1     8870                       10016   -1146   9319

 COOLING 
  YESTERDAY          0                           0       0      0 
  MONTH TO DATE      0                           0       0      0 
  SINCE MAR 1        0                           0       0      0 
  SINCE JAN 1        0                           0       0      0 
................................................................... 

WIND (MPH) 
 HIGHEST WIND SPEED    15     HIGHEST WIND DIRECTION    190      
 HIGHEST GUST SPEED    18     HIGHEST GUST DIRECTION    200 
 AVERAGE WIND SPEED  11.6 

SKY COVER
  POSSIBLE SUNSHINE    MM          AVERAGE SKY COVER     MM
 
WEATHER CONDITIONS 
 THE FOLLOWING WEATHER WAS RECORDED YESTERDAY. 
  FOG
  RAIN
 

RELATIVE HUMIDITY
 HIGHEST RH     MM PERCENT       MM
 LOWEST  RH     MM PERCENT       MM
 AVERAGE RH     MM PERCENT       MM
................................................................... 

THE ST PAUL CLIMATE NORMALS FOR TODAY 
                           NORMAL    RECORD   YEAR 
 MAXIMUM TEMPERATURE (F)     43        58     1979 
 MINIMUM TEMPERATURE (F)     34        28     1987 

SUNRISE AND SUNSET 
 MAY 28 2015..........SUNRISE  6:40 AM      SUNSET 11:58 PM   
 MAY 29 2015..........SUNRISE  6:39 AM      SUNSET 12:00 PM   

-  INDICATES NEGATIVE NUMBERS.
R  INDICATES RECORD HAS BEEN SET OR TIED.
MM INDICATES DATA IS MISSING.
T  INDICATES TRACE OF PRECIPITATION.

&&
-------------------------------------------------------------------

AMOUNT OF DAYLIGHT TODAY  (HOUR:MIN)........17 HOURS 18 MINUTES
GAIN/LOSS SINCE YESTERDAY (HOUR:MIN:SEC)....+0:03:01

$$
HCH MAY 15


Alaska Region Headquarters
222 West 7th Avenue #23
Anchorage, AK 99513-7575
Voice: 1-907-271-5088
Fax: 1-907-271-3711
Recorded Forecast: 1-800-472-0391
Webmaster Email: ARH Webauthors
Page Modified: 03 Feb 2008 18:00 UTC
About Us
Career Opportunities
Glossary
Credits
Disclaimer
Privacy Policy