CDAK48 PAKN 200953
CLIAKN

CLIMATE REPORT 
NATIONAL WEATHER SERVICE KING SALMON, AK
153 AM AKDT MON OCT 20 2014
...................................
...THE KING SALMON AP CLIMATE SUMMARY FOR OCTOBER 19 2014... 

CLIMATE NORMAL PERIOD  1981 TO  2010 
CLIMATE RECORD PERIOD  1949 TO  2014 

WEATHER ITEM   OBSERVED TIME    RECORD YEAR NORMAL DEPARTURE LAST 
               VALUE    (LST)   VALUE       VALUE  FROM      YEAR 
                                                   NORMAL 
................................................................... 
TEMPERATURE 
YESTERDAY 
 MAXIMUM            36  0350 PM    56  1957     40      -4     49 
 MINIMUM            26  1159 PM     5  1968     24       2     42 
 AVERAGE            31                          32      -1     46 

PRECIPITATION 
(INCHES) 
 YESTERDAY           T           0.46  1949   0.06   -0.06   0.20 
 MONTH TO DATE    0.01                        1.43   -1.42   3.62 
 SINCE SEP 1      3.38                        4.62   -1.24   5.70 
 SINCE JAN 1     17.65                       16.22    1.43  19.79 

SNOWFALL 
(INCHES) 
 YESTERDAY           T            2.1  1994    0.1    -0.1    0.0 
 MONTH TO DATE       T                         1.1    -1.1    0.0 
 SINCE SEP 1       0.0                         1.2    -1.2    0.0 
 SINCE JUL 1         T                         1.2    -1.2    0.0
 SNOW DEPTH (IN)     0                                          0 

DEGREE DAYS 
 HEATING 
  YESTERDAY         34                          33       1     19 
  MONTH TO DATE    581                         546      35    381 
  SINCE SEP 1      995                        1069     -74    915 
  SINCE JUL 1     1469                        1681    -212   1418

 COOLING 
  YESTERDAY          0                           0       0      0 
  MONTH TO DATE      0                           0       0      0 
  SINCE SEP 1        0                           0       0      0 
  SINCE JAN 1        0                           0       0      4 
................................................................... 

WIND (MPH) 
 HIGHEST WIND SPEED    12     HIGHEST WIND DIRECTION    330      
 HIGHEST GUST SPEED    15     HIGHEST GUST DIRECTION    330 
 AVERAGE WIND SPEED   5.9 

SKY COVER
  POSSIBLE SUNSHINE    MM          AVERAGE SKY COVER     MM
 
WEATHER CONDITIONS 
 THE FOLLOWING WEATHER WAS RECORDED YESTERDAY. 
  RAIN
SNOW
 

RELATIVE HUMIDITY
 HIGHEST RH     MM PERCENT       MM
 LOWEST  RH     MM PERCENT       MM
 AVERAGE RH     MM PERCENT       MM
................................................................... 

THE KING SALMON CLIMATE NORMALS FOR TODAY 
                           NORMAL    RECORD   YEAR 
 MAXIMUM TEMPERATURE (F)     39        57     1957 
 MINIMUM TEMPERATURE (F)     24         3     2001 

SUNRISE AND SUNSET 
 OCT 20 2014..........SUNRISE  9:16 AM      SUNSET  7:07 PM   
 OCT 21 2014..........SUNRISE  9:18 AM      SUNSET  7:04 PM   

-  INDICATES NEGATIVE NUMBERS.
R  INDICATES RECORD HAS BEEN SET OR TIED.
MM INDICATES DATA IS MISSING.
T  INDICATES TRACE OF PRECIPITATION.

&&
-------------------------------------------------------------------

AMOUNT OF DAYLIGHT TODAY  (HOUR:MIN)........9 HOURS 51 MINUTES
GAIN/LOSS SINCE YESTERDAY (HOUR:MIN:SEC)....-0:05:02

$$
DJH OCT 14



Alaska Region Headquarters
222 West 7th Avenue #23
Anchorage, AK 99513-7575
Voice: 1-907-271-5088
Fax: 1-907-271-3711
Recorded Forecast: 1-800-472-0391
Webmaster Email: ARH Webauthors
Page Modified: 03 Feb 2008 18:00 UTC
About Us
Career Opportunities
Glossary
Credits
Disclaimer
Privacy Policy