CDAK48 PAKN 300005
CLIAKN

CLIMATE REPORT
NATIONAL WEATHER SERVICE KING SALMON, AK
405 PM AKDT WED JUN 29 2016
...................................
...THE KING SALMON AP CLIMATE SUMMARY FOR JUNE 29 2016...
VALID TODAY AS OF 2:00 PM LOCAL TIME

CLIMATE NORMAL PERIOD  1981 TO  2010 
CLIMATE RECORD PERIOD  1917 TO  2016 

WEATHER ITEM   OBSERVED TIME    RECORD YEAR NORMAL DEPARTURE LAST 
               VALUE    (LST)   VALUE       VALUE  FROM      YEAR 
                                                   NORMAL 
................................................................... 
TEMPERATURE 
TODAY 
 MAXIMUM            71  0253 PM    81  1997     63       8     68 
 MINIMUM            46  0416 AM    34  1952     45       1     47 
 AVERAGE            59                          54       5     58 

PRECIPITATION 
(INCHES) 
 TODAY            0.00           0.50  1919   0.06   -0.06      T 
 MONTH TO DATE    2.28                        1.59    0.69   0.84 
 SINCE JUN 1      2.28                        1.59    0.69   0.84 
 SINCE JAN 1      9.69                        6.29    3.40   8.08 

SNOWFALL 
(INCHES) 
 TODAY             0.0            0.0  2016    0.0     0.0    0.0 
 MONTH TO DATE     0.0                         0.0     0.0    0.0
 SINCE JUN 1       0.0                         0.0     0.0    0.0
 SINCE JUL 1      38.8                        46.6    -7.8   26.1
 SNOW DEPTH (IN)     0                                          0

DEGREE DAYS 
 HEATING 
  TODAY              6                          11      -5      7 
  MONTH TO DATE    262                         396    -134    241
  SINCE JUN 1      262                         396    -134    241
  SINCE JUL 1     8316                       10865   -2549   8887

 COOLING 
  TODAY              0                           0       0      0 
  MONTH TO DATE      0                           0       0      2 
  SINCE JUN 1        0                           0       0      2 
  SINCE JAN 1        0                           0       0      2 
................................................................... 

WIND (MPH) 
 HIGHEST WIND SPEED    22     HIGHEST WIND DIRECTION    100      
 HIGHEST GUST SPEED    33     HIGHEST GUST DIRECTION    110 
 AVERAGE WIND SPEED    MM 

SKY COVER
  POSSIBLE SUNSHINE  MM            AVERAGE SKY COVER MM
 
WEATHER CONDITIONS 
 THE FOLLOWING WEATHER WAS RECORDED TODAY. 
NO SIGNIFICANT WEATHER WAS OBSERVED. 

RELATIVE HUMIDITY
 HIGHEST RH     MM PERCENT       MM
 LOWEST  RH     MM PERCENT       MM
 AVERAGE RH     MM PERCENT       MM
................................................................... 

THE KING SALMON CLIMATE NORMALS FOR TOMORROW 
                        NORMAL    RECORD   YEAR 
 MAXIMUM TEMPERATURE      63        78     1962 
 MINIMUM TEMPERATURE      46        32     1964 

SUNRISE AND SUNSET 
 JUN 29 2016..........SUNRISE  5:22 AM      SUNSET 11:39 PM    
 JUN 30 2016..........SUNRISE  5:23 AM      SUNSET 11:39 PM    

-  INDICATES NEGATIVE NUMBERS.
R  INDICATES RECORD HAS BEEN SET OR TIED.
MM INDICATES DATA IS MISSING.
T  INDICATES TRACE OF PRECIPITATION.

&&
-------------------------------------------------------------------

AMOUNT OF DAYLIGHT TODAY  (HOUR:MIN)........18 HOURS 17 MINUTES
GAIN/LOSS SINCE YESTERDAY (HOUR:MIN:SEC)....-0:01:20

$$
FS JUN 16


Alaska Region Headquarters
222 West 7th Avenue #23
Anchorage, AK 99513-7575
Voice: 1-907-271-5088
Fax: 1-907-271-3711
Recorded Forecast: 1-800-472-0391
Webmaster Email: ARH Webauthors
Page Modified: 03 Feb 2008 18:00 UTC
About Us
Career Opportunities
Glossary
Credits
Disclaimer
Privacy Policy