CDAK48 PAKN 310919
CLIAKN

CLIMATE REPORT 
NATIONAL WEATHER SERVICE KING SALMON, AK
119 AM AKDT FRI OCT 31 2014
...................................
...THE KING SALMON AP CLIMATE SUMMARY FOR OCTOBER 30 2014... 

CLIMATE NORMAL PERIOD  1981 TO  2010 
CLIMATE RECORD PERIOD  1917  TO  2014 

WEATHER ITEM   OBSERVED TIME    RECORD YEAR NORMAL DEPARTURE LAST 
               VALUE    (LST)   VALUE       VALUE  FROM      YEAR 
                                                   NORMAL 
................................................................... 
TEMPERATURE 
YESTERDAY 
 MAXIMUM            30  0347 PM    53  2002     35      -5     42 
 MINIMUM            10  0357 AM   -10  1961     20     -10     39 
 AVERAGE            20                          27      -7     41 

PRECIPITATION 
(INCHES) 
 YESTERDAY        0.00           0.60  1995   0.06   -0.06   0.05 
 MONTH TO DATE    0.16                        2.03   -1.87   4.52 
 SINCE SEP 1      3.53                        5.22   -1.69   6.60 
 SINCE JAN 1     17.80                       16.82    0.98  20.69 

SNOWFALL 
(INCHES) 
 YESTERDAY         0.0            7.3  1944    0.2    -0.2    0.0 
 MONTH TO DATE     0.5                         2.6    -2.1      T 
 SINCE SEP 1       0.5                         2.7    -2.2    0.0 
 SINCE JUL 1       0.5                         2.7    -2.2      T
 SNOW DEPTH (IN)     0                                          0 

DEGREE DAYS 
 HEATING 
  YESTERDAY         45                          38       7     24 
  MONTH TO DATE    976                         939      37    648 
  SINCE SEP 1     1390                        1462     -72   1182 
  SINCE JUL 1     1864                        2074    -210   1685

 COOLING 
  YESTERDAY          0                           0       0      0 
  MONTH TO DATE      0                           0       0      0 
  SINCE SEP 1        0                           0       0      0 
  SINCE JAN 1        0                           0       0      4 
................................................................... 

WIND (MPH) 
 HIGHEST WIND SPEED    13     HIGHEST WIND DIRECTION     10      
 HIGHEST GUST SPEED    16     HIGHEST GUST DIRECTION     10 
 AVERAGE WIND SPEED   4.3 

SKY COVER
  POSSIBLE SUNSHINE    MM          AVERAGE SKY COVER     MM
 
WEATHER CONDITIONS 
 THE FOLLOWING WEATHER WAS RECORDED YESTERDAY. 
  NO SIGNIFICANT WEATHER WAS OBSERVED. 

RELATIVE HUMIDITY
 HIGHEST RH     MM PERCENT       MM
 LOWEST  RH     MM PERCENT       MM
 AVERAGE RH     MM PERCENT       MM
................................................................... 

THE KING SALMON CLIMATE NORMALS FOR TODAY 
                           NORMAL    RECORD   YEAR 
 MAXIMUM TEMPERATURE (F)     35        55     1936 
 MINIMUM TEMPERATURE (F)     19       -11     1961 

SUNRISE AND SUNSET 
 OCT 31 2014..........SUNRISE  9:42 AM      SUNSET  6:38 PM   
 NOV 1 2014..........SUNRISE  9:45 AM      SUNSET  6:36 PM   

-  INDICATES NEGATIVE NUMBERS.
R  INDICATES RECORD HAS BEEN SET OR TIED.
MM INDICATES DATA IS MISSING.
T  INDICATES TRACE OF PRECIPITATION.

&&
-------------------------------------------------------------------

AMOUNT OF DAYLIGHT TODAY  (HOUR:MIN)........8 HOURS 56 MINUTES
GAIN/LOSS SINCE YESTERDAY (HOUR:MIN:SEC)....-0:04:52

$$
FS OCT 14



Alaska Region Headquarters
222 West 7th Avenue #23
Anchorage, AK 99513-7575
Voice: 1-907-271-5088
Fax: 1-907-271-3711
Recorded Forecast: 1-800-472-0391
Webmaster Email: ARH Webauthors
Page Modified: 03 Feb 2008 18:00 UTC
About Us
Career Opportunities
Glossary
Credits
Disclaimer
Privacy Policy