CDAK48 PAKN 021203
CLIAKN

CLIMATE REPORT 
NATIONAL WEATHER SERVICE KING SALMON, AK
303 AM AKST MON MAR 2 2015
...................................
...THE KING SALMON AP CLIMATE SUMMARY FOR MARCH 1 2015... 

CLIMATE NORMAL PERIOD  1981 TO  2010 
CLIMATE RECORD PERIOD  1917 TO  2015 

WEATHER ITEM   OBSERVED TIME    RECORD YEAR NORMAL DEPARTURE LAST 
               VALUE    (LST)   VALUE       VALUE  FROM      YEAR 
                                                   NORMAL 
................................................................... 
TEMPERATURE 
YESTERDAY 
 MAXIMUM            45  0545 PM    52  2014     30      15     52 
 MINIMUM            20  0815 AM   -34  1992     13       7     20 
 AVERAGE            33                          21      12     36 

PRECIPITATION 
(INCHES) 
 YESTERDAY        0.00           0.46  1930   0.02   -0.02   0.00 
 MONTH TO DATE    0.00                        0.02   -0.02   0.00 
 SINCE MAR 1      0.00                        0.02   -0.02   0.00 
 SINCE JAN 1      0.79                        1.80   -1.01   1.81 

SNOWFALL 
(INCHES) 
 YESTERDAY         0.0            2.2  2010    0.2    -0.2    0.0 
 MONTH TO DATE     0.0                         0.2    -0.2    0.0 
 SINCE MAR 1       0.0                         0.2    -0.2    0.0 
 SINCE JUL 1      13.7                        35.7   -22.0   26.7
 SNOW DEPTH (IN)     0                                          0 

DEGREE DAYS 
 HEATING 
  YESTERDAY         32                          44     -12     29 
  MONTH TO DATE     32                          44     -12     29 
  SINCE MAR 1       32                          44     -12     29 
  SINCE JUL 1     6229                        7662   -1433   6389

 COOLING 
  YESTERDAY          0                           0       0      0 
  MONTH TO DATE      0                           0       0      0 
  SINCE MAR 1        0                           0       0      0 
  SINCE JAN 1        0                           0       0      0 
................................................................... 

WIND (MPH) 
 HIGHEST WIND SPEED    10     HIGHEST WIND DIRECTION     20      
 HIGHEST GUST SPEED    14     HIGHEST GUST DIRECTION    360 
 AVERAGE WIND SPEED   5.4 

SKY COVER
  POSSIBLE SUNSHINE    MM          AVERAGE SKY COVER     MM
 
WEATHER CONDITIONS 
 THE FOLLOWING WEATHER WAS RECORDED YESTERDAY. 
  FOG
 

RELATIVE HUMIDITY
 HIGHEST RH     MM PERCENT       MM
 LOWEST  RH     MM PERCENT       MM
 AVERAGE RH     MM PERCENT       MM
................................................................... 

THE KING SALMON CLIMATE NORMALS FOR TODAY 
                           NORMAL    RECORD   YEAR 
 MAXIMUM TEMPERATURE (F)     30        51     2003 
 MINIMUM TEMPERATURE (F)     13       -25     1994 

SUNRISE AND SUNSET 
 MAR 2 2015..........SUNRISE  8:20 AM      SUNSET  6:59 PM   
 MAR 3 2015..........SUNRISE  8:17 AM      SUNSET  7:02 PM   

-  INDICATES NEGATIVE NUMBERS.
R  INDICATES RECORD HAS BEEN SET OR TIED.
MM INDICATES DATA IS MISSING.
T  INDICATES TRACE OF PRECIPITATION.

&&
-------------------------------------------------------------------

AMOUNT OF DAYLIGHT TODAY  (HOUR:MIN)........10 HOURS 39 MINUTES
GAIN SINCE YESTERDAY (HOUR:MIN:SEC).........+0:05:10

$$
AM MAR 15


Alaska Region Headquarters
222 West 7th Avenue #23
Anchorage, AK 99513-7575
Voice: 1-907-271-5088
Fax: 1-907-271-3711
Recorded Forecast: 1-800-472-0391
Webmaster Email: ARH Webauthors
Page Modified: 03 Feb 2008 18:00 UTC
About Us
Career Opportunities
Glossary
Credits
Disclaimer
Privacy Policy