CDAK48 PAKN 162240
CLIAKN

CLIMATE REPORT
NATIONAL WEATHER SERVICE KING SALMON, AK
240 PM AKDT WED APR 16 2014
...................................
...THE KING SALMON AP CLIMATE SUMMARY FOR APRIL 16 2014...
VALID TODAY AS OF 2:00 PM LOCAL TIME

CLIMATE NORMAL PERIOD  1981 TO  2010 
CLIMATE RECORD PERIOD  1949 TO  2014 

WEATHER ITEM   OBSERVED TIME    RECORD YEAR NORMAL DEPARTURE LAST 
               VALUE    (LST)   VALUE       VALUE  FROM      YEAR 
                                                   NORMAL 
................................................................... 
TEMPERATURE 
TODAY 
 MAXIMUM            48  0129 PM    53  1996     43       5     39 
 MINIMUM            28  0140 AM     2  1963     25       3     19 
 AVERAGE            38                          34       4     29 

PRECIPITATION 
(INCHES) 
 TODAY            0.00           0.62  2006   0.03   -0.03   0.00 
 MONTH TO DATE    0.29                        0.48   -0.19   0.06 
 SINCE MAR 1      1.05                        1.18   -0.13   1.56 
 SINCE JAN 1      2.86                        2.96   -0.10   5.89 

SNOWFALL 
(INCHES) 
 TODAY             0.0            6.5  2006    0.1    -0.1    0.0 
 MONTH TO DATE     0.5                         2.6    -2.1    0.8
 SINCE MAR 1       9.3                         9.0     0.3   12.1
 SINCE JUL 1      36.0                        44.5    -8.5   74.5
 SNOW DEPTH (IN)     0                                          0

DEGREE DAYS 
 HEATING 
  TODAY             27                          31      -4     36 
  MONTH TO DATE    485                         545     -60    684
  SINCE MAR 1     1734                        1810     -76   2032
  SINCE JUL 1     8089                        9428   -1339   9897

 COOLING 
  TODAY              0                           0       0      0 
  MONTH TO DATE      0                           0       0      0 
  SINCE MAR 1        0                           0       0      0 
  SINCE JAN 1        0                           0       0      0 
................................................................... 

WIND (MPH) 
 HIGHEST WIND SPEED    12     HIGHEST WIND DIRECTION     60      
 HIGHEST GUST SPEED    15     HIGHEST GUST DIRECTION     70 

 
WEATHER CONDITIONS 
 THE FOLLOWING WEATHER WAS RECORDED TODAY. 
NO SIGNIFICANT WEATHER WAS OBSERVED. 
................................................................... 

THE KING SALMON CLIMATE NORMALS FOR TOMORROW 
                        NORMAL    RECORD   YEAR 
 MAXIMUM TEMPERATURE      43        55     1965 
 MINIMUM TEMPERATURE      26         2     1963 

SUNRISE AND SUNSET 
 APR 16 2014..........SUNRISE  7:11 AM      SUNSET  9:44 PM    
 APR 17 2014..........SUNRISE  7:08 AM      SUNSET  9:47 PM    

-  INDICATES NEGATIVE NUMBERS.
R  INDICATES RECORD HAS BEEN SET OR TIED.
MM INDICATES DATA IS MISSING.
T  INDICATES TRACE OF PRECIPITATION.

&&
-------------------------------------------------------------------

AMOUNT OF DAYLIGHT TODAY  (HOUR:MIN)........14 HOURS 33 MINUTES
GAIN SINCE YESTERDAY (HOUR:MIN:SEC)....+0:05:05

$$
KH APR 14


Alaska Region Headquarters
222 West 7th Avenue #23
Anchorage, AK 99513-7575
Voice: 1-907-271-5088
Fax: 1-907-271-3711
Recorded Forecast: 1-800-472-0391
Webmaster Email: ARH Webauthors
Page Modified: 03 Feb 2008 18:00 UTC
About Us
Career Opportunities
Glossary
Credits
Disclaimer
Privacy Policy