CDAK48 PAKN 281107
CLIAKN

CLIMATE REPORT 
NATIONAL WEATHER SERVICE KING SALMON, AK
308 AM AKDT FRI AUG 28 2015
...................................
...THE KING SALMON AP CLIMATE SUMMARY FOR AUGUST 27 2015... 

CLIMATE NORMAL PERIOD  1981 TO  2010 
CLIMATE RECORD PERIOD  1917 TO  2015 

WEATHER ITEM   OBSERVED TIME    RECORD YEAR NORMAL DEPARTURE LAST 
               VALUE    (LST)   VALUE       VALUE  FROM      YEAR 
                                                   NORMAL 
................................................................... 
TEMPERATURE 
YESTERDAY 
 MAXIMUM            64  0306 PM    76  1987     61       3     56 
 MINIMUM            48  1159 PM    33  1984     46       2     44 
 AVERAGE            56                          53       3     50 

PRECIPITATION 
(INCHES) 
 YESTERDAY        0.00           1.09  1995   0.11   -0.11   0.36 
 MONTH TO DATE    1.42                        2.55   -1.13   3.49 
 SINCE JUN 1      5.37                        6.50   -1.13   9.12 
 SINCE JAN 1     12.61                       11.20    1.41  14.25 

SNOWFALL 
(INCHES) 
 YESTERDAY         0.0            0.0  2015    0.0     0.0    0.0 
 MONTH TO DATE     0.0                         0.0     0.0    0.0 
 SINCE JUN 1       0.0                         0.0     0.0    0.0 
 SINCE JUL 1       0.0                         0.0     0.0    0.0
 SNOW DEPTH (IN)     0                                          0 

DEGREE DAYS 
 HEATING 
  YESTERDAY          9                          12      -3     15 
  MONTH TO DATE    221                         274     -53    177 
  SINCE JUN 1      700                         971    -271    846 
  SINCE JUL 1      451                         564    -113    415

 COOLING 
  YESTERDAY          0                           0       0      0 
  MONTH TO DATE      0                           0       0      0 
  SINCE JUN 1        2                           0       2      0 
  SINCE JAN 1        2                           0       2      0 
................................................................... 

WIND (MPH) 
 HIGHEST WIND SPEED    25     HIGHEST WIND DIRECTION    270      
 HIGHEST GUST SPEED    34     HIGHEST GUST DIRECTION    250 
 AVERAGE WIND SPEED  16.0 

SKY COVER
  POSSIBLE SUNSHINE    MM          AVERAGE SKY COVER     MM
 
WEATHER CONDITIONS 
 THE FOLLOWING WEATHER WAS RECORDED YESTERDAY. 
  NO SIGNIFICANT WEATHER WAS OBSERVED. 

RELATIVE HUMIDITY
 HIGHEST RH     MM PERCENT       MM
 LOWEST  RH     MM PERCENT       MM
 AVERAGE RH     MM PERCENT       MM
................................................................... 

THE KING SALMON CLIMATE NORMALS FOR TODAY 
                           NORMAL    RECORD   YEAR 
 MAXIMUM TEMPERATURE (F)     61        78     1962 
 MINIMUM TEMPERATURE (F)     45        31     1960 

SUNRISE AND SUNSET 
 AUG 28 2015..........SUNRISE  7:17 AM      SUNSET  9:39 PM   
 AUG 29 2015..........SUNRISE  7:19 AM      SUNSET  9:36 PM   

-  INDICATES NEGATIVE NUMBERS.
R  INDICATES RECORD HAS BEEN SET OR TIED.
MM INDICATES DATA IS MISSING.
T  INDICATES TRACE OF PRECIPITATION.

&&
-------------------------------------------------------------------

AMOUNT OF DAYLIGHT TODAY  (HOUR:MIN)........14 HOURS 22 MINUTES
LOSS SINCE YESTERDAY (HOUR:MIN:SEC).........-0:05:02

$$
AM AUG 15


Alaska Region Headquarters
222 West 7th Avenue #23
Anchorage, AK 99513-7575
Voice: 1-907-271-5088
Fax: 1-907-271-3711
Recorded Forecast: 1-800-472-0391
Webmaster Email: ARH Webauthors
Page Modified: 03 Feb 2008 18:00 UTC
About Us
Career Opportunities
Glossary
Credits
Disclaimer
Privacy Policy