CDAK48 PAKN 030940
CLIAKN

CLIMATE REPORT 
NATIONAL WEATHER SERVICE KING SALMON, AK
140 AM AKDT TUE MAY 3 2016
...................................
...THE KING SALMON AP CLIMATE SUMMARY FOR MAY 2 2016... 

CLIMATE NORMAL PERIOD  1981 TO  2010 
CLIMATE RECORD PERIOD  1917 TO  2016 

WEATHER ITEM   OBSERVED TIME    RECORD YEAR NORMAL DEPARTURE LAST 
               VALUE    (LST)   VALUE       VALUE  FROM      YEAR 
                                                   NORMAL 
................................................................... 
TEMPERATURE 
YESTERDAY 
 MAXIMUM            54  0258 PM    80  1953     49       5     53 
 MINIMUM            37  1151 PM     7  1949     31       6     31 
 AVERAGE            46                          40       6     42 

PRECIPITATION 
(INCHES) 
 YESTERDAY        0.17           0.49  1988   0.04    0.13   0.09 
 MONTH TO DATE    0.31                        0.07    0.24   0.09 
 SINCE MAR 1      3.11                        1.74    1.37   3.22 
 SINCE JAN 1      4.55                        3.52    1.03   4.01 

SNOWFALL 
(INCHES) 
 YESTERDAY         0.0            1.3  2008    0.0     0.0    0.0 
 MONTH TO DATE     0.0                         0.1    -0.1    0.0 
 SINCE MAR 1       4.2                        10.4    -6.2   12.4 
 SINCE JUL 1      38.8                        45.9    -7.1   26.1
 SNOW DEPTH (IN)     0                                          0 

DEGREE DAYS 
 HEATING 
  YESTERDAY         19                          25      -6     23 
  MONTH TO DATE     38                          50     -12     45 
  SINCE MAR 1     1670                        2255    -585   1970 
  SINCE JUL 1     7604                        9873   -2269   8168

 COOLING 
  YESTERDAY          0                           0       0      0 
  MONTH TO DATE      0                           0       0      0 
  SINCE MAR 1        0                           0       0      0 
  SINCE JAN 1        0                           0       0      0 
................................................................... 

WIND (MPH) 
 HIGHEST WIND SPEED    15     HIGHEST WIND DIRECTION    210      
 HIGHEST GUST SPEED    20     HIGHEST GUST DIRECTION    210 
 AVERAGE WIND SPEED   7.1 

SKY COVER
  POSSIBLE SUNSHINE    MM          AVERAGE SKY COVER     MM
 
WEATHER CONDITIONS 
 THE FOLLOWING WEATHER WAS RECORDED YESTERDAY. 
  RAIN
 

RELATIVE HUMIDITY
 HIGHEST RH     MM PERCENT       MM
 LOWEST  RH     MM PERCENT       MM
 AVERAGE RH     MM PERCENT       MM
................................................................... 

THE KING SALMON CLIMATE NORMALS FOR TODAY 
                           NORMAL    RECORD   YEAR 
 MAXIMUM TEMPERATURE (F)     50        73     2009 
 MINIMUM TEMPERATURE (F)     31         5     1949 

SUNRISE AND SUNSET 
 MAY 3 2016..........SUNRISE  6:25 AM      SUNSET 10:25 PM   
 MAY 4 2016..........SUNRISE  6:22 AM      SUNSET 10:27 PM   

-  INDICATES NEGATIVE NUMBERS.
R  INDICATES RECORD HAS BEEN SET OR TIED.
MM INDICATES DATA IS MISSING.
T  INDICATES TRACE OF PRECIPITATION.

&&
-------------------------------------------------------------------

AMOUNT OF DAYLIGHT TODAY  (HOUR:MIN)........16 HOURS 0 MINUTES
GAIN/LOSS SINCE YESTERDAY (HOUR:MIN:SEC)....+0:04:47

$$
DJH MAY 16


Alaska Region Headquarters
222 West 7th Avenue #23
Anchorage, AK 99513-7575
Voice: 1-907-271-5088
Fax: 1-907-271-3711
Recorded Forecast: 1-800-472-0391
Webmaster Email: ARH Webauthors
Page Modified: 03 Feb 2008 18:00 UTC
About Us
Career Opportunities
Glossary
Credits
Disclaimer
Privacy Policy