CDAK48 PADQ 180921
CLIADQ

CLIMATE REPORT 
NATIONAL WEATHER SERVICE KODIAK, AK
122 AM AKDT FRI APR 18 2014
...................................
...THE KODIAK AP CLIMATE SUMMARY FOR APRIL 17 2014... 

CLIMATE NORMAL PERIOD  1981 TO  2010 
CLIMATE RECORD PERIOD  1949 TO  2014 

WEATHER ITEM   OBSERVED TIME    RECORD YEAR NORMAL DEPARTURE LAST 
               VALUE    (LST)   VALUE       VALUE  FROM      YEAR 
                                                   NORMAL 
................................................................... 
TEMPERATURE 
YESTERDAY 
 MAXIMUM            43  0137 PM    61  1965     43       0     42 
 MINIMUM            37  1159 PM    17  1977     33       4     22 
 AVERAGE            40                          38       2     32 

PRECIPITATION 
(INCHES) 
 YESTERDAY        0.14           0.80  1993   0.20   -0.06   0.00 
 MONTH TO DATE    4.28                        3.36    0.92   0.14 
 SINCE MAR 1      8.24                        8.89   -0.65   4.61 
 SINCE JAN 1     29.49                       23.32    6.17  20.79 

SNOWFALL 
(INCHES) 
 YESTERDAY         0.0            3.0  1956    0.3    -0.3    0.0 
 MONTH TO DATE     0.7                         6.1    -5.4    0.1 
 SINCE MAR 1      12.2                        17.4    -5.2   11.8 
 SINCE JUL 1      43.2                        66.8   -23.6   60.2
 SNOW DEPTH (IN)     0                                          0 

DEGREE DAYS 
 HEATING 
  YESTERDAY         25                          27      -2     33 
  MONTH TO DATE    469                         491     -22    582 
  SINCE MAR 1     1439                        1489     -50   1600 
  SINCE JUL 1     6725                        7362    -637   7521

 COOLING 
  YESTERDAY          0                           0       0      0 
  MONTH TO DATE      0                           0       0      0 
  SINCE MAR 1        0                           0       0      0 
  SINCE JAN 1        0                           0       0      0 
................................................................... 

WIND (MPH) 
 HIGHEST WIND SPEED    14     HIGHEST WIND DIRECTION    300      
 HIGHEST GUST SPEED    17     HIGHEST GUST DIRECTION    290 
 AVERAGE WIND SPEED   6.8 

SKY COVER
  POSSIBLE SUNSHINE    MM          AVERAGE SKY COVER     MM
 
WEATHER CONDITIONS 
 THE FOLLOWING WEATHER WAS RECORDED YESTERDAY. 
  FOG
RAIN
 

RELATIVE HUMIDITY
 HIGHEST RH     MM PERCENT       MM
 LOWEST  RH     MM PERCENT       MM
 AVERAGE RH     MM PERCENT       MM
................................................................... 

THE KODIAK CLIMATE NORMALS FOR TODAY 
                           NORMAL    RECORD   YEAR 
 MAXIMUM TEMPERATURE (F)     43        64     1965 
 MINIMUM TEMPERATURE (F)     33        20     1982 

SUNRISE AND SUNSET 
 APR 18 2014..........SUNRISE  6:52 AM      SUNSET  9:29 PM   
 APR 19 2014..........SUNRISE  6:49 AM      SUNSET  9:32 PM   

-  INDICATES NEGATIVE NUMBERS.
R  INDICATES RECORD HAS BEEN SET OR TIED.
MM INDICATES DATA IS MISSING.
T  INDICATES TRACE OF PRECIPITATION.

&&
-------------------------------------------------------------------

AMOUNT OF DAYLIGHT TODAY  (HOUR:MIN)........14 HOURS 37 MINUTES
GAIN/LOSS SINCE YESTERDAY (HOUR:MIN:SEC)....+0:04:52

$$
*** APR 14


Alaska Region Headquarters
222 West 7th Avenue #23
Anchorage, AK 99513-7575
Voice: 1-907-271-5088
Fax: 1-907-271-3711
Recorded Forecast: 1-800-472-0391
Webmaster Email: ARH Webauthors
Page Modified: 03 Feb 2008 18:00 UTC
About Us
Career Opportunities
Glossary
Credits
Disclaimer
Privacy Policy