CDAK48 PADQ 011205
CLIADQ

CLIMATE REPORT 
NATIONAL WEATHER SERVICE KODIAK, AK
405 AM AKDT SAT NOV 1 2014
...................................
...THE KODIAK AP CLIMATE SUMMARY FOR OCTOBER 31 2014... 

CLIMATE NORMAL PERIOD  1981 TO  2010 
CLIMATE RECORD PERIOD  1949 TO  2014 

WEATHER ITEM   OBSERVED TIME    RECORD YEAR NORMAL DEPARTURE LAST 
               VALUE    (LST)   VALUE       VALUE  FROM      YEAR 
                                                   NORMAL 
................................................................... 
TEMPERATURE 
YESTERDAY 
 MAXIMUM            36  0956 PM    50  2003     42      -6     48 
 MINIMUM            25  0348 AM    10  1975     31      -6     35 
 AVERAGE            31                          37      -6     42 

PRECIPITATION 
(INCHES) 
 YESTERDAY        0.16           7.44  1991   0.25   -0.09   0.00 
 MONTH TO DATE    5.90                        8.26   -2.36   9.96 
 SINCE SEP 1     13.42                       15.61   -2.19  17.50 
 SINCE JAN 1     62.65                       62.40    0.25  57.41 

SNOWFALL 
(INCHES) 
 YESTERDAY         0.5            0.5  2014    0.1     0.4    0.0 
 MONTH TO DATE     0.7                         1.1    -0.4    0.0 
 SINCE SEP 1       0.7                         1.1    -0.4    0.0 
 SINCE JUL 1       0.7                         1.1    -0.4    0.0
 SNOW DEPTH (IN)     0                                          0 

DEGREE DAYS 
 HEATING 
  YESTERDAY         34                          28       6     23 
  MONTH TO DATE    778                         760      18    629 
  SINCE SEP 1     1148                        1228     -80   1069 
  SINCE JUL 1     1649                        1858    -209   1548

 COOLING 
  YESTERDAY          0                           0       0      0 
  MONTH TO DATE      0                           0       0      0 
  SINCE SEP 1        0                           0       0      0 
  SINCE JAN 1        4                           0       4      6 
................................................................... 

WIND (MPH) 
 HIGHEST WIND SPEED    10     HIGHEST WIND DIRECTION    200      
 HIGHEST GUST SPEED    15     HIGHEST GUST DIRECTION    320 
 AVERAGE WIND SPEED   3.7 

SKY COVER
  POSSIBLE SUNSHINE    MM          AVERAGE SKY COVER     MM
 
WEATHER CONDITIONS 
 THE FOLLOWING WEATHER WAS RECORDED YESTERDAY. 
  FOG
RAIN
SNOW
 

RELATIVE HUMIDITY
 HIGHEST RH     MM PERCENT       MM
 LOWEST  RH     MM PERCENT       MM
 AVERAGE RH     MM PERCENT       MM
................................................................... 

THE KODIAK CLIMATE NORMALS FOR TODAY 
                           NORMAL    RECORD   YEAR 
 MAXIMUM TEMPERATURE (F)     42        52     2003 
 MINIMUM TEMPERATURE (F)     31        10     1975 

SUNRISE AND SUNSET 
 NOV 1 2014..........SUNRISE  9:24 AM      SUNSET  6:23 PM   
 NOV 2 2014..........SUNRISE  8:27 AM      SUNSET  5:21 PM   

-  INDICATES NEGATIVE NUMBERS.
R  INDICATES RECORD HAS BEEN SET OR TIED.
MM INDICATES DATA IS MISSING.
T  INDICATES TRACE OF PRECIPITATION.

&&
-------------------------------------------------------------------

AMOUNT OF DAYLIGHT TODAY  (HOUR:MIN)........8 HOURS 59 MINUTES
GAIN/LOSS SINCE YESTERDAY (HOUR:MIN:SEC)....-0:04:39

$$
*** NOV 14



Alaska Region Headquarters
222 West 7th Avenue #23
Anchorage, AK 99513-7575
Voice: 1-907-271-5088
Fax: 1-907-271-3711
Recorded Forecast: 1-800-472-0391
Webmaster Email: ARH Webauthors
Page Modified: 03 Feb 2008 18:00 UTC
About Us
Career Opportunities
Glossary
Credits
Disclaimer
Privacy Policy