CDAK48 PADQ 271113
CLIADQ

CLIMATE REPORT 
NATIONAL WEATHER SERVICE KODIAK, AK
313 AM AKDT FRI MAY 27 2016
...................................
...THE KODIAK AP CLIMATE SUMMARY FOR MAY 26 2016... 

CLIMATE NORMAL PERIOD  1981 TO  2010 
CLIMATE RECORD PERIOD  1913 TO  2016 

WEATHER ITEM   OBSERVED TIME    RECORD YEAR NORMAL DEPARTURE LAST 
               VALUE    (LST)   VALUE       VALUE  FROM      YEAR 
                                                   NORMAL 
................................................................... 
TEMPERATURE 
YESTERDAY 
 MAXIMUM            56  0837 PM    74  2006     52       4     56 
 MINIMUM            39  0418 AM    34  1984     41      -2     43 
 AVERAGE            48                          46       2     50 

PRECIPITATION 
(INCHES) 
 YESTERDAY        0.00           1.24  1982   0.19   -0.19      T 
 MONTH TO DATE    2.63                        4.61   -1.98   6.03 
 SINCE MAR 1     18.87                       15.95    2.92  20.20 
 SINCE JAN 1     42.16                       30.38   11.78  39.12 

SNOWFALL 
(INCHES) 
 YESTERDAY         0.0              T  2013    0.0     0.0    0.0 
 MONTH TO DATE     0.0                         0.2    -0.2    0.0 
 SINCE MAR 1       3.6                        19.5   -15.9    4.7 
 SINCE JUL 1        MM                        68.9      MM   20.1
 SNOW DEPTH (IN)     0                                          0 

DEGREE DAYS 
 HEATING 
  YESTERDAY         17                          19      -2     15 
  MONTH TO DATE    440                         550    -110    492 
  SINCE MAR 1     1907                        2369    -462   2141 
  SINCE JUL 1     6844                        8242   -1398   7059

 COOLING 
  YESTERDAY          0                           0       0      0 
  MONTH TO DATE      0                           0       0      0 
  SINCE MAR 1        0                           0       0      0 
  SINCE JAN 1        0                           0       0      0 
................................................................... 

WIND (MPH) 
 HIGHEST WIND SPEED     8     HIGHEST WIND DIRECTION     40      
 HIGHEST GUST SPEED    15     HIGHEST GUST DIRECTION     20 
 AVERAGE WIND SPEED   4.7 

SKY COVER
  POSSIBLE SUNSHINE    MM          AVERAGE SKY COVER     MM
 
WEATHER CONDITIONS 
 THE FOLLOWING WEATHER WAS RECORDED YESTERDAY. 
  SMOKE OR HAZE
 

RELATIVE HUMIDITY
 HIGHEST RH     MM PERCENT       MM
 LOWEST  RH     MM PERCENT       MM
 AVERAGE RH     MM PERCENT       MM
................................................................... 

THE KODIAK CLIMATE NORMALS FOR TODAY 
                           NORMAL    RECORD   YEAR 
 MAXIMUM TEMPERATURE (F)     52        75     2006 
 MINIMUM TEMPERATURE (F)     41        29     1914 

SUNRISE AND SUNSET 
 MAY 27 2016..........SUNRISE  5:25 AM      SUNSET 10:51 PM   
 MAY 28 2016..........SUNRISE  5:24 AM      SUNSET 10:53 PM   

-  INDICATES NEGATIVE NUMBERS.
R  INDICATES RECORD HAS BEEN SET OR TIED.
MM INDICATES DATA IS MISSING.
T  INDICATES TRACE OF PRECIPITATION.

&&
-------------------------------------------------------------------

AMOUNT OF DAYLIGHT TODAY  (HOUR:MIN)........17 HOURS 26 MINUTES
GAIN/LOSS SINCE YESTERDAY (HOUR:MIN:SEC)....+0:03:10

$$
LRM MAY 16



Alaska Region Headquarters
222 West 7th Avenue #23
Anchorage, AK 99513-7575
Voice: 1-907-271-5088
Fax: 1-907-271-3711
Recorded Forecast: 1-800-472-0391
Webmaster Email: ARH Webauthors
Page Modified: 03 Feb 2008 18:00 UTC
About Us
Career Opportunities
Glossary
Credits
Disclaimer
Privacy Policy