CDAK48 PADQ 011141
CLIADQ

CLIMATE REPORT 
NATIONAL WEATHER SERVICE KODIAK, AK
341 AM AKDT MON SEP 1 2014
...................................
...THE KODIAK AP CLIMATE SUMMARY FOR AUGUST 31 2014... 

CLIMATE NORMAL PERIOD  1981 TO  2010 
CLIMATE RECORD PERIOD  1949 TO  2014 

WEATHER ITEM   OBSERVED TIME    RECORD YEAR NORMAL DEPARTURE LAST 
               VALUE    (LST)   VALUE       VALUE  FROM      YEAR 
                                                   NORMAL 
................................................................... 
TEMPERATURE 
YESTERDAY 
 MAXIMUM            63  0515 PM    71  1990     60       3     61 
 MINIMUM            45  1147 PM    38  1994     47      -2     51 
 AVERAGE            54                          54       0     56 

PRECIPITATION 
(INCHES) 
 YESTERDAY        0.00           2.38  1998   0.18   -0.18      T 
 MONTH TO DATE    6.90                        4.56    2.34   9.30 
 SINCE JUN 1     15.70                       15.40    0.30  14.47 
 SINCE JAN 1     49.23                       46.79    2.44  39.91 

SNOWFALL 
(INCHES) 
 YESTERDAY         0.0            0.0  2014    0.0     0.0    0.0 
 MONTH TO DATE     0.0                         0.0     0.0    0.0 
 SINCE JUN 1       0.0                         0.0     0.0    0.0 
 SINCE JUL 1       0.0                         0.0     0.0    0.0
 SNOW DEPTH (IN)     0                                          0 

DEGREE DAYS 
 HEATING 
  YESTERDAY         11                          12      -1      9 
  MONTH TO DATE    261                         304     -43    268 
  SINCE JUN 1      923                        1091    -168    810 
  SINCE JUL 1      501                         630    -129    479

 COOLING 
  YESTERDAY          0                           0       0      0 
  MONTH TO DATE      0                           0       0      0 
  SINCE JUN 1        0                           0       0      6 
  SINCE JAN 1        4                           0       4      6 
................................................................... 

WIND (MPH) 
 HIGHEST WIND SPEED    15     HIGHEST WIND DIRECTION    290      
 HIGHEST GUST SPEED    20     HIGHEST GUST DIRECTION    330 
 AVERAGE WIND SPEED   7.3 

SKY COVER
  POSSIBLE SUNSHINE    MM          AVERAGE SKY COVER     MM
 
WEATHER CONDITIONS 
 THE FOLLOWING WEATHER WAS RECORDED YESTERDAY. 
  NO SIGNIFICANT WEATHER WAS OBSERVED. 

RELATIVE HUMIDITY
 HIGHEST RH     MM PERCENT       MM
 LOWEST  RH     MM PERCENT       MM
 AVERAGE RH     MM PERCENT       MM
................................................................... 

THE KODIAK CLIMATE NORMALS FOR TODAY 
                           NORMAL    RECORD   YEAR 
 MAXIMUM TEMPERATURE (F)     60        67     2013 
 MINIMUM TEMPERATURE (F)     47        37     1988 

SUNRISE AND SUNSET 
 SEP 1 2014..........SUNRISE  7:11 AM      SUNSET  9:08 PM   
 SEP 2 2014..........SUNRISE  7:14 AM      SUNSET  9:05 PM   

-  INDICATES NEGATIVE NUMBERS.
R  INDICATES RECORD HAS BEEN SET OR TIED.
MM INDICATES DATA IS MISSING.
T  INDICATES TRACE OF PRECIPITATION.

&&
-------------------------------------------------------------------

AMOUNT OF DAYLIGHT TODAY  (HOUR:MIN)........13 HOURS 57 MINUTES
GAIN/LOSS SINCE YESTERDAY (HOUR:MIN:SEC)....-0:04:52

$$
*** SEP 14


Alaska Region Headquarters
222 West 7th Avenue #23
Anchorage, AK 99513-7575
Voice: 1-907-271-5088
Fax: 1-907-271-3711
Recorded Forecast: 1-800-472-0391
Webmaster Email: ARH Webauthors
Page Modified: 03 Feb 2008 18:00 UTC
About Us
Career Opportunities
Glossary
Credits
Disclaimer
Privacy Policy