CDAK48 PADQ 282248
CLIADQ

CLIMATE REPORT
NATIONAL WEATHER SERVICE KODIAK, AK
248 PM AKDT MON JUL 28 2014


...THE KODIAK AP CLIMATE SUMMARY FOR JULY 28 2014...
VALID TODAY AS OF 2:00 PM LOCAL TIME

CLIMATE NORMAL PERIOD  1981 TO  2010 
CLIMATE RECORD PERIOD  1949 TO  2014 

WEATHER ITEM   OBSERVED TIME    RECORD YEAR NORMAL DEPARTURE LAST 
               VALUE    (LST)   VALUE       VALUE  FROM      YEAR 
                                                   NORMAL 
................................................................... 
TEMPERATURE 
TODAY 
 MAXIMUM            62  0133 PM    75  1987     61       1     66 
 MINIMUM            46  0613 AM    40  1971     50      -4     51 
 AVERAGE            54                          56      -2     59 

PRECIPITATION 
(INCHES) 
 TODAY            0.00           1.47  2009   0.14   -0.14   0.00 
 MONTH TO DATE    2.22                        4.49   -2.27   1.06 
 SINCE JUN 1      8.44                       10.40   -1.96   5.17 
 SINCE JAN 1     41.97                       41.79    0.18  30.61 

SNOWFALL 
(INCHES) 
 TODAY             0.0            0.0  2014    0.0     0.0    0.0 
 MONTH TO DATE     0.0                         0.0     0.0    0.0
 SINCE JUN 1       0.0                         0.0     0.0    0.0
 SINCE JUL 1       0.0                         0.0     0.0    0.0
 SNOW DEPTH (IN)     0                                          0

DEGREE DAYS 
 HEATING 
  TODAY             11                           9       2      6 
  MONTH TO DATE    222                         299     -77    196
  SINCE JUN 1      644                         760    -116    527
  SINCE JUL 1      222                         299     -77    196

 COOLING 
  TODAY              0                           0       0      0 
  MONTH TO DATE      0                           0       0      3 
  SINCE JUN 1        0                           0       0      6 
  SINCE JAN 1        4                           0       4      6 
................................................................... 

WIND (MPH) 
 HIGHEST WIND SPEED    10     HIGHEST WIND DIRECTION    280      
 HIGHEST GUST SPEED    18     HIGHEST GUST DIRECTION    310 
 AVERAGE WIND SPEED    MM 

WEATHER CONDITIONS 
NO SIGNIFICANT WEATHER WAS OBSERVED TODAY. 
................................................................... 

THE KODIAK CLIMATE NORMALS FOR TOMORROW 
                        NORMAL    RECORD   YEAR 
 MAXIMUM TEMPERATURE      61        74     1999 
 MINIMUM TEMPERATURE      50        43     1978 

SUNRISE AND SUNSET 
 JUL 28 2014..........SUNRISE  5:57 AM      SUNSET 10:35 PM    
 JUL 29 2014..........SUNRISE  6:00 AM      SUNSET 10:33 PM    

-  INDICATES NEGATIVE NUMBERS.
R  INDICATES RECORD HAS BEEN SET OR TIED.
MM INDICATES DATA IS MISSING.
T  INDICATES TRACE OF PRECIPITATION.

&&
-------------------------------------------------------------------

AMOUNT OF DAYLIGHT TODAY  (HOUR:MIN)........16 HOURS 38 MINUTES
GAIN/LOSS SINCE YESTERDAY (HOUR:MIN:SEC)....-0:04:02

$$
COURTNEY JUL 14


Alaska Region Headquarters
222 West 7th Avenue #23
Anchorage, AK 99513-7575
Voice: 1-907-271-5088
Fax: 1-907-271-3711
Recorded Forecast: 1-800-472-0391
Webmaster Email: ARH Webauthors
Page Modified: 03 Feb 2008 18:00 UTC
About Us
Career Opportunities
Glossary
Credits
Disclaimer
Privacy Policy