CDAK48 PADQ 221139
CLIADQ

CLIMATE REPORT 
NATIONAL WEATHER SERVICE KODIAK, AK
339 AM AKDT TUE JUL 22 2014
...................................
...THE KODIAK AP CLIMATE SUMMARY FOR JULY 21 2014... 

CLIMATE NORMAL PERIOD  1981 TO  2010 
CLIMATE RECORD PERIOD  1949 TO  2014 

WEATHER ITEM   OBSERVED TIME    RECORD YEAR NORMAL DEPARTURE LAST 
               VALUE    (LST)   VALUE       VALUE  FROM      YEAR 
                                                   NORMAL 
................................................................... 
TEMPERATURE 
YESTERDAY 
 MAXIMUM            73  0339 PM    80  1955     61      12     74 
 MINIMUM            52  0516 AM    43  1991     50       2     53 
 AVERAGE            63                          55       8     64 

PRECIPITATION 
(INCHES) 
 YESTERDAY        0.00           2.46  1950   0.17   -0.17   0.00 
 MONTH TO DATE    2.11                        3.43   -1.32   1.04 
 SINCE JUN 1      8.33                        9.34   -1.01   5.15 
 SINCE JAN 1     41.86                       40.73    1.13  30.59 

SNOWFALL 
(INCHES) 
 YESTERDAY         0.0            0.0  2014    0.0     0.0    0.0 
 MONTH TO DATE     0.0                         0.0     0.0    0.0 
 SINCE JUN 1       0.0                         0.0     0.0    0.0 
 SINCE JUL 1       0.0                         0.0     0.0    0.0
 SNOW DEPTH (IN)     0                                          0 

DEGREE DAYS 
 HEATING 
  YESTERDAY          2                          10      -8      1 
  MONTH TO DATE    159                         232     -73    169 
  SINCE JUN 1      581                         693    -112    500 
  SINCE JUL 1      159                         232     -73    169

 COOLING 
  YESTERDAY          0                           0       0      0 
  MONTH TO DATE      0                           0       0      2 
  SINCE JUN 1        0                           0       0      5 
  SINCE JAN 1        4                           0       4      5 
................................................................... 

WIND (MPH) 
 HIGHEST WIND SPEED    17     HIGHEST WIND DIRECTION    300      
 HIGHEST GUST SPEED    21     HIGHEST GUST DIRECTION    300 
 AVERAGE WIND SPEED   8.4 

SKY COVER
  POSSIBLE SUNSHINE    MM          AVERAGE SKY COVER     MM
 
WEATHER CONDITIONS 
 THE FOLLOWING WEATHER WAS RECORDED YESTERDAY. 
  NO SIGNIFICANT WEATHER WAS OBSERVED. 

RELATIVE HUMIDITY
 HIGHEST RH     MM PERCENT       MM
 LOWEST  RH     MM PERCENT       MM
 AVERAGE RH     MM PERCENT       MM
................................................................... 

THE KODIAK CLIMATE NORMALS FOR TODAY 
                           NORMAL    RECORD   YEAR 
 MAXIMUM TEMPERATURE (F)     61        82     1967 
 MINIMUM TEMPERATURE (F)     50        44     1997 

SUNRISE AND SUNSET 
 JUL 22 2014..........SUNRISE  5:46 AM      SUNSET 10:47 PM   
 JUL 23 2014..........SUNRISE  5:48 AM      SUNSET 10:45 PM   

-  INDICATES NEGATIVE NUMBERS.
R  INDICATES RECORD HAS BEEN SET OR TIED.
MM INDICATES DATA IS MISSING.
T  INDICATES TRACE OF PRECIPITATION.

&&
-------------------------------------------------------------------

AMOUNT OF DAYLIGHT TODAY  (HOUR:MIN)........17 HOURS 1 MINUTES
GAIN/LOSS SINCE YESTERDAY (HOUR:MIN:SEC)....-0:03:40

$$
*** JUL 14


Alaska Region Headquarters
222 West 7th Avenue #23
Anchorage, AK 99513-7575
Voice: 1-907-271-5088
Fax: 1-907-271-3711
Recorded Forecast: 1-800-472-0391
Webmaster Email: ARH Webauthors
Page Modified: 03 Feb 2008 18:00 UTC
About Us
Career Opportunities
Glossary
Credits
Disclaimer
Privacy Policy