CDAK48 PADQ 272329
CLIADQ

CLIMATE REPORT
NATIONAL WEATHER SERVICE KODIAK, AK
229 PM AKST FRI FEB 27 2015
...................................
...THE KODIAK AP CLIMATE SUMMARY FOR FEBRUARY 27 2015...
VALID TODAY AS OF 2:00 PM LOCAL TIME

CLIMATE NORMAL PERIOD  1981 TO  2010 
CLIMATE RECORD PERIOD  1949 TO  2015 

WEATHER ITEM   OBSERVED TIME    RECORD YEAR NORMAL DEPARTURE LAST 
               VALUE    (LST)   VALUE       VALUE  FROM      YEAR 
                                                   NORMAL 
................................................................... 
TEMPERATURE 
TODAY 
 MAXIMUM            35  0159 PM    50  1962     37      -2     43 
 MINIMUM            25  0718 AM     1  1986     27      -2     31 
 AVERAGE            30                          32      -2     37 

PRECIPITATION 
(INCHES) 
 TODAY            0.00           1.18  1957   0.21   -0.21   0.47 
 MONTH TO DATE    8.69                        5.93    2.76   6.95 
 SINCE DEC 1     32.61                       22.95    9.66  25.70 
 SINCE JAN 1     18.82                       14.22    4.60  21.25 

SNOWFALL 
(INCHES) 
 TODAY             0.0           10.0  1957    0.5    -0.5    0.0 
 MONTH TO DATE    10.2                        14.6    -4.4    7.0
 SINCE DEC 1      14.7                        41.4   -26.7   23.7
 SINCE JUL 1      15.4                        48.9   -33.5   31.0
 SNOW DEPTH (IN)     0                                          0

DEGREE DAYS 
 HEATING 
  TODAY             35                          33       2     28 
  MONTH TO DATE    796                         926    -130    947
  SINCE DEC 1     2499                        3048    -549   2854
  SINCE JUL 1     4895                        5840    -945   5261

 COOLING 
  TODAY              0                           0       0      0 
  MONTH TO DATE      0                           0       0      0 
  SINCE DEC 1        0                           0       0      0 
  SINCE JAN 1        0                           0       0      0 
................................................................... 

WIND (MPH) 
 HIGHEST WIND SPEED     9     HIGHEST WIND DIRECTION    280      
 HIGHEST GUST SPEED     9     HIGHEST GUST DIRECTION    280 
 AVERAGE WIND SPEED    MM 

SKY COVER
  POSSIBLE SUNSHINE  MM            AVERAGE SKY COVER MM
 
WEATHER CONDITIONS 
 THE FOLLOWING WEATHER WAS RECORDED TODAY. 
FOG
 

RELATIVE HUMIDITY
 HIGHEST RH     MM PERCENT       MM
 LOWEST  RH     MM PERCENT       MM
 AVERAGE RH     MM PERCENT       MM
................................................................... 

THE KODIAK CLIMATE NORMALS FOR TOMORROW 
                        NORMAL    RECORD   YEAR 
 MAXIMUM TEMPERATURE      37        51     2014 
 MINIMUM TEMPERATURE      27        -4     1986 

SUNRISE AND SUNSET 
 FEB 27 2015..........SUNRISE  8:10 AM      SUNSET  6:37 PM    
 FEB 28 2015..........SUNRISE  8:07 AM      SUNSET  6:40 PM    

-  INDICATES NEGATIVE NUMBERS.
R  INDICATES RECORD HAS BEEN SET OR TIED.
MM INDICATES DATA IS MISSING.
T  INDICATES TRACE OF PRECIPITATION.

&&
-------------------------------------------------------------------

AMOUNT OF DAYLIGHT TODAY  (HOUR:MIN)........10 HOURS 27 MINUTES
GAIN/LOSS SINCE YESTERDAY (HOUR:MIN:SEC)....+0:04:57

$$
*** FEB 15



Alaska Region Headquarters
222 West 7th Avenue #23
Anchorage, AK 99513-7575
Voice: 1-907-271-5088
Fax: 1-907-271-3711
Recorded Forecast: 1-800-472-0391
Webmaster Email: ARH Webauthors
Page Modified: 03 Feb 2008 18:00 UTC
About Us
Career Opportunities
Glossary
Credits
Disclaimer
Privacy Policy