CDAK48 PADQ 050102
CLIADQ

CLIMATE REPORT
NATIONAL WEATHER SERVICE KODIAK, AK
502 PM AKDT FRI SEP 4 2015
...................................
...THE KODIAK AP CLIMATE SUMMARY FOR SEPTEMBER 4 2015...
VALID TODAY AS OF 2:00 PM LOCAL TIME

CLIMATE NORMAL PERIOD  1981 TO  2010 
CLIMATE RECORD PERIOD  1949 TO  2015 

WEATHER ITEM   OBSERVED TIME    RECORD YEAR NORMAL DEPARTURE LAST 
               VALUE    (LST)   VALUE       VALUE  FROM      YEAR 
                                                   NORMAL 
................................................................... 
TEMPERATURE 
TODAY 
 MAXIMUM            60  0358 PM    71  1929     59       1     64 
 MINIMUM            56  0334 PM    36  1988     46      10     51 
 AVERAGE            58                          53       5     58 

PRECIPITATION 
(INCHES) 
 TODAY            0.00           2.00  1934   0.19   -0.19   1.04 
 MONTH TO DATE    0.37                        0.75   -0.38   1.59 
 SINCE SEP 1      0.37                        0.75   -0.38   1.59 
 SINCE JAN 1     47.90                       47.54    0.36  50.82 

SNOWFALL 
(INCHES) 
 TODAY             0.0                         0.0     0.0    0.0 
 MONTH TO DATE     0.0                         0.0     0.0    0.0
 SINCE SEP 1       0.0                         0.0     0.0    0.0
 SINCE JUL 1       0.0                         0.0     0.0    0.0
 SNOW DEPTH (IN)     0                                          0

DEGREE DAYS 
 HEATING 
  TODAY              7                          12      -5      7 
  MONTH TO DATE     39                          48      -9     40
  SINCE SEP 1       39                          48      -9     40
  SINCE JUL 1      453                         678    -225    541

 COOLING 
  TODAY              0                           0       0      0 
  MONTH TO DATE      0                           0       0      0 
  SINCE SEP 1        0                           0       0      0 
  SINCE JAN 1        1                           0       1      4 
................................................................... 

WIND (MPH) 
 HIGHEST WIND SPEED    18     HIGHEST WIND DIRECTION    280      
 HIGHEST GUST SPEED    22     HIGHEST GUST DIRECTION    280 
 AVERAGE WIND SPEED    MM 

SKY COVER
  POSSIBLE SUNSHINE  MM            AVERAGE SKY COVER MM
 
WEATHER CONDITIONS 
 THE FOLLOWING WEATHER WAS RECORDED TODAY. 
NO SIGNIFICANT WEATHER WAS OBSERVED. 

RELATIVE HUMIDITY
 HIGHEST RH     MM PERCENT       MM
 LOWEST  RH     MM PERCENT       MM
 AVERAGE RH     MM PERCENT       MM
................................................................... 

THE KODIAK CLIMATE NORMALS FOR TOMORROW 
                        NORMAL    RECORD   YEAR 
 MAXIMUM TEMPERATURE      59        70     1985 
 MINIMUM TEMPERATURE      46        35     1976 

SUNRISE AND SUNSET 
 SEP 4 2015..........SUNRISE  7:17 AM      SUNSET  9:00 PM    
 SEP 5 2015..........SUNRISE  7:19 AM      SUNSET  8:57 PM    

-  INDICATES NEGATIVE NUMBERS.
R  INDICATES RECORD HAS BEEN SET OR TIED.
MM INDICATES DATA IS MISSING.
T  INDICATES TRACE OF PRECIPITATION.

&&
-------------------------------------------------------------------

AMOUNT OF DAYLIGHT TODAY  (HOUR:MIN)........13 HOURS 43 MINUTES
GAIN/LOSS SINCE YESTERDAY (HOUR:MIN:SEC)....-0:04:53

$$
JAS SEP 15


Alaska Region Headquarters
222 West 7th Avenue #23
Anchorage, AK 99513-7575
Voice: 1-907-271-5088
Fax: 1-907-271-3711
Recorded Forecast: 1-800-472-0391
Webmaster Email: ARH Webauthors
Page Modified: 03 Feb 2008 18:00 UTC
About Us
Career Opportunities
Glossary
Credits
Disclaimer
Privacy Policy