CDAK48 PADQ 251140
CLIADQ

CLIMATE REPORT 
NATIONAL WEATHER SERVICE KODIAK, AK
340 AM AKDT MON MAY 25 2015
...................................
...THE KODIAK AP CLIMATE SUMMARY FOR MAY 24 2015... 

CLIMATE NORMAL PERIOD  1981 TO  2010 
CLIMATE RECORD PERIOD  1949 TO  2015 

WEATHER ITEM   OBSERVED TIME    RECORD YEAR NORMAL DEPARTURE LAST 
               VALUE    (LST)   VALUE       VALUE  FROM      YEAR 
                                                   NORMAL 
................................................................... 
TEMPERATURE 
YESTERDAY 
 MAXIMUM            49  0252 PM    71  1991     51      -2     53 
 MINIMUM            46  1139 PM    30  1977     40       6     38 
 AVERAGE            48                          46       2     46 

PRECIPITATION 
(INCHES) 
 YESTERDAY        0.03           2.82  1975   0.19   -0.16   0.00 
 MONTH TO DATE    5.77                        4.23    1.54   0.31 
 SINCE MAR 1     19.94                       15.57    4.37  11.40 
 SINCE JAN 1     38.86                       30.00    8.86  32.65 

SNOWFALL 
(INCHES) 
 YESTERDAY         0.0            0.2  1977    0.0     0.0    0.0 
 MONTH TO DATE     0.0                         0.2    -0.2    0.0 
 SINCE MAR 1       4.7                        19.5   -14.8   12.4 
 SINCE JUL 1      20.1                        68.9   -48.8     MM
 SNOW DEPTH (IN)     0                                          0 

DEGREE DAYS 
 HEATING 
  YESTERDAY         17                          19      -2     19 
  MONTH TO DATE    460                         512     -52    350 
  SINCE MAR 1     2109                        2331    -222   2087 
  SINCE JUL 1     7027                        8204   -1177   7373

 COOLING 
  YESTERDAY          0                           0       0      0 
  MONTH TO DATE      0                           0       0      4 
  SINCE MAR 1        0                           0       0      4 
  SINCE JAN 1        0                           0       0      4 
................................................................... 

WIND (MPH) 
 HIGHEST WIND SPEED    17     HIGHEST WIND DIRECTION    110      
 HIGHEST GUST SPEED    20     HIGHEST GUST DIRECTION    100 
 AVERAGE WIND SPEED  11.0 

SKY COVER
  POSSIBLE SUNSHINE    MM          AVERAGE SKY COVER     MM
 
WEATHER CONDITIONS 
 THE FOLLOWING WEATHER WAS RECORDED YESTERDAY. 
  FOG
RAIN
 

RELATIVE HUMIDITY
 HIGHEST RH     MM PERCENT       MM
 LOWEST  RH     MM PERCENT       MM
 AVERAGE RH     MM PERCENT       MM
................................................................... 

THE KODIAK CLIMATE NORMALS FOR TODAY 
                           NORMAL    RECORD   YEAR 
 MAXIMUM TEMPERATURE (F)     52        71     2006 
 MINIMUM TEMPERATURE (F)     40        32     2000 

SUNRISE AND SUNSET 
 MAY 25 2015..........SUNRISE  5:29 AM      SUNSET 10:47 PM   
 MAY 26 2015..........SUNRISE  5:28 AM      SUNSET 10:48 PM   

-  INDICATES NEGATIVE NUMBERS.
R  INDICATES RECORD HAS BEEN SET OR TIED.
MM INDICATES DATA IS MISSING.
T  INDICATES TRACE OF PRECIPITATION.

&&
-------------------------------------------------------------------

AMOUNT OF DAYLIGHT TODAY  (HOUR:MIN)........17 HOURS 18 MINUTES
GAIN/LOSS SINCE YESTERDAY (HOUR:MIN:SEC)....+0:03:24

$$
*** MAY 15


Alaska Region Headquarters
222 West 7th Avenue #23
Anchorage, AK 99513-7575
Voice: 1-907-271-5088
Fax: 1-907-271-3711
Recorded Forecast: 1-800-472-0391
Webmaster Email: ARH Webauthors
Page Modified: 03 Feb 2008 18:00 UTC
About Us
Career Opportunities
Glossary
Credits
Disclaimer
Privacy Policy