CDAK48 PADQ 171134
CLIADQ

CLIMATE REPORT 
NATIONAL WEATHER SERVICE KODIAK, AK
234 AM AKST WED DEC 17 2014
...................................
...THE KODIAK AP CLIMATE SUMMARY FOR DECEMBER 16 2014... 

CLIMATE NORMAL PERIOD  1981 TO  2010 
CLIMATE RECORD PERIOD  1949 TO  2014 

WEATHER ITEM   OBSERVED TIME    RECORD YEAR NORMAL DEPARTURE LAST 
               VALUE    (LST)   VALUE       VALUE  FROM      YEAR 
                                                   NORMAL 
................................................................... 
TEMPERATURE 
YESTERDAY 
 MAXIMUM            40  1210 PM    50  1984     36       4     23 
 MINIMUM            29  1159 PM     1  1999     26       3     10 
 AVERAGE            35                          31       4     17 

PRECIPITATION 
(INCHES) 
 YESTERDAY        0.01           1.49  1985   0.30   -0.29      T 
 MONTH TO DATE    5.86                        4.56    1.30   0.44 
 SINCE DEC 1      5.86                        4.56    1.30   0.44 
 SINCE JAN 1     81.51                       73.83    7.68  61.45 

SNOWFALL 
(INCHES) 
 YESTERDAY         0.0            4.5  1956    0.5    -0.5      T 
 MONTH TO DATE       T                         7.6    -7.6      T 
 SINCE DEC 1       0.0                         7.6    -7.6    0.0 
 SINCE JUL 1       0.7                        15.1   -14.4    7.3
 SNOW DEPTH (IN)     0                                          T 

DEGREE DAYS 
 HEATING 
  YESTERDAY         30                          34      -4     48 
  MONTH TO DATE    406                         539    -133    545 
  SINCE DEC 1      406                         539    -133    545 
  SINCE JUL 1     2802                        3331    -529   2952

 COOLING 
  YESTERDAY          0                           0       0      0 
  MONTH TO DATE      0                           0       0      0 
  SINCE DEC 1        0                           0       0      0 
  SINCE JAN 1        4                           0       4      6 
................................................................... 

WIND (MPH) 
 HIGHEST WIND SPEED    15     HIGHEST WIND DIRECTION    270      
 HIGHEST GUST SPEED    19     HIGHEST GUST DIRECTION    270 
 AVERAGE WIND SPEED   6.1 

SKY COVER
  POSSIBLE SUNSHINE    MM          AVERAGE SKY COVER     MM
 
WEATHER CONDITIONS 
 THE FOLLOWING WEATHER WAS RECORDED YESTERDAY. 
  FOG
RAIN
 

RELATIVE HUMIDITY
 HIGHEST RH     MM PERCENT       MM
 LOWEST  RH     MM PERCENT       MM
 AVERAGE RH     MM PERCENT       MM
................................................................... 

THE KODIAK CLIMATE NORMALS FOR TODAY 
                           NORMAL    RECORD   YEAR 
 MAXIMUM TEMPERATURE (F)     36        48     1984 
 MINIMUM TEMPERATURE (F)     26        -2     1997 

SUNRISE AND SUNSET 
 DEC 17 2014..........SUNRISE  9:50 AM      SUNSET  4:23 PM   
 DEC 18 2014..........SUNRISE  9:51 AM      SUNSET  4:23 PM   

-  INDICATES NEGATIVE NUMBERS.
R  INDICATES RECORD HAS BEEN SET OR TIED.
MM INDICATES DATA IS MISSING.
T  INDICATES TRACE OF PRECIPITATION.

&&
-------------------------------------------------------------------

AMOUNT OF DAYLIGHT TODAY  (HOUR:MIN)........6 HOURS 33 MINUTES
GAIN/LOSS SINCE YESTERDAY (HOUR:MIN:SEC)....-0:00:42

$$
*** DEC 14


Alaska Region Headquarters
222 West 7th Avenue #23
Anchorage, AK 99513-7575
Voice: 1-907-271-5088
Fax: 1-907-271-3711
Recorded Forecast: 1-800-472-0391
Webmaster Email: ARH Webauthors
Page Modified: 03 Feb 2008 18:00 UTC
About Us
Career Opportunities
Glossary
Credits
Disclaimer
Privacy Policy