CDAK48 PADQ 291138
CLIADQ

CLIMATE REPORT 
NATIONAL WEATHER SERVICE KODIAK, AK
338 AM AKDT FRI AUG 29 2014
...................................
...THE KODIAK AP CLIMATE SUMMARY FOR AUGUST 28 2014... 

CLIMATE NORMAL PERIOD  1981 TO  2010 
CLIMATE RECORD PERIOD  1949 TO  2014 

WEATHER ITEM   OBSERVED TIME    RECORD YEAR NORMAL DEPARTURE LAST 
               VALUE    (LST)   VALUE       VALUE  FROM      YEAR 
                                                   NORMAL 
................................................................... 
TEMPERATURE 
YESTERDAY 
 MAXIMUM            59  0110 PM    71  1968     60      -1     56 
 MINIMUM            49  1159 PM    36  1994     48       1     50 
 AVERAGE            54                          54       0     53 

PRECIPITATION 
(INCHES) 
 YESTERDAY        0.01           2.46  1970   0.16   -0.15   0.75 
 MONTH TO DATE    6.90                        4.04    2.86   7.47 
 SINCE JUN 1     15.70                       14.88    0.82  12.64 
 SINCE JAN 1     49.23                       46.27    2.96  38.08 

SNOWFALL 
(INCHES) 
 YESTERDAY         0.0            0.0  2014    0.0     0.0    0.0 
 MONTH TO DATE     0.0                         0.0     0.0    0.0 
 SINCE JUN 1       0.0                         0.0     0.0    0.0 
 SINCE JUL 1       0.0                         0.0     0.0    0.0
 SNOW DEPTH (IN)     0                                          0 

DEGREE DAYS 
 HEATING 
  YESTERDAY         11                          11       0     12 
  MONTH TO DATE    228                         270     -42    243 
  SINCE JUN 1      890                        1057    -167    785 
  SINCE JUL 1      468                         596    -128    454

 COOLING 
  YESTERDAY          0                           0       0      0 
  MONTH TO DATE      0                           0       0      0 
  SINCE JUN 1        0                           0       0      6 
  SINCE JAN 1        4                           0       4      6 
................................................................... 

WIND (MPH) 
 HIGHEST WIND SPEED    18     HIGHEST WIND DIRECTION    300      
 HIGHEST GUST SPEED    29     HIGHEST GUST DIRECTION    290 
 AVERAGE WIND SPEED   9.1 

SKY COVER
  POSSIBLE SUNSHINE    MM          AVERAGE SKY COVER     MM
 
WEATHER CONDITIONS 
 THE FOLLOWING WEATHER WAS RECORDED YESTERDAY. 
  SMOKE OR HAZE
FOG
RAIN
 

RELATIVE HUMIDITY
 HIGHEST RH     MM PERCENT       MM
 LOWEST  RH     MM PERCENT       MM
 AVERAGE RH     MM PERCENT       MM
................................................................... 

THE KODIAK CLIMATE NORMALS FOR TODAY 
                           NORMAL    RECORD   YEAR 
 MAXIMUM TEMPERATURE (F)     60        70     2007 
 MINIMUM TEMPERATURE (F)     48        34     1998 

SUNRISE AND SUNSET 
 AUG 29 2014..........SUNRISE  7:05 AM      SUNSET  9:16 PM   
 AUG 30 2014..........SUNRISE  7:07 AM      SUNSET  9:13 PM   

-  INDICATES NEGATIVE NUMBERS.
R  INDICATES RECORD HAS BEEN SET OR TIED.
MM INDICATES DATA IS MISSING.
T  INDICATES TRACE OF PRECIPITATION.

&&
-------------------------------------------------------------------

AMOUNT OF DAYLIGHT TODAY  (HOUR:MIN)........14 HOURS 11 MINUTES
GAIN/LOSS SINCE YESTERDAY (HOUR:MIN:SEC)....-0:04:51

$$
*** AUG 14


Alaska Region Headquarters
222 West 7th Avenue #23
Anchorage, AK 99513-7575
Voice: 1-907-271-5088
Fax: 1-907-271-3711
Recorded Forecast: 1-800-472-0391
Webmaster Email: ARH Webauthors
Page Modified: 03 Feb 2008 18:00 UTC
About Us
Career Opportunities
Glossary
Credits
Disclaimer
Privacy Policy