CDAK48 PADQ 252337
CLIADQ

CLIMATE REPORT
NATIONAL WEATHER SERVICE KODIAK, AK
337 PM AKDT SAT OCT 25 2014
...................................
...THE KODIAK AP CLIMATE SUMMARY FOR OCTOBER 25 2014...
VALID TODAY AS OF 2:00 PM LOCAL TIME

CLIMATE NORMAL PERIOD  1981 TO  2010 
CLIMATE RECORD PERIOD  1949 TO  2014 

WEATHER ITEM   OBSERVED TIME    RECORD YEAR NORMAL DEPARTURE LAST 
               VALUE    (LST)   VALUE       VALUE  FROM      YEAR 
                                                   NORMAL 
................................................................... 
TEMPERATURE 
TODAY 
 MAXIMUM            45  1259 PM    53  1978     44       1     52 
 MINIMUM            25  0823 AM    14  1985     32      -7     33 
 AVERAGE            35                          38      -3     43 

PRECIPITATION 
(INCHES) 
 TODAY            0.00           1.46  2007   0.25   -0.25      T 
 MONTH TO DATE    4.76                        6.75   -1.99   6.69 
 SINCE SEP 1     12.28                       14.10   -1.82  14.23 
 SINCE JAN 1     61.51                       60.89    0.62  54.14 

SNOWFALL 
(INCHES) 
 TODAY             0.0            2.7  1994    0.1    -0.1    0.0 
 MONTH TO DATE     0.2                         0.7    -0.5    0.0
 SINCE SEP 1       0.2                         0.7    -0.5    0.0
 SINCE JUL 1       0.2                         0.7    -0.5    0.0
 SNOW DEPTH (IN)     0                                          0

DEGREE DAYS 
 HEATING 
  TODAY             30                          27       3     22 
  MONTH TO DATE    606                         594      12    496
  SINCE SEP 1      976                        1062     -86    936
  SINCE JUL 1     1477                        1692    -215   1415

 COOLING 
  TODAY              0                           0       0      0 
  MONTH TO DATE      0                           0       0      0 
  SINCE SEP 1        0                           0       0      0 
  SINCE JAN 1        4                           0       4      6 
................................................................... 

WIND (MPH) 
 HIGHEST WIND SPEED    10     HIGHEST WIND DIRECTION    320      
 HIGHEST GUST SPEED    13     HIGHEST GUST DIRECTION    290 
 AVERAGE WIND SPEED    MM 

SKY COVER
  POSSIBLE SUNSHINE  MM            AVERAGE SKY COVER MM
 
WEATHER CONDITIONS 
 THE FOLLOWING WEATHER WAS RECORDED TODAY. 
NO SIGNIFICANT WEATHER WAS OBSERVED. 

RELATIVE HUMIDITY
 HIGHEST RH     MM PERCENT       MM
 LOWEST  RH     MM PERCENT       MM
 AVERAGE RH     MM PERCENT       MM
................................................................... 

THE KODIAK CLIMATE NORMALS FOR TOMORROW 
                        NORMAL    RECORD   YEAR 
 MAXIMUM TEMPERATURE      44        51     2004 
 MINIMUM TEMPERATURE      32        13     1985 

SUNRISE AND SUNSET 
 OCT 25 2014..........SUNRISE  9:08 AM      SUNSET  6:40 PM    
 OCT 26 2014..........SUNRISE  9:11 AM      SUNSET  6:37 PM    

-  INDICATES NEGATIVE NUMBERS.
R  INDICATES RECORD HAS BEEN SET OR TIED.
MM INDICATES DATA IS MISSING.
T  INDICATES TRACE OF PRECIPITATION.

&&
-------------------------------------------------------------------

AMOUNT OF DAYLIGHT TODAY  (HOUR:MIN)........9 HOURS 32 MINUTES
GAIN/LOSS SINCE YESTERDAY (HOUR:MIN:SEC)....-0:04:47

$$
*** OCT 14



Alaska Region Headquarters
222 West 7th Avenue #23
Anchorage, AK 99513-7575
Voice: 1-907-271-5088
Fax: 1-907-271-3711
Recorded Forecast: 1-800-472-0391
Webmaster Email: ARH Webauthors
Page Modified: 03 Feb 2008 18:00 UTC
About Us
Career Opportunities
Glossary
Credits
Disclaimer
Privacy Policy