CDAK48 PADQ 290901
CLIADQ

CLIMATE REPORT 
NATIONAL WEATHER SERVICE KODIAK, AK
1201 AM AKST THU JAN 29 2015
...................................
...THE KODIAK AP CLIMATE SUMMARY FOR JANUARY 28 2015... 

CLIMATE NORMAL PERIOD  1981 TO  2010 
CLIMATE RECORD PERIOD  1949 TO  2015 

WEATHER ITEM   OBSERVED TIME    RECORD YEAR NORMAL DEPARTURE LAST 
               VALUE    (LST)   VALUE       VALUE  FROM      YEAR 
                                                   NORMAL 
................................................................... 
TEMPERATURE 
YESTERDAY 
 MAXIMUM            39  0506 PM    45  1979     35       4     42 
 MINIMUM            32  1159 PM   -16  1989     26       6     41 
 AVERAGE            36                          30       6     42 

PRECIPITATION 
(INCHES) 
 YESTERDAY        0.70           1.55  1998   0.24    0.46   0.27 
 MONTH TO DATE   10.02                        7.59    2.43  14.10 
 SINCE DEC 1     23.81                       16.32    7.49  18.55 
 SINCE JAN 1     10.02                        7.59    2.43  14.10 

SNOWFALL 
(INCHES) 
 YESTERDAY           T            9.9  1956    0.5    -0.5    0.0 
 MONTH TO DATE     4.2                        11.6    -7.4    5.1 
 SINCE DEC 1       4.5                        25.4   -20.9   16.7 
 SINCE JUL 1       5.2                        32.9   -27.7   24.0
 SNOW DEPTH (IN)     0                                          0 

DEGREE DAYS 
 HEATING 
  YESTERDAY         29                          35      -6     23 
  MONTH TO DATE    796                         968    -172    785 
  SINCE DEC 1     1618                        2017    -399   1825 
  SINCE JUL 1     4014                        4809    -795   4232

 COOLING 
  YESTERDAY          0                           0       0      0 
  MONTH TO DATE      0                           0       0      0 
  SINCE DEC 1        0                           0       0      0 
  SINCE JAN 1        0                           0       0      0 
................................................................... 

WIND (MPH) 
 HIGHEST WIND SPEED    32     HIGHEST WIND DIRECTION     40      
 HIGHEST GUST SPEED    39     HIGHEST GUST DIRECTION     50 
 AVERAGE WIND SPEED  20.8 

SKY COVER
  POSSIBLE SUNSHINE    MM          AVERAGE SKY COVER     MM
 
WEATHER CONDITIONS 
 THE FOLLOWING WEATHER WAS RECORDED YESTERDAY. 
  FOG
RAIN
SNOW
 

RELATIVE HUMIDITY
 HIGHEST RH     MM PERCENT       MM
 LOWEST  RH     MM PERCENT       MM
 AVERAGE RH     MM PERCENT       MM
................................................................... 

THE KODIAK CLIMATE NORMALS FOR TODAY 
                           NORMAL    RECORD   YEAR 
 MAXIMUM TEMPERATURE (F)     35        48     1985 
 MINIMUM TEMPERATURE (F)     26        -9     1989 

SUNRISE AND SUNSET 
 JAN 29 2015..........SUNRISE  9:19 AM      SUNSET  5:29 PM   
 JAN 30 2015..........SUNRISE  9:17 AM      SUNSET  5:31 PM   

-  INDICATES NEGATIVE NUMBERS.
R  INDICATES RECORD HAS BEEN SET OR TIED.
MM INDICATES DATA IS MISSING.
T  INDICATES TRACE OF PRECIPITATION.

&&
-------------------------------------------------------------------

AMOUNT OF DAYLIGHT TODAY  (HOUR:MIN)........8 HOURS 10 MINUTES
GAIN/LOSS SINCE YESTERDAY (HOUR:MIN:SEC)....+0:04:16

$$
*** JAN 15


Alaska Region Headquarters
222 West 7th Avenue #23
Anchorage, AK 99513-7575
Voice: 1-907-271-5088
Fax: 1-907-271-3711
Recorded Forecast: 1-800-472-0391
Webmaster Email: ARH Webauthors
Page Modified: 03 Feb 2008 18:00 UTC
About Us
Career Opportunities
Glossary
Credits
Disclaimer
Privacy Policy