CDAK48 PADQ 031123
CLIADQ

CLIMATE REPORT 
NATIONAL WEATHER SERVICE KODIAK, AK
323 AM AKDT TUE MAY 3 2016
...................................
...THE KODIAK AP CLIMATE SUMMARY FOR MAY 2 2016... 

CLIMATE NORMAL PERIOD  1981 TO  2010 
CLIMATE RECORD PERIOD  1913 TO  2016 

WEATHER ITEM   OBSERVED TIME    RECORD YEAR NORMAL DEPARTURE LAST 
               VALUE    (LST)   VALUE       VALUE  FROM      YEAR 
                                                   NORMAL 
................................................................... 
TEMPERATURE 
YESTERDAY 
 MAXIMUM            47  0500 PM    66  2014     47       0     47 
 MINIMUM            39  0558 AM    24  1945     36       3     32 
 AVERAGE            43                          42       1     40 

PRECIPITATION 
(INCHES) 
 YESTERDAY        0.51           1.18  2008   0.18    0.33      T 
 MONTH TO DATE    1.09                        0.36    0.73   0.23 
 SINCE MAR 1     17.33                       11.70    5.63  14.40 
 SINCE JAN 1     40.62                       26.13   14.49  33.32 

SNOWFALL 
(INCHES) 
 YESTERDAY         0.0            2.8  1972    0.1    -0.1    0.0 
 MONTH TO DATE     0.0                         0.1    -0.1    0.0 
 SINCE MAR 1       3.6                        19.4   -15.8    4.7 
 SINCE JUL 1        MM                        68.8      MM   20.1
 SNOW DEPTH (IN)     0                                          0 

DEGREE DAYS 
 HEATING 
  YESTERDAY         22                          23      -1     25 
  MONTH TO DATE     43                          47      -4     49 
  SINCE MAR 1     1510                        1866    -356   1698 
  SINCE JUL 1     6447                        7739   -1292   6616

 COOLING 
  YESTERDAY          0                           0       0      0 
  MONTH TO DATE      0                           0       0      0 
  SINCE MAR 1        0                           0       0      0 
  SINCE JAN 1        0                           0       0      0 
................................................................... 

WIND (MPH) 
 HIGHEST WIND SPEED    15     HIGHEST WIND DIRECTION     40      
 HIGHEST GUST SPEED    17     HIGHEST GUST DIRECTION    280 
 AVERAGE WIND SPEED   6.6 

SKY COVER
  POSSIBLE SUNSHINE    MM          AVERAGE SKY COVER     MM
 
WEATHER CONDITIONS 
 THE FOLLOWING WEATHER WAS RECORDED YESTERDAY. 
  FOG
RAIN
 

RELATIVE HUMIDITY
 HIGHEST RH     MM PERCENT       MM
 LOWEST  RH     MM PERCENT       MM
 AVERAGE RH     MM PERCENT       MM
................................................................... 

THE KODIAK CLIMATE NORMALS FOR TODAY 
                           NORMAL    RECORD   YEAR 
 MAXIMUM TEMPERATURE (F)     47        61     2003 
 MINIMUM TEMPERATURE (F)     36        19     1945

SUNRISE AND SUNSET 
 MAY 3 2016..........SUNRISE  6:13 AM      SUNSET 10:04 PM   
 MAY 4 2016..........SUNRISE  6:10 AM      SUNSET 10:06 PM   

-  INDICATES NEGATIVE NUMBERS.
R  INDICATES RECORD HAS BEEN SET OR TIED.
MM INDICATES DATA IS MISSING.
T  INDICATES TRACE OF PRECIPITATION.

&&
-------------------------------------------------------------------

AMOUNT OF DAYLIGHT TODAY  (HOUR:MIN)........15 HOURS 51 MINUTES
GAIN/LOSS SINCE YESTERDAY (HOUR:MIN:SEC)....+0:04:34

$$
JTS MAY 16


Alaska Region Headquarters
222 West 7th Avenue #23
Anchorage, AK 99513-7575
Voice: 1-907-271-5088
Fax: 1-907-271-3711
Recorded Forecast: 1-800-472-0391
Webmaster Email: ARH Webauthors
Page Modified: 03 Feb 2008 18:00 UTC
About Us
Career Opportunities
Glossary
Credits
Disclaimer
Privacy Policy