CDAK48 PACD 191205
CLICDB

CLIMATE REPORT 
NATIONAL WEATHER SERVICE COLD BAY, AK
405 AM AKDT SAT APR 19 2014
...................................
...THE COLD BAY AP CLIMATE SUMMARY FOR APRIL 18 2014... 

CLIMATE NORMAL PERIOD  1981 TO  2010 
CLIMATE RECORD PERIOD  1955 TO  2014 

WEATHER ITEM   OBSERVED TIME    RECORD YEAR NORMAL DEPARTURE LAST 
               VALUE    (LST)   VALUE       VALUE  FROM      YEAR 
                                                   NORMAL 
................................................................... 
TEMPERATURE 
YESTERDAY 
 MAXIMUM            44  1147 AM    55  1965     39       5     46 
 MINIMUM            27  0321 AM    15  1972     30      -3     37 
 AVERAGE            36                          34       2     42 

PRECIPITATION 
(INCHES) 
 YESTERDAY        0.04           0.31  2010   0.08   -0.04   0.04 
 MONTH TO DATE    1.49                        1.47    0.02   1.92 
 SINCE MAR 1      2.88                        4.17   -1.29   4.60 
 SINCE JAN 1     11.33                       10.31    1.02  10.51 

SNOWFALL 
(INCHES) 
 YESTERDAY         0.1            3.1  2010    0.2    -0.1    0.0 
 MONTH TO DATE     1.1                         4.8    -3.7    2.1 
 SINCE MAR 1       7.9                        17.8    -9.9   12.4 
 SINCE JUL 1      37.0                        70.0   -33.0   64.2
 SNOW DEPTH (IN)     0                                          0 

DEGREE DAYS 
 HEATING 
  YESTERDAY         29                          31      -2     23 
  MONTH TO DATE    475                         581    -106    599 
  SINCE MAR 1     1439                        1660    -221   1653 
  SINCE JUL 1     6583                        7884   -1301     MM

 COOLING 
  YESTERDAY          0                           0       0      0 
  MONTH TO DATE      0                           0       0      0 
  SINCE MAR 1        0                           0       0      0 
  SINCE JAN 1        0                           0       0      0 
................................................................... 

WIND (MPH) 
 HIGHEST WIND SPEED    20     HIGHEST WIND DIRECTION    330      
 HIGHEST GUST SPEED    23     HIGHEST GUST DIRECTION    340 
 AVERAGE WIND SPEED   6.7 

WEATHER CONDITIONS 
 THE FOLLOWING WEATHER WAS RECORDED YESTERDAY. 
 FOG
 HAIL
 RAIN
 SNOW
................................................................... 

THE COLD BAY CLIMATE NORMALS FOR TODAY 
                           NORMAL    RECORD   YEAR 
 MAXIMUM TEMPERATURE (F)     40        47     2013 
 MINIMUM TEMPERATURE (F)     30        16     1960 

SUNRISE AND SUNSET 
 APR 19 2014..........SUNRISE  7:37 AM      SUNSET 10:05 PM   
 APR 20 2014..........SUNRISE  7:35 AM      SUNSET 10:07 PM   

-  INDICATES NEGATIVE NUMBERS.
R  INDICATES RECORD HAS BEEN SET OR TIED.
MM INDICATES DATA IS MISSING.
T  INDICATES TRACE OF PRECIPITATION.

&&
-------------------------------------------------------------------

AMOUNT OF DAYLIGHT TODAY  (HOUR:MIN)........14 HOURS 28 MINUTES
GAIN SINCE YESTERDAY (HOUR:MIN:SEC)....+0:04:22

$$
STACY


Alaska Region Headquarters
222 West 7th Avenue #23
Anchorage, AK 99513-7575
Voice: 1-907-271-5088
Fax: 1-907-271-3711
Recorded Forecast: 1-800-472-0391
Webmaster Email: ARH Webauthors
Page Modified: 03 Feb 2008 18:00 UTC
About Us
Career Opportunities
Glossary
Credits
Disclaimer
Privacy Policy