CDAK48 PACD 091124
CLICDB

CLIMATE REPORT 
NATIONAL WEATHER SERVICE COLD BAY, AK
224 AM AKST TUE FEB 9 2016
...................................
...THE COLD BAY AP CLIMATE SUMMARY FOR FEBRUARY 8 2016... 

CLIMATE NORMAL PERIOD  1981 TO  2010 
CLIMATE RECORD PERIOD  1942 TO  2016 

WEATHER ITEM   OBSERVED TIME    RECORD YEAR NORMAL DEPARTURE LAST 
               VALUE    (LST)   VALUE       VALUE  FROM      YEAR 
                                                   NORMAL 
................................................................... 
TEMPERATURE 
YESTERDAY 
 MAXIMUM            40  0300 PM    42  2014     33       7     20 
 MINIMUM            27  0947 AM     1  1999     24       3     10 
 AVERAGE            34                          29       5     15 

PRECIPITATION 
(INCHES) 
 YESTERDAY        0.01           0.73  1955   0.10   -0.09      T 
 MONTH TO DATE    0.41                        0.84   -0.43   0.07 
 SINCE DEC 1     12.17                        8.46    3.71   4.40 
 SINCE JAN 1      4.90                        4.00    0.90   1.48 

SNOWFALL 
(INCHES) 
 YESTERDAY         0.0            4.4  1993    0.5    -0.5      T 
 MONTH TO DATE     0.3                         3.7    -3.4    0.7 
 SINCE DEC 1      33.7                        30.4     3.3    4.5 
 SINCE JUL 1      39.0                        43.0    -4.0    8.4
 SNOW DEPTH (IN)     0                                          T 

DEGREE DAYS 
 HEATING 
  YESTERDAY         31                          36      -5     50 
  MONTH TO DATE    248                         293     -45    283 
  SINCE DEC 1     2234                        2483    -249   2294 
  SINCE JUL 1     5090                        5509    -419   4806

 COOLING 
  YESTERDAY          0                           0       0      0 
  MONTH TO DATE      0                           0       0      0 
  SINCE DEC 1        0                           0       0      0 
  SINCE JAN 1        0                           0       0      0 
................................................................... 

WIND (MPH) 
 HIGHEST WIND SPEED    20     HIGHEST WIND DIRECTION    120      
 HIGHEST GUST SPEED    22     HIGHEST GUST DIRECTION    110 
 AVERAGE WIND SPEED   7.1 

WEATHER CONDITIONS 
 THE FOLLOWING WEATHER WAS RECORDED YESTERDAY. 
  RAIN
................................................................... 

THE COLD BAY CLIMATE NORMALS FOR TODAY 
                           NORMAL    RECORD   YEAR 
 MAXIMUM TEMPERATURE (F)     33        45     2003 
 MINIMUM TEMPERATURE (F)     24        -5     1999 

SUNRISE AND SUNSET 
 FEB  9 2016..........SUNRISE  9:28 AM      SUNSET  6:44 PM   
 FEB 10 2016..........SUNRISE  9:26 AM      SUNSET  6:46 PM   

-  INDICATES NEGATIVE NUMBERS.
R  INDICATES RECORD HAS BEEN SET OR TIED.
MM INDICATES DATA IS MISSING.
T  INDICATES TRACE OF PRECIPITATION.

&&
-------------------------------------------------------------------

AMOUNT OF DAYLIGHT TODAY  (HOUR:MIN)........9 HOURS 16 MINUTES
GAIN SINCE YESTERDAY (HOUR:MIN:SEC).........+0:04:11

$$

RCS FEB 16


Alaska Region Headquarters
222 West 7th Avenue #23
Anchorage, AK 99513-7575
Voice: 1-907-271-5088
Fax: 1-907-271-3711
Recorded Forecast: 1-800-472-0391
Webmaster Email: ARH Webauthors
Page Modified: 03 Feb 2008 18:00 UTC
About Us
Career Opportunities
Glossary
Credits
Disclaimer
Privacy Policy