CDAK48 PACD 021111
CLICDB

CLIMATE REPORT 
NATIONAL WEATHER SERVICE COLD BAY, AK
312 AM AKDT MON MAY 2 2016
...................................
...THE COLD BAY AP CLIMATE SUMMARY FOR MAY 1 2016... 

CLIMATE NORMAL PERIOD  1981 TO  2010 
CLIMATE RECORD PERIOD  1950 TO  2016 

WEATHER ITEM   OBSERVED TIME    RECORD YEAR NORMAL DEPARTURE LAST 
               VALUE    (LST)   VALUE       VALUE  FROM      YEAR 
                                                   NORMAL 
................................................................... 
TEMPERATURE 
YESTERDAY 
 MAXIMUM            44  0341 PM    54  2004     42       2     45 
 MINIMUM            37  1159 PM    22  1964     32       5     31 
 AVERAGE            41                          37       4     38 

PRECIPITATION 
(INCHES) 
 YESTERDAY        0.07           0.61  1951   0.07    0.00   0.08 
 MONTH TO DATE    0.07                        0.07    0.00   0.08 
 SINCE MAR 1      4.30                        5.19   -0.89   5.19 
 SINCE JAN 1     10.79                       11.33   -0.54   7.70 

SNOWFALL 
(INCHES) 
 YESTERDAY         0.0            2.5  1986    0.1    -0.1    0.0 
 MONTH TO DATE     0.0                         0.1    -0.1    0.0 
 SINCE MAR 1       8.2                        19.7   -11.5   13.6 
 SINCE JUL 1      50.1                        71.9   -21.8   22.3
 SNOW DEPTH (IN)     0                                          0 

DEGREE DAYS 
 HEATING 
  YESTERDAY         24                          28      -4     27 
  MONTH TO DATE     24                          28      -4     27 
  SINCE MAR 1     1758                        2037    -279   1875 
  SINCE JUL 1     7483                        8261    -778   7248

 COOLING 
  YESTERDAY          0                           0       0      0 
  MONTH TO DATE      0                           0       0      0 
  SINCE MAR 1        0                           0       0      0 
  SINCE JAN 1        0                           0       0      0 
................................................................... 

WIND (MPH) 
 HIGHEST WIND SPEED    25     HIGHEST WIND DIRECTION    280      
 HIGHEST GUST SPEED    30     HIGHEST GUST DIRECTION    290 
 AVERAGE WIND SPEED  16.7 

WEATHER CONDITIONS 
 THE FOLLOWING WEATHER WAS RECORDED YESTERDAY. 
  FOG
  RAIN
................................................................... 

THE COLD BAY CLIMATE NORMALS FOR TODAY 
                           NORMAL    RECORD   YEAR 
 MAXIMUM TEMPERATURE (F)     43        60     2009 
 MINIMUM TEMPERATURE (F)     32        20     2010 

SUNRISE AND SUNSET 
 MAY 2 2016..........SUNRISE  7:07 AM      SUNSET 10:31 PM   
 MAY 3 2016..........SUNRISE  7:05 AM      SUNSET 10:33 PM   

-  INDICATES NEGATIVE NUMBERS.
R  INDICATES RECORD HAS BEEN SET OR TIED.
MM INDICATES DATA IS MISSING.
T  INDICATES TRACE OF PRECIPITATION.

&&
-------------------------------------------------------------------

AMOUNT OF DAYLIGHT TODAY  (HOUR:MIN)........15 HOURS 24 MINUTES
GAIN SINCE YESTERDAY (HOUR:MIN:SEC).........+0:04:04

$$
RCS MAY 16


Alaska Region Headquarters
222 West 7th Avenue #23
Anchorage, AK 99513-7575
Voice: 1-907-271-5088
Fax: 1-907-271-3711
Recorded Forecast: 1-800-472-0391
Webmaster Email: ARH Webauthors
Page Modified: 03 Feb 2008 18:00 UTC
About Us
Career Opportunities
Glossary
Credits
Disclaimer
Privacy Policy