CDAK48 PACD 241115
CLICDB

CLIMATE REPORT 
NATIONAL WEATHER SERVICE COLD BAY, AK
215 AM AKST MON NOV 24 2014
...................................
...THE COLD BAY AP CLIMATE SUMMARY FOR NOVEMBER 23 2014... 

CLIMATE NORMAL PERIOD  1981 TO  2010 
CLIMATE RECORD PERIOD  1942 TO  2014 

WEATHER ITEM   OBSERVED TIME    RECORD YEAR NORMAL DEPARTURE LAST 
               VALUE    (LST)   VALUE       VALUE  FROM      YEAR 
                                                   NORMAL 
................................................................... 
TEMPERATURE 
YESTERDAY 
 MAXIMUM            42  0314 PM    54  1981     38       4     36 
 MINIMUM            37  1159 PM    13  1998     29       8     16 
 AVERAGE            40                          34       6     26 

PRECIPITATION 
(INCHES) 
 YESTERDAY        0.11           1.11  1946   0.18   -0.07   0.05 
 MONTH TO DATE    4.26                        3.77    0.49   3.98 
 SINCE SEP 1     11.81                       13.26   -1.45  14.68 
 SINCE JAN 1     30.22                       36.00   -5.78  41.60 

SNOWFALL 
(INCHES) 
 YESTERDAY         0.0            3.2  1960    0.4    -0.4    0.5 
 MONTH TO DATE     1.5                         7.3    -5.8    3.5 
 SINCE SEP 1       3.9                         9.7    -5.8    3.5 
 SINCE JUL 1       3.9                         9.7    -5.8    3.5
 SNOW DEPTH (IN)     0                                          3 

DEGREE DAYS 
 HEATING 
  YESTERDAY         25                          31      -6     39 
  MONTH TO DATE    594                         689     -95    579 
  SINCE SEP 1     1778                        1958    -180   1618 
  SINCE JUL 1     2320                        2802    -482   2289

 COOLING 
  YESTERDAY          0                           0       0      0 
  MONTH TO DATE      0                           0       0      0 
  SINCE SEP 1        0                           0       0      0 
  SINCE JAN 1        0                           0       0      0 
................................................................... 

WIND (MPH) 
 HIGHEST WIND SPEED    17     HIGHEST WIND DIRECTION    310      
 HIGHEST GUST SPEED    22     HIGHEST GUST DIRECTION    310 
 AVERAGE WIND SPEED  11.2 

 
WEATHER CONDITIONS 
 THE FOLLOWING WEATHER WAS RECORDED YESTERDAY. 
  FOG
  RAIN
................................................................... 

THE COLD BAY CLIMATE NORMALS FOR TODAY 
                           NORMAL    RECORD   YEAR 
 MAXIMUM TEMPERATURE (F)     38        52     1970 
 MINIMUM TEMPERATURE (F)     29        15     1945 

SUNRISE AND SUNSET 
 NOV 24 2014..........SUNRISE  9:42 AM      SUNSET  5:34 PM   
 NOV 25 2014..........SUNRISE  9:44 AM      SUNSET  5:33 PM   

-  INDICATES NEGATIVE NUMBERS.
R  INDICATES RECORD HAS BEEN SET OR TIED.
MM INDICATES DATA IS MISSING.
T  INDICATES TRACE OF PRECIPITATION.

&&
-------------------------------------------------------------------

AMOUNT OF DAYLIGHT TODAY  (HOUR:MIN)........7 HOURS 52 MINUTES
LOSS SINCE YESTERDAY (HOUR:MIN:SEC).........-0:03:03

$$

RCS NOV 14



Alaska Region Headquarters
222 West 7th Avenue #23
Anchorage, AK 99513-7575
Voice: 1-907-271-5088
Fax: 1-907-271-3711
Recorded Forecast: 1-800-472-0391
Webmaster Email: ARH Webauthors
Page Modified: 03 Feb 2008 18:00 UTC
About Us
Career Opportunities
Glossary
Credits
Disclaimer
Privacy Policy