CDAK48 PACD 051113
CLICDB

CLIMATE REPORT 
NATIONAL WEATHER SERVICE COLD BAY, AK
213 AM AKST THU MAR 5 2015
...................................
...THE COLD BAY AP CLIMATE SUMMARY FOR MARCH 4 2015... 

CLIMATE NORMAL PERIOD  1981 TO  2010 
CLIMATE RECORD PERIOD  1942 TO  2015 

WEATHER ITEM   OBSERVED TIME    RECORD YEAR NORMAL DEPARTURE LAST 
               VALUE    (LST)   VALUE       VALUE  FROM      YEAR 
                                                   NORMAL 
................................................................... 
TEMPERATURE 
YESTERDAY 
 MAXIMUM            35  0919 PM    47  2009     35       0     40 
 MINIMUM            28  0516 AM    -7  1956     25       3     33 
 AVERAGE            32                          30       2     37 

PRECIPITATION 
(INCHES) 
 YESTERDAY        0.02           1.22  2000   0.10   -0.08   0.00 
 MONTH TO DATE    0.30                        0.40   -0.10   0.00 
 SINCE MAR 1      0.30                        0.40   -0.10   0.00 
 SINCE JAN 1      2.81                        6.54   -3.73   8.45 

SNOWFALL 
(INCHES) 
 YESTERDAY         0.2            4.5  2010    0.4    -0.2    0.0 
 MONTH TO DATE     0.2                         1.7    -1.5    0.0 
 SINCE MAR 1       0.2                         1.7    -1.5    0.0 
 SINCE JUL 1       8.9                        53.9   -45.0   29.1
 SNOW DEPTH (IN)     T                                          0 

DEGREE DAYS 
 HEATING 
  YESTERDAY         33                          35      -2     28 
  MONTH TO DATE    111                         140     -29    103 
  SINCE MAR 1      111                         140     -29    103 
  SINCE JUL 1     5484                        6364    -880   5247

 COOLING 
  YESTERDAY          0                           0       0      0 
  MONTH TO DATE      0                           0       0      0 
  SINCE MAR 1        0                           0       0      0 
  SINCE JAN 1        0                           0       0      0 
................................................................... 

WIND (MPH) 
 HIGHEST WIND SPEED    22     HIGHEST WIND DIRECTION    280      
 HIGHEST GUST SPEED    26     HIGHEST GUST DIRECTION    290 
 AVERAGE WIND SPEED   9.2 

 
WEATHER CONDITIONS 
 THE FOLLOWING WEATHER WAS RECORDED YESTERDAY. 
  FOG
  RAIN
  SNOW
................................................................... 

THE COLD BAY CLIMATE NORMALS FOR TODAY 
                           NORMAL    RECORD   YEAR 
 MAXIMUM TEMPERATURE (F)     35        45     1955 
 MINIMUM TEMPERATURE (F)     25        -2     1994 

SUNRISE AND SUNSET 
 MAR 5 2015..........SUNRISE  8:32 AM      SUNSET  7:35 PM   
 MAR 6 2015..........SUNRISE  8:29 AM      SUNSET  7:37 PM   

-  INDICATES NEGATIVE NUMBERS.
R  INDICATES RECORD HAS BEEN SET OR TIED.
MM INDICATES DATA IS MISSING.
T  INDICATES TRACE OF PRECIPITATION.

&&
-------------------------------------------------------------------

AMOUNT OF DAYLIGHT TODAY  (HOUR:MIN)........11 HOURS 3 MINUTES
GAIN SINCE YESTERDAY (HOUR:MIN:SEC).........+0:04:31

$$

RCS MAR 15


Alaska Region Headquarters
222 West 7th Avenue #23
Anchorage, AK 99513-7575
Voice: 1-907-271-5088
Fax: 1-907-271-3711
Recorded Forecast: 1-800-472-0391
Webmaster Email: ARH Webauthors
Page Modified: 03 Feb 2008 18:00 UTC
About Us
Career Opportunities
Glossary
Credits
Disclaimer
Privacy Policy