CDAK48 PACD 311110
CLICDB

CLIMATE REPORT 
NATIONAL WEATHER SERVICE COLD BAY, AK
310 AM AKDT FRI OCT 31 2014
...................................
...THE COLD BAY AP CLIMATE SUMMARY FOR OCTOBER 30 2014... 

CLIMATE NORMAL PERIOD  1981 TO  2010 
CLIMATE RECORD PERIOD  1942 TO  2014 

WEATHER ITEM   OBSERVED TIME    RECORD YEAR NORMAL DEPARTURE LAST 
               VALUE    (LST)   VALUE       VALUE  FROM      YEAR 
                                                   NORMAL 
................................................................... 
TEMPERATURE 
YESTERDAY 
 MAXIMUM            47  1159 PM    53  1971     42       5     45 
 MINIMUM            33  0213 AM    13  1999     32       1     39 
 AVERAGE            40                          37       3     42 

PRECIPITATION 
(INCHES) 
 YESTERDAY        0.19           1.09  1984   0.15    0.04   0.16 
 MONTH TO DATE    1.99                        4.61   -2.62   5.64 
 SINCE SEP 1      7.46                        9.34   -1.88  10.55 
 SINCE JAN 1     25.87                       32.08   -6.21  37.47 

SNOWFALL 
(INCHES) 
 YESTERDAY         0.0            1.7  1976    0.1    -0.1    0.0 
 MONTH TO DATE     2.4                         2.2     0.2    0.0 
 SINCE SEP 1       2.4                         2.2     0.2    0.0 
 SINCE JUL 1       2.4                         2.2     0.2    0.0
 SNOW DEPTH (IN)     0                                          0 

DEGREE DAYS 
 HEATING 
  YESTERDAY         25                          28      -3     23 
  MONTH TO DATE    742                         734       8    558 
  SINCE SEP 1     1162                        1241     -79   1016 
  SINCE JUL 1     1704                        2085    -381   1687

 COOLING 
  YESTERDAY          0                           0       0      0 
  MONTH TO DATE      0                           0       0      0 
  SINCE SEP 1        0                           0       0      0 
  SINCE JAN 1        0                           0       0      0 
................................................................... 

WIND (MPH) 
 HIGHEST WIND SPEED    33     HIGHEST WIND DIRECTION    140      
 HIGHEST GUST SPEED    40     HIGHEST GUST DIRECTION    130 
 AVERAGE WIND SPEED  11.6 

 
WEATHER CONDITIONS 
 THE FOLLOWING WEATHER WAS RECORDED YESTERDAY. 
  FOG
  RAIN
................................................................... 

THE COLD BAY CLIMATE NORMALS FOR TODAY 
                           NORMAL    RECORD   YEAR 
 MAXIMUM TEMPERATURE (F)     42        51     1991 
 MINIMUM TEMPERATURE (F)     32         6     1999 

SUNRISE AND SUNSET 
 OCT 31 2014..........SUNRISE  9:54 AM      SUNSET  7:15 PM   
 NOV 1 2014...........SUNRISE  9:56 AM      SUNSET  7:13 PM   

-  INDICATES NEGATIVE NUMBERS.
R  INDICATES RECORD HAS BEEN SET OR TIED.
MM INDICATES DATA IS MISSING.
T  INDICATES TRACE OF PRECIPITATION.

&&
-------------------------------------------------------------------

AMOUNT OF DAYLIGHT TODAY  (HOUR:MIN)........9 HOURS 21 MINUTES
LOSS SINCE YESTERDAY (HOUR:MIN:SEC).........-0:04:11

$$
JEG OCT 14



Alaska Region Headquarters
222 West 7th Avenue #23
Anchorage, AK 99513-7575
Voice: 1-907-271-5088
Fax: 1-907-271-3711
Recorded Forecast: 1-800-472-0391
Webmaster Email: ARH Webauthors
Page Modified: 03 Feb 2008 18:00 UTC
About Us
Career Opportunities
Glossary
Credits
Disclaimer
Privacy Policy