CDAK48 PACD 281120
CLICDB

CLIMATE REPORT 
NATIONAL WEATHER SERVICE COLD BAY, AK
221 AM AKST FRI NOV 28 2014
...................................
...THE COLD BAY AP CLIMATE SUMMARY FOR NOVEMBER 27 2014... 

CLIMATE NORMAL PERIOD  1981 TO  2010 
CLIMATE RECORD PERIOD  1942 TO  2014 

WEATHER ITEM   OBSERVED TIME    RECORD YEAR NORMAL DEPARTURE LAST 
               VALUE    (LST)   VALUE       VALUE  FROM      YEAR 
                                                   NORMAL 
................................................................... 
TEMPERATURE 
YESTERDAY 
 MAXIMUM            47  0317 PM    49  1970     38       9     38 
 MINIMUM            33  1156 PM    11  1948     29       4     25 
 AVERAGE            40                          33       7     32 

PRECIPITATION 
(INCHES) 
 YESTERDAY        0.20           0.84  1961   0.17    0.03   0.00 
 MONTH TO DATE    4.56                        4.48    0.08   4.49 
 SINCE SEP 1     12.11                       13.97   -1.86  15.19 
 SINCE JAN 1     30.52                       36.71   -6.19  42.11 

SNOWFALL 
(INCHES) 
 YESTERDAY         0.0            4.9  2012    0.4    -0.4    0.0 
 MONTH TO DATE     1.5                         8.9    -7.4    3.6 
 SINCE SEP 1       3.9                        11.3    -7.4    3.6 
 SINCE JUL 1       3.9                        11.3    -7.4    3.6
 SNOW DEPTH (IN)     0                                          T 

DEGREE DAYS 
 HEATING 
  YESTERDAY         25                          32      -7     33 
  MONTH TO DATE    703                         817    -114    702 
  SINCE SEP 1     1887                        2086    -199   1741 
  SINCE JUL 1     2429                        2930    -501   2412

 COOLING 
  YESTERDAY          0                           0       0      0 
  MONTH TO DATE      0                           0       0      0 
  SINCE SEP 1        0                           0       0      0 
  SINCE JAN 1        0                           0       0      0 
................................................................... 

WIND (MPH) 
 HIGHEST WIND SPEED    45     HIGHEST WIND DIRECTION    160      
 HIGHEST GUST SPEED    56     HIGHEST GUST DIRECTION    170 
 AVERAGE WIND SPEED  15.4 

 
WEATHER CONDITIONS 
 THE FOLLOWING WEATHER WAS RECORDED YESTERDAY. 
  FOG
  RAIN
................................................................... 

THE COLD BAY CLIMATE NORMALS FOR TODAY 
                           NORMAL    RECORD   YEAR 
 MAXIMUM TEMPERATURE (F)     37        50     2004 
 MINIMUM TEMPERATURE (F)     29         1     1963 

SUNRISE AND SUNSET 
 NOV 28 2014..........SUNRISE  9:49 AM      SUNSET  5:29 PM   
 NOV 29 2014..........SUNRISE  9:51 AM      SUNSET  5:28 PM   

-  INDICATES NEGATIVE NUMBERS.
R  INDICATES RECORD HAS BEEN SET OR TIED.
MM INDICATES DATA IS MISSING.
T  INDICATES TRACE OF PRECIPITATION.

&&
-------------------------------------------------------------------

AMOUNT OF DAYLIGHT TODAY  (HOUR:MIN)........7 HOURS 40 MINUTES
LOSS SINCE YESTERDAY (HOUR:MIN:SEC).........-0:02:43

$$

RCS NOV 14



Alaska Region Headquarters
222 West 7th Avenue #23
Anchorage, AK 99513-7575
Voice: 1-907-271-5088
Fax: 1-907-271-3711
Recorded Forecast: 1-800-472-0391
Webmaster Email: ARH Webauthors
Page Modified: 03 Feb 2008 18:00 UTC
About Us
Career Opportunities
Glossary
Credits
Disclaimer
Privacy Policy