CDAK48 PACD 011111
CLICDB

CLIMATE REPORT 
NATIONAL WEATHER SERVICE COLD BAY, AK
311 AM AKDT WED APR 1 2015
...................................
...THE COLD BAY AP CLIMATE SUMMARY FOR MARCH 31 2015... 

CLIMATE NORMAL PERIOD  1981 TO  2010 
CLIMATE RECORD PERIOD  1942 TO  2015 

WEATHER ITEM   OBSERVED TIME    RECORD YEAR NORMAL DEPARTURE LAST 
               VALUE    (LST)   VALUE       VALUE  FROM      YEAR 
                                                   NORMAL 
................................................................... 
TEMPERATURE 
YESTERDAY 
 MAXIMUM            39  0348 PM    49  1996     36       3     40 
 MINIMUM            18  0740 AM     5  1944     26      -8     35 
 AVERAGE            29                          31      -2     38 

PRECIPITATION 
(INCHES) 
 YESTERDAY           T           1.01  1967   0.08   -0.08   0.33 
 MONTH TO DATE    3.15                        2.70    0.45   1.39 
 SINCE MAR 1      3.15                        2.70    0.45   1.39 
 SINCE JAN 1      5.66                        8.84   -3.18   9.84 

SNOWFALL 
(INCHES) 
 YESTERDAY           T            4.1  1977    0.4    -0.4      T 
 MONTH TO DATE     5.6                        13.0    -7.4    6.8 
 SINCE MAR 1       5.6                        13.0    -7.4    6.8 
 SINCE JUL 1      14.3                        65.2   -50.9   35.9
 SNOW DEPTH (IN)     0                                          0 

DEGREE DAYS 
 HEATING 
  YESTERDAY         36                          34       2     27 
  MONTH TO DATE    942                        1079    -137    964 
  SINCE MAR 1      942                        1079    -137    964 
  SINCE JUL 1     6315                        7303    -988   6108

 COOLING 
  YESTERDAY          0                           0       0      0 
  MONTH TO DATE      0                           0       0      0 
  SINCE MAR 1        0                           0       0      0 
  SINCE JAN 1        0                           0       0      0 
................................................................... 

WIND (MPH) 
 HIGHEST WIND SPEED    29     HIGHEST WIND DIRECTION     20      
 HIGHEST GUST SPEED    36     HIGHEST GUST DIRECTION     20 
 AVERAGE WIND SPEED  12.0 

 
WEATHER CONDITIONS 
 THE FOLLOWING WEATHER WAS RECORDED YESTERDAY. 
  RAIN
  SNOW
................................................................... 

THE COLD BAY CLIMATE NORMALS FOR TODAY 
                           NORMAL    RECORD   YEAR 
 MAXIMUM TEMPERATURE (F)     36        47     2003 
 MINIMUM TEMPERATURE (F)     26         5     1985 

SUNRISE AND SUNSET 
 APR 1 2015..........SUNRISE  8:23 AM      SUNSET  9:29 PM   
 APR 2 2015..........SUNRISE  8:20 AM      SUNSET  9:31 PM   

-  INDICATES NEGATIVE NUMBERS.
R  INDICATES RECORD HAS BEEN SET OR TIED.
MM INDICATES DATA IS MISSING.
T  INDICATES TRACE OF PRECIPITATION.

&&
-------------------------------------------------------------------

AMOUNT OF DAYLIGHT TODAY  (HOUR:MIN)........13 HOURS 6 MINUTES
GAIN SINCE YESTERDAY (HOUR:MIN:SEC).........+0:04:31

$$

RCS APR 15


Alaska Region Headquarters
222 West 7th Avenue #23
Anchorage, AK 99513-7575
Voice: 1-907-271-5088
Fax: 1-907-271-3711
Recorded Forecast: 1-800-472-0391
Webmaster Email: ARH Webauthors
Page Modified: 03 Feb 2008 18:00 UTC
About Us
Career Opportunities
Glossary
Credits
Disclaimer
Privacy Policy