CDAK48 PACD 192319
CLICDB

CLIMATE REPORT
NATIONAL WEATHER SERVICE COLD BAY, AK
319 PM AKDT SUN APR 19 2015
...................................
...THE COLD BAY AP CLIMATE SUMMARY FOR APRIL 19 2015...
VALID TODAY AS OF 2:00 PM LOCAL TIME

CLIMATE NORMAL PERIOD  1981 TO  2010 
CLIMATE RECORD PERIOD  1955 TO  2015 

WEATHER ITEM   OBSERVED TIME    RECORD YEAR NORMAL DEPARTURE LAST 
               VALUE    (LST)   VALUE       VALUE  FROM      YEAR 
                                                   NORMAL 
................................................................... 
TEMPERATURE 
TODAY 
 MAXIMUM            34  0156 PM    47  2013     40      -6     42 
 MINIMUM            26  0626 AM    16  1960     30      -4     31 
 AVERAGE            30                          35      -5     37 

PRECIPITATION 
(INCHES) 
 TODAY               T           0.44  1978   0.08   -0.08   0.03 
 MONTH TO DATE    0.98                        1.55   -0.57   1.52 
 SINCE MAR 1      4.13                        4.25   -0.12   2.91 
 SINCE JAN 1      6.64                       10.39   -3.75  11.36 

SNOWFALL 
(INCHES) 
 TODAY               T            3.1  2010    0.2    -0.2    0.3 
 MONTH TO DATE     6.5                         5.0     1.5    1.4
 SINCE MAR 1      12.1                        18.0    -5.9    8.2
 SINCE JUL 1      20.8                        70.2   -49.4   37.3
 SNOW DEPTH (IN)     0                                          T

DEGREE DAYS 
 HEATING 
  TODAY             35                          30       5     28 
  MONTH TO DATE    601                         611     -10    503
  SINCE MAR 1     1543                        1690    -147   1467
  SINCE JUL 1     6916                        7914    -998   6611

 COOLING 
  TODAY              0                           0       0      0 
  MONTH TO DATE      0                           0       0      0 
  SINCE MAR 1        0                           0       0      0 
  SINCE JAN 1        0                           0       0      0 
................................................................... 

WIND (MPH) 
 HIGHEST WIND SPEED    43     HIGHEST WIND DIRECTION    300      
 HIGHEST GUST SPEED    50     HIGHEST GUST DIRECTION    300 
 AVERAGE WIND SPEED    MM 
 
WEATHER CONDITIONS 
 THE FOLLOWING WEATHER WAS RECORDED TODAY. 
FOG
BLOWING SNOW
SNOW
................................................................... 

THE COLD BAY CLIMATE NORMALS FOR TOMORROW 
                        NORMAL    RECORD   YEAR 
 MAXIMUM TEMPERATURE      40        49     1981 
 MINIMUM TEMPERATURE      30        15     2005 

SUNRISE AND SUNSET 
 APR 19 2015..........SUNRISE  7:38 AM      SUNSET 10:04 PM    
 APR 20 2015..........SUNRISE  7:36 AM      SUNSET 10:06 PM    

-  INDICATES NEGATIVE NUMBERS.
R  INDICATES RECORD HAS BEEN SET OR TIED.
MM INDICATES DATA IS MISSING.
T  INDICATES TRACE OF PRECIPITATION.

&&
-------------------------------------------------------------------

AMOUNT OF DAYLIGHT TODAY  (HOUR:MIN)........14 HOURS 26 MINUTES
GAIN SINCE YESTERDAY (HOUR:MIN:SEC)....+0:04:22

$$
CRG APR 15


Alaska Region Headquarters
222 West 7th Avenue #23
Anchorage, AK 99513-7575
Voice: 1-907-271-5088
Fax: 1-907-271-3711
Recorded Forecast: 1-800-472-0391
Webmaster Email: ARH Webauthors
Page Modified: 03 Feb 2008 18:00 UTC
About Us
Career Opportunities
Glossary
Credits
Disclaimer
Privacy Policy