CDAK48 PACD 022318
CLICDB

CLIMATE REPORT
NATIONAL WEATHER SERVICE COLD BAY, AK
318 PM AKDT TUE SEP 2 2014
...................................
...THE COLD BAY AP CLIMATE SUMMARY FOR SEPTEMBER 2 2014...
VALID TODAY AS OF 2:00 PM LOCAL TIME

CLIMATE NORMAL PERIOD  1981 TO  2010 
CLIMATE RECORD PERIOD  1942 TO  2014 

WEATHER ITEM   OBSERVED TIME    RECORD YEAR NORMAL DEPARTURE LAST 
               VALUE    (LST)   VALUE       VALUE  FROM      YEAR 
                                                   NORMAL 
................................................................... 
TEMPERATURE 
TODAY 
 MAXIMUM            59  0159 PM    62  1942     55       4     58 
 MINIMUM            44  0336 AM    38  1988     46      -2     48 
 AVERAGE            52                          51       1     53 

PRECIPITATION 
(INCHES) 
 TODAY            0.00           0.61  1974   0.14   -0.14   0.08 
 MONTH TO DATE    0.00                        0.27   -0.27   0.41 
 SINCE SEP 1      0.00                        0.27   -0.27   0.41 
 SINCE JAN 1     18.41                       23.01   -4.60  27.33 

SNOWFALL 
(INCHES) 
 TODAY             0.0            0.0  2014    0.0     0.0    0.0 
 MONTH TO DATE     0.0                         0.0     0.0    0.0
 SINCE SEP 1       0.0                         0.0     0.0    0.0
 SINCE JUL 1       0.0                         0.0     0.0    0.0
 SNOW DEPTH (IN)     0                                          0

DEGREE DAYS 
 HEATING 
  TODAY             13                          14      -1     12 
  MONTH TO DATE     27                          28      -1     20
  SINCE SEP 1       27                          28      -1     20
  SINCE JUL 1      569                         872    -303    691

 COOLING 
  TODAY              0                           0       0      0 
  MONTH TO DATE      0                           0       0      0 
  SINCE SEP 1        0                           0       0      0 
  SINCE JAN 1        0                           0       0      0 
................................................................... 

WIND (MPH) 
 HIGHEST WIND SPEED     8     HIGHEST WIND DIRECTION    270      
 HIGHEST GUST SPEED    10     HIGHEST GUST DIRECTION    240 
 AVERAGE WIND SPEED    MM 

WEATHER CONDITIONS 
 THE FOLLOWING WEATHER WAS RECORDED TODAY. 
 FOG
................................................................... 

THE COLD BAY CLIMATE NORMALS FOR TOMORROW 
                        NORMAL    RECORD   YEAR 
 MAXIMUM TEMPERATURE      55        62     1970 
 MINIMUM TEMPERATURE      46        37     1982 

SUNRISE AND SUNSET 
 SEP 2 2014..........SUNRISE  8:00 AM      SUNSET  9:41 PM    
 SEP 3 2014..........SUNRISE  8:02 AM      SUNSET  9:38 PM    

-  INDICATES NEGATIVE NUMBERS.
R  INDICATES RECORD HAS BEEN SET OR TIED.
MM INDICATES DATA IS MISSING.
T  INDICATES TRACE OF PRECIPITATION.

&&
-------------------------------------------------------------------

AMOUNT OF DAYLIGHT TODAY  (HOUR:MIN)........13 HOURS 41 MINUTES
LOSS SINCE YESTERDAY (HOUR:MIN:SEC)....-0:04:24

$$
STACY



Alaska Region Headquarters
222 West 7th Avenue #23
Anchorage, AK 99513-7575
Voice: 1-907-271-5088
Fax: 1-907-271-3711
Recorded Forecast: 1-800-472-0391
Webmaster Email: ARH Webauthors
Page Modified: 03 Feb 2008 18:00 UTC
About Us
Career Opportunities
Glossary
Credits
Disclaimer
Privacy Policy