CDAK48 PACD 271206
CLICDB

CLIMATE REPORT 
NATIONAL WEATHER SERVICE COLD BAY, AK
407 AM AKDT FRI MAY 27 2016
...................................
...THE COLD BAY AP CLIMATE SUMMARY FOR MAY 26 2016... 

CLIMATE NORMAL PERIOD  1981 TO  2010 
CLIMATE RECORD PERIOD  1942 TO  2016 

WEATHER ITEM   OBSERVED TIME    RECORD YEAR NORMAL DEPARTURE LAST 
               VALUE    (LST)   VALUE       VALUE  FROM      YEAR 
                                                   NORMAL 
................................................................... 
TEMPERATURE 
YESTERDAY 
 MAXIMUM            59  0204 PM    65  1997     48      11     48 
 MINIMUM            41  0642 AM    30  2000     37       4     41 
 AVERAGE            50                          42       8     45 

PRECIPITATION 
(INCHES) 
 YESTERDAY        0.00           0.80  2013   0.09   -0.09   0.58 
 MONTH TO DATE    1.58                        2.13   -0.55   3.76 
 SINCE MAR 1      5.81                        7.25   -1.44   8.87 
 SINCE JAN 1     12.30                       13.39   -1.09  11.38 

SNOWFALL 
(INCHES) 
 YESTERDAY         0.0              T  2001    0.1    -0.1    0.0 
 MONTH TO DATE     0.0                         1.3    -1.3      T 
 SINCE MAR 1       8.2                        20.9   -12.7   13.6 
 SINCE JUL 1      50.1                        73.1   -23.0   22.3
 SNOW DEPTH (IN)     0                                          0 

DEGREE DAYS 
 HEATING 
  YESTERDAY         15                          23      -8     20 
  MONTH TO DATE    547                         654    -107    569 
  SINCE MAR 1     2281                        2663    -382   2417 
  SINCE JUL 1     8006                        8887    -881   7790

 COOLING 
  YESTERDAY          0                           0       0      0 
  MONTH TO DATE      0                           0       0      0 
  SINCE MAR 1        0                           0       0      0 
  SINCE JAN 1        0                           0       0      0 
................................................................... 

WIND (MPH) 
 HIGHEST WIND SPEED    28     HIGHEST WIND DIRECTION    150      
 HIGHEST GUST SPEED    36     HIGHEST GUST DIRECTION    150 
 AVERAGE WIND SPEED  16.5 

WEATHER CONDITIONS 
 THE FOLLOWING WEATHER WAS RECORDED YESTERDAY. 
  NO SIGNIFICANT WEATHER WAS OBSERVED. 
................................................................... 

THE COLD BAY CLIMATE NORMALS FOR TODAY 
                           NORMAL    RECORD   YEAR 
 MAXIMUM TEMPERATURE (F)     48        67     1979 
 MINIMUM TEMPERATURE (F)     37        32     2001 

SUNRISE AND SUNSET 
 MAY 27 2016..........SUNRISE  6:23 AM      SUNSET 11:15 PM   
 MAY 28 2016..........SUNRISE  6:22 AM      SUNSET 11:16 PM   

-  INDICATES NEGATIVE NUMBERS.
R  INDICATES RECORD HAS BEEN SET OR TIED.
MM INDICATES DATA IS MISSING.
T  INDICATES TRACE OF PRECIPITATION.

&&
-------------------------------------------------------------------

AMOUNT OF DAYLIGHT TODAY  (HOUR:MIN)........16 HOURS 52 MINUTES
GAIN SINCE YESTERDAY  (HOUR:MIN:SEC)........+0:02:42

$$
DAB MAY 16


Alaska Region Headquarters
222 West 7th Avenue #23
Anchorage, AK 99513-7575
Voice: 1-907-271-5088
Fax: 1-907-271-3711
Recorded Forecast: 1-800-472-0391
Webmaster Email: ARH Webauthors
Page Modified: 03 Feb 2008 18:00 UTC
About Us
Career Opportunities
Glossary
Credits
Disclaimer
Privacy Policy