CDAK48 PACD 212312
CLICDB

CLIMATE REPORT
NATIONAL WEATHER SERVICE COLD BAY, AK
312 PM AKDT SUN SEP 21 2014
...................................
...THE COLD BAY AP CLIMATE SUMMARY FOR SEPTEMBER 21 2014...
VALID TODAY AS OF 2:00 PM LOCAL TIME

CLIMATE NORMAL PERIOD  1981 TO  2010 
CLIMATE RECORD PERIOD  1942 TO  2014 

WEATHER ITEM   OBSERVED TIME    RECORD YEAR NORMAL DEPARTURE LAST 
               VALUE    (LST)   VALUE       VALUE  FROM      YEAR 
                                                   NORMAL 
................................................................... 
TEMPERATURE 
TODAY 
 MAXIMUM            53  0127 PM    63  2005     52       1     51 
 MINIMUM            42  0138 AM    26  1992     42       0     45 
 AVERAGE            48                          47       1     48 

PRECIPITATION 
(INCHES) 
 TODAY            0.01           2.78  1965   0.16   -0.15   0.05 
 MONTH TO DATE    4.97                        3.26    1.71   3.37 
 SINCE SEP 1      4.97                        3.26    1.71   3.37 
 SINCE JAN 1     23.38                       26.00   -2.62  30.29 

SNOWFALL 
(INCHES) 
 TODAY             0.0              T  1982    0.0     0.0    0.0 
 MONTH TO DATE     0.0                         0.0     0.0    0.0
 SINCE SEP 1       0.0                         0.0     0.0    0.0
 SINCE JUL 1       0.0                         0.0     0.0    0.0
 SNOW DEPTH (IN)     0                                          0

DEGREE DAYS 
 HEATING 
  TODAY             17                          18      -1     17 
  MONTH TO DATE    259                         333     -74    299
  SINCE SEP 1      259                         333     -74    299
  SINCE JUL 1      801                        1177    -376    970

 COOLING 
  TODAY              0                           0       0      0 
  MONTH TO DATE      0                           0       0      0 
  SINCE SEP 1        0                           0       0      0 
  SINCE JAN 1        0                           0       0      0 
................................................................... 

WIND (MPH) 
 HIGHEST WIND SPEED    22     HIGHEST WIND DIRECTION    300      
 HIGHEST GUST SPEED    23     HIGHEST GUST DIRECTION    310 
 AVERAGE WIND SPEED    MM 

 
WEATHER CONDITIONS 
 THE FOLLOWING WEATHER WAS RECORDED TODAY. 
  RAIN
................................................................... 

THE COLD BAY CLIMATE NORMALS FOR TOMORROW 
                        NORMAL    RECORD   YEAR 
 MAXIMUM TEMPERATURE      52        65     2005 
 MINIMUM TEMPERATURE      42        30     1956 

SUNRISE AND SUNSET 
 SEP 21 2014..........SUNRISE  8:35 AM      SUNSET  8:52 PM    
 SEP 22 2014..........SUNRISE  8:37 AM      SUNSET  8:50 PM    

-  INDICATES NEGATIVE NUMBERS.
R  INDICATES RECORD HAS BEEN SET OR TIED.
MM INDICATES DATA IS MISSING.
T  INDICATES TRACE OF PRECIPITATION.

&&
-------------------------------------------------------------------

AMOUNT OF DAYLIGHT TODAY  (HOUR:MIN)........12 HOURS 17 MINUTES
LOSS SINCE YESTERDAY (HOUR:MIN:SEC).........-0:04:28

$$
JEG SEP 14



Alaska Region Headquarters
222 West 7th Avenue #23
Anchorage, AK 99513-7575
Voice: 1-907-271-5088
Fax: 1-907-271-3711
Recorded Forecast: 1-800-472-0391
Webmaster Email: ARH Webauthors
Page Modified: 03 Feb 2008 18:00 UTC
About Us
Career Opportunities
Glossary
Credits
Disclaimer
Privacy Policy