CDAK48 PACD 040005
CLICDB

CLIMATE REPORT
NATIONAL WEATHER SERVICE COLD BAY, AK
405 PM AKDT THU SEP 3 2015
...................................
...THE COLD BAY AP CLIMATE SUMMARY FOR SEPTEMBER 3 2015...
VALID TODAY AS OF 2:00 PM LOCAL TIME

CLIMATE NORMAL PERIOD  1981 TO  2010 
CLIMATE RECORD PERIOD  1942 TO  2015 

WEATHER ITEM   OBSERVED TIME    RECORD YEAR NORMAL DEPARTURE LAST 
               VALUE    (LST)   VALUE       VALUE  FROM      YEAR 
                                                   NORMAL 
................................................................... 
TEMPERATURE 
TODAY 
 MAXIMUM            56  0229 AM    62  1970     55       1     53 
 MINIMUM            53  0304 PM    37  1982     46       7     48 
 AVERAGE            55                          51       4     51 

PRECIPITATION 
(INCHES) 
 TODAY            0.04           0.57  2014   0.14   -0.10   0.57 
 MONTH TO DATE    0.65                        0.41    0.24   0.57 
 SINCE SEP 1      0.65                        0.41    0.24   0.57 
 SINCE JAN 1     18.71                       23.15   -4.44  18.98 

SNOWFALL 
(INCHES) 
 TODAY              MM            0.0  2014    0.0      MM    0.0 
 MONTH TO DATE      MM                         0.0      MM    0.0
 SINCE SEP 1       0.0                         0.0     0.0    0.0
 SINCE JUL 1        MM                         0.0      MM    0.0
 SNOW DEPTH (IN)    MM                                          0

DEGREE DAYS 
 HEATING 
  TODAY             10                          14      -4     14 
  MONTH TO DATE     34                          42      -8     41
  SINCE SEP 1       34                          42      -8     41
  SINCE JUL 1      815                         886     -71    583

 COOLING 
  TODAY              0                           0       0      0 
  MONTH TO DATE      0                           0       0      0 
  SINCE SEP 1        0                           0       0      0 
  SINCE JAN 1        0                           0       0      0 
................................................................... 

WIND (MPH) 
 HIGHEST WIND SPEED    22     HIGHEST WIND DIRECTION    260      
 HIGHEST GUST SPEED    26     HIGHEST GUST DIRECTION    260 
 AVERAGE WIND SPEED    MM 

WEATHER CONDITIONS 
 THE FOLLOWING WEATHER WAS RECORDED TODAY. 
  FOG
  RAIN
................................................................... 

THE COLD BAY CLIMATE NORMALS FOR TOMORROW 
                        NORMAL    RECORD   YEAR 
 MAXIMUM TEMPERATURE      55        62     1985 
 MINIMUM TEMPERATURE      46        36     2006 

SUNRISE AND SUNSET 
 SEP 3 2015..........SUNRISE  8:01 AM      SUNSET  9:39 PM    
 SEP 4 2015..........SUNRISE  8:03 AM      SUNSET  9:37 PM    

-  INDICATES NEGATIVE NUMBERS.
R  INDICATES RECORD HAS BEEN SET OR TIED.
MM INDICATES DATA IS MISSING.
T  INDICATES TRACE OF PRECIPITATION.

&&
-------------------------------------------------------------------

AMOUNT OF DAYLIGHT TODAY  (HOUR:MIN)........13 HOURS 38 MINUTES
LOSS SINCE YESTERDAY  (HOUR:MIN:SEC)........-0:04:24

$$
DAB SEP 15


Alaska Region Headquarters
222 West 7th Avenue #23
Anchorage, AK 99513-7575
Voice: 1-907-271-5088
Fax: 1-907-271-3711
Recorded Forecast: 1-800-472-0391
Webmaster Email: ARH Webauthors
Page Modified: 03 Feb 2008 18:00 UTC
About Us
Career Opportunities
Glossary
Credits
Disclaimer
Privacy Policy