CDAK48 PACD 301116
CLICDB

CLIMATE REPORT 
NATIONAL WEATHER SERVICE COLD BAY, AK
317 AM AKDT SAT MAY 30 2015
...................................
...THE COLD BAY AP CLIMATE SUMMARY FOR MAY 29 2015... 

CLIMATE NORMAL PERIOD  1981 TO  2010 
CLIMATE RECORD PERIOD  1942 TO  2015 

WEATHER ITEM   OBSERVED TIME    RECORD YEAR NORMAL DEPARTURE LAST 
               VALUE    (LST)   VALUE       VALUE  FROM      YEAR 
                                                   NORMAL 
................................................................... 
TEMPERATURE 
YESTERDAY 
 MAXIMUM            50  0145 PM    67  2006     48       2     50 
 MINIMUM            45  0530 AM    30  1972     38       7     40 
 AVERAGE            48                          43       5     45 

PRECIPITATION 
(INCHES) 
 YESTERDAY        0.62           1.90  2000   0.09    0.53   0.07 
 MONTH TO DATE    4.84                        2.41    2.43   0.26 
 SINCE MAR 1      9.95                        7.53    2.42   3.52 
 SINCE JAN 1     12.46                       13.67   -1.21  11.97 

SNOWFALL 
(INCHES) 
 YESTERDAY         0.0              T  1991    0.0     0.0    0.0 
 MONTH TO DATE       T                         1.3    -1.3      T 
 SINCE MAR 1      13.6                        20.9    -7.3    8.2 
 SINCE JUL 1      22.3                        73.1   -50.8   37.3
 SNOW DEPTH (IN)     0                                          0 

DEGREE DAYS 
 HEATING 
  YESTERDAY         17                          22      -5     20 
  MONTH TO DATE    618                         721    -103    575 
  SINCE MAR 1     2466                        2730    -264   2312 
  SINCE JUL 1     7839                        8954   -1115   7456

 COOLING 
  YESTERDAY          0                           0       0      0 
  MONTH TO DATE      0                           0       0      0 
  SINCE MAR 1        0                           0       0      0 
  SINCE JAN 1        0                           0       0      0 
................................................................... 

WIND (MPH) 
 HIGHEST WIND SPEED    30     HIGHEST WIND DIRECTION    160      
 HIGHEST GUST SPEED    37     HIGHEST GUST DIRECTION    130 
 AVERAGE WIND SPEED  20.5 

 
WEATHER CONDITIONS 
 THE FOLLOWING WEATHER WAS RECORDED YESTERDAY. 
  FOG
  RAIN
................................................................... 

THE COLD BAY CLIMATE NORMALS FOR TODAY 
                           NORMAL    RECORD   YEAR 
 MAXIMUM TEMPERATURE (F)     48        61     1993 
 MINIMUM TEMPERATURE (F)     38        32     1995 

SUNRISE AND SUNSET 
 MAY 30 2015..........SUNRISE  6:21 AM      SUNSET 11:18 PM   
 MAY 31 2015..........SUNRISE  6:20 AM      SUNSET 11:20 PM   

-  INDICATES NEGATIVE NUMBERS.
R  INDICATES RECORD HAS BEEN SET OR TIED.
MM INDICATES DATA IS MISSING.
T  INDICATES TRACE OF PRECIPITATION.

&&
-------------------------------------------------------------------

AMOUNT OF DAYLIGHT TODAY  (HOUR:MIN)........16 HOURS 57 MINUTES
GAIN SINCE YESTERDAY  (HOUR:MIN:SEC)........+0:02:30

$$

RCS MAY 15



Alaska Region Headquarters
222 West 7th Avenue #23
Anchorage, AK 99513-7575
Voice: 1-907-271-5088
Fax: 1-907-271-3711
Recorded Forecast: 1-800-472-0391
Webmaster Email: ARH Webauthors
Page Modified: 03 Feb 2008 18:00 UTC
About Us
Career Opportunities
Glossary
Credits
Disclaimer
Privacy Policy