CDAK48 PABE 221217
CLIBET

CLIMATE REPORT 
NATIONAL WEATHER SERVICE BETHEL, AK
317 AM AKST SAT NOV 22 2014
...................................
...THE BETHEL AP CLIMATE SUMMARY FOR NOVEMBER 21 2014... 

CLIMATE NORMAL PERIOD  1981 TO  2010 
CLIMATE RECORD PERIOD  1923 TO  2014 

WEATHER ITEM   OBSERVED TIME    RECORD YEAR NORMAL DEPARTURE LAST 
               VALUE    (LST)   VALUE       VALUE  FROM      YEAR 
                                                   NORMAL 
................................................................... 
TEMPERATURE 
YESTERDAY 
 MAXIMUM            31  0341 AM    45  1949     22       9      1 
 MINIMUM            20  1159 PM   -19  2008     10      10     -6 
 AVERAGE            26                          16      10     -3 

PRECIPITATION 
(INCHES) 
 YESTERDAY           T           1.08  1978   0.05   -0.05   0.06 
 MONTH TO DATE    1.07                        1.15   -0.08   2.28 
 SINCE SEP 1      4.42                        5.55   -1.13   9.02 
 SINCE JAN 1     13.73                       16.97   -3.24  19.50 

SNOWFALL 
(INCHES) 
 YESTERDAY           T            2.1  1992    0.4    -0.4    0.6 
 MONTH TO DATE     0.4                         8.7    -8.3    4.8 
 SINCE SEP 1       7.2                        13.7    -6.5    4.8 
 SINCE JUL 1       7.2                        13.7    -6.5    4.8
 SNOW DEPTH (IN)     T                                          1 

DEGREE DAYS 
 HEATING 
  YESTERDAY         39                          49     -10     68 
  MONTH TO DATE    762                         973    -211    825 
  SINCE SEP 1     2395                        2633    -238   2256 
  SINCE JUL 1     2916                        3275    -359   2841

 COOLING 
  YESTERDAY          0                           0       0      0 
  MONTH TO DATE      0                           0       0      0 
  SINCE SEP 1        0                           0       0      0 
  SINCE JAN 1        0                           0       0     18 
................................................................... 

WIND (MPH) 
 HIGHEST WIND SPEED    28     HIGHEST WIND DIRECTION     30      
 HIGHEST GUST SPEED    35     HIGHEST GUST DIRECTION     30 
 AVERAGE WIND SPEED  17.9 

SKY COVER
  POSSIBLE SUNSHINE    MM          AVERAGE SKY COVER     MM
 
WEATHER CONDITIONS 
 THE FOLLOWING WEATHER WAS RECORDED YESTERDAY. 
  GLAZE
  SNOW
 

RELATIVE HUMIDITY
 HIGHEST RH     MM PERCENT       MM
 LOWEST  RH     MM PERCENT       MM
 AVERAGE RH     MM PERCENT       MM
................................................................... 

THE BETHEL CLIMATE NORMALS FOR TODAY 
                           NORMAL    RECORD   YEAR 
 MAXIMUM TEMPERATURE (F)     22        42     1936 
 MINIMUM TEMPERATURE (F)      9       -24     2008 

SUNRISE AND SUNSET 
 NOV 22 2014..........SUNRISE 10:09 AM      SUNSET  4:58 PM   
 NOV 23 2014..........SUNRISE 10:12 AM      SUNSET  4:56 PM   

-  INDICATES NEGATIVE NUMBERS.
R  INDICATES RECORD HAS BEEN SET OR TIED.
MM INDICATES DATA IS MISSING.
T  INDICATES TRACE OF PRECIPITATION.

&&
-------------------------------------------------------------------

AMOUNT OF DAYLIGHT TODAY  (HOUR:MIN)........6 HOURS 49 MINUTES
GAIN/LOSS SINCE YESTERDAY (HOUR:MIN:SEC)....-0:04:24

$$
FONTENOT


Alaska Region Headquarters
222 West 7th Avenue #23
Anchorage, AK 99513-7575
Voice: 1-907-271-5088
Fax: 1-907-271-3711
Recorded Forecast: 1-800-472-0391
Webmaster Email: ARH Webauthors
Page Modified: 03 Feb 2008 18:00 UTC
About Us
Career Opportunities
Glossary
Credits
Disclaimer
Privacy Policy