CDAK48 PABE 181121
CLIBET

CLIMATE REPORT 
NATIONAL WEATHER SERVICE BETHEL, AK
221 AM AKST THU DEC 18 2014
...................................
...THE BETHEL AP CLIMATE SUMMARY FOR DECEMBER 17 2014... 

CLIMATE NORMAL PERIOD  1981 TO  2010 
CLIMATE RECORD PERIOD  1923 TO  2014 

WEATHER ITEM   OBSERVED TIME    RECORD YEAR NORMAL DEPARTURE LAST 
               VALUE    (LST)   VALUE       VALUE  FROM      YEAR 
                                                   NORMAL 
................................................................... 
TEMPERATURE 
YESTERDAY 
 MAXIMUM            27  1243 AM    39  1960     17      10     19 
 MINIMUM            10  0501 PM   -39  1936      4       6     11 
 AVERAGE            19                          10       9     15 

PRECIPITATION 
(INCHES) 
 YESTERDAY        0.00           0.60  1951   0.04   -0.04   0.01 
 MONTH TO DATE    0.64                        0.65   -0.01   0.42 
 SINCE DEC 1      0.64                        0.65   -0.01   0.42 
 SINCE JAN 1     14.87                       18.07   -3.20  20.13 

SNOWFALL 
(INCHES) 
 YESTERDAY         0.0            6.0  1951    0.4    -0.4    0.3 
 MONTH TO DATE     3.3                         6.6    -3.3    0.3 
 SINCE DEC 1       3.3                         6.6    -3.3    0.3 
 SINCE JUL 1      15.5                        24.5    -9.0    7.2
 SNOW DEPTH (IN)     2                                          T 

DEGREE DAYS 
 HEATING 
  YESTERDAY         46                          55      -9     50 
  MONTH TO DATE    791                         905    -114    779 
  SINCE DEC 1      791                         905    -114    778 
  SINCE JUL 1     4066                        4635    -569   4130

 COOLING 
  YESTERDAY          0                           0       0      0 
  MONTH TO DATE      0                           0       0      0 
  SINCE DEC 1        0                           0       0      0 
  SINCE JAN 1        0                           0       0     18 
................................................................... 

WIND (MPH) 
 HIGHEST WIND SPEED    13     HIGHEST WIND DIRECTION    150      
 HIGHEST GUST SPEED    16     HIGHEST GUST DIRECTION    160 
 AVERAGE WIND SPEED   7.4 

SKY COVER
  POSSIBLE SUNSHINE    MM          AVERAGE SKY COVER     MM
 
WEATHER CONDITIONS 
 THE FOLLOWING WEATHER WAS RECORDED YESTERDAY. 
  NO SIGNIFICANT WEATHER WAS OBSERVED. 

RELATIVE HUMIDITY
 HIGHEST RH     MM PERCENT       MM
 LOWEST  RH     MM PERCENT       MM
 AVERAGE RH     MM PERCENT       MM
................................................................... 

THE BETHEL CLIMATE NORMALS FOR TODAY 
                           NORMAL    RECORD   YEAR 
 MAXIMUM TEMPERATURE (F)     17        40     1998 
 MINIMUM TEMPERATURE (F)      3       -32     2001 

SUNRISE AND SUNSET 
 DEC 18 2014..........SUNRISE 10:56 AM      SUNSET  4:33 PM   
 DEC 19 2014..........SUNRISE 10:57 AM      SUNSET  4:33 PM   

-  INDICATES NEGATIVE NUMBERS.
R  INDICATES RECORD HAS BEEN SET OR TIED.
MM INDICATES DATA IS MISSING.
T  INDICATES TRACE OF PRECIPITATION.

&&
-------------------------------------------------------------------

AMOUNT OF DAYLIGHT TODAY  (HOUR:MIN)........5 HOURS 37 MINUTES
GAIN/LOSS SINCE YESTERDAY (HOUR:MIN:SEC)....-0:00:41

$$
DEC 14
ANDERSON



Alaska Region Headquarters
222 West 7th Avenue #23
Anchorage, AK 99513-7575
Voice: 1-907-271-5088
Fax: 1-907-271-3711
Recorded Forecast: 1-800-472-0391
Webmaster Email: ARH Webauthors
Page Modified: 03 Feb 2008 18:00 UTC
About Us
Career Opportunities
Glossary
Credits
Disclaimer
Privacy Policy