CDAK48 PABE 050018
CLIBET

CLIMATE REPORT
NATIONAL WEATHER SERVICE BETHEL, AK
418 PM AKDT WED MAY 4 2016
...................................
...THE BETHEL AP CLIMATE SUMMARY FOR MAY 4 2016...
VALID TODAY AS OF 2:00 PM LOCAL TIME

CLIMATE NORMAL PERIOD  1981 TO  2010 
CLIMATE RECORD PERIOD  1923 TO  2016 

WEATHER ITEM   OBSERVED TIME    RECORD YEAR NORMAL DEPARTURE LAST 
               VALUE    (LST)   VALUE       VALUE  FROM      YEAR 
                                                   NORMAL 
................................................................... 
TEMPERATURE 
TODAY 
 MAXIMUM            54  0159 PM    59  2004     45       9     57 
 MINIMUM            29  0603 AM     4  1949     29       0     29 
 AVERAGE            42                          37       5     43 

PRECIPITATION 
(INCHES) 
 TODAY            0.00           0.40  2002   0.03   -0.03   0.00 
 MONTH TO DATE    0.18                        0.13    0.05   0.11 
 SINCE MAR 1      1.60                        1.58    0.02   1.67 
 SINCE JAN 1      1.99                        3.08   -1.09   2.71 

SNOWFALL 
(INCHES) 
 TODAY             0.0            4.7  2005    0.1    -0.1    0.0 
 MONTH TO DATE     0.0                         0.4    -0.4      T
 SINCE MAR 1       2.9                        14.3   -11.4   16.6
 SINCE JUL 1      29.4                        60.1   -30.7   42.1
 SNOW DEPTH (IN)     0                                          0

DEGREE DAYS 
 HEATING 
  TODAY             23                          28      -5     22 
  MONTH TO DATE     87                         114     -27     99
  SINCE MAR 1     2138                        2800    -662   2503
  SINCE JUL 1     9587                       11546   -1959  10289

 COOLING 
  TODAY              0                           0       0      0 
  MONTH TO DATE      0                           0       0      0 
  SINCE MAR 1        0                           0       0      0 
  SINCE JAN 1        0                           0       0      0 
................................................................... 

WIND (MPH) 
 HIGHEST WIND SPEED    16     HIGHEST WIND DIRECTION    150      
 HIGHEST GUST SPEED    19     HIGHEST GUST DIRECTION    150 
 AVERAGE WIND SPEED    MM 

SKY COVER
  POSSIBLE SUNSHINE  MM            AVERAGE SKY COVER MM
 
WEATHER CONDITIONS 
 THE FOLLOWING WEATHER WAS RECORDED TODAY. 
 

RELATIVE HUMIDITY
 HIGHEST RH     MM PERCENT       MM
 LOWEST  RH     MM PERCENT       MM
 AVERAGE RH     MM PERCENT       MM
................................................................... 

THE BETHEL CLIMATE NORMALS FOR TOMORROW 
                        NORMAL    RECORD   YEAR 
 MAXIMUM TEMPERATURE      46        61     1997 
 MINIMUM TEMPERATURE      29         0     1949 

SUNRISE AND SUNSET 
 MAY 4 2016..........SUNRISE  6:31 AM      SUNSET 11:00 PM    
 MAY 5 2016..........SUNRISE  6:28 AM      SUNSET 11:03 PM    

-  INDICATES NEGATIVE NUMBERS.
R  INDICATES RECORD HAS BEEN SET OR TIED.
MM INDICATES DATA IS MISSING.
T  INDICATES TRACE OF PRECIPITATION.

&&
-------------------------------------------------------------------

AMOUNT OF DAYLIGHT TODAY  (HOUR:MIN)........16 HOURS 29 MINUTES
GAIN/LOSS SINCE YESTERDAY (HOUR:MIN:SEC)....+0:05:20

$$
RSD MAY 16


Alaska Region Headquarters
222 West 7th Avenue #23
Anchorage, AK 99513-7575
Voice: 1-907-271-5088
Fax: 1-907-271-3711
Recorded Forecast: 1-800-472-0391
Webmaster Email: ARH Webauthors
Page Modified: 03 Feb 2008 18:00 UTC
About Us
Career Opportunities
Glossary
Credits
Disclaimer
Privacy Policy