CDAK48 PABE 301209
CLIBET

CLIMATE REPORT 
NATIONAL WEATHER SERVICE BETHEL, AK
409 AM AKDT THU OCT 30 2014
...................................
...THE BETHEL AP CLIMATE SUMMARY FOR OCTOBER 29 2014... 

CLIMATE NORMAL PERIOD  1981 TO  2010 
CLIMATE RECORD PERIOD  1923 TO  2014 

WEATHER ITEM   OBSERVED TIME    RECORD YEAR NORMAL DEPARTURE LAST 
               VALUE    (LST)   VALUE       VALUE  FROM      YEAR 
                                                   NORMAL 
................................................................... 
TEMPERATURE 
YESTERDAY 
 MAXIMUM            32  0329 PM    51  2003     29       3     41 
 MINIMUM            24  1159 PM    -3  2001     19       5     30 
 AVERAGE            28                          24       4     36 

PRECIPITATION 
(INCHES) 
 YESTERDAY        0.03           0.48  1935   0.05   -0.02      T 
 MONTH TO DATE    2.09                        1.56    0.53   4.22 
 SINCE SEP 1      3.35                        4.31   -0.96   6.74 
 SINCE JAN 1     12.66                       15.73   -3.07  17.22 

SNOWFALL 
(INCHES) 
 YESTERDAY         0.3            2.3  1970    0.3     0.0    0.0 
 MONTH TO DATE     6.8                         3.9     2.9      T 
 SINCE SEP 1       6.8                         4.5     2.3    0.0 
 SINCE JUL 1       6.8                         4.5     2.3      T
 SNOW DEPTH (IN)     T                                          0 

DEGREE DAYS 
 HEATING 
  YESTERDAY         37                          41      -4     29 
  MONTH TO DATE   1037                         992      45    748 
  SINCE SEP 1     1540                        1576     -36   1359 
  SINCE JUL 1     2061                        2218    -157   1943

 COOLING 
  YESTERDAY          0                           0       0      0 
  MONTH TO DATE      0                           0       0      0 
  SINCE SEP 1        0                           0       0      0 
  SINCE JAN 1        0                           0       0     18 
................................................................... 

WIND (MPH) 
 HIGHEST WIND SPEED    15     HIGHEST WIND DIRECTION    340      
 HIGHEST GUST SPEED    16     HIGHEST GUST DIRECTION    340 
 AVERAGE WIND SPEED   7.7 

SKY COVER
  POSSIBLE SUNSHINE    MM          AVERAGE SKY COVER     MM
 
WEATHER CONDITIONS 
 THE FOLLOWING WEATHER WAS RECORDED YESTERDAY. 
  FOG
SNOW
 

RELATIVE HUMIDITY
 HIGHEST RH     MM PERCENT       MM
 LOWEST  RH     MM PERCENT       MM
 AVERAGE RH     MM PERCENT       MM
................................................................... 

THE BETHEL CLIMATE NORMALS FOR TODAY 
                           NORMAL    RECORD   YEAR 
 MAXIMUM TEMPERATURE (F)     28        50     1936 
 MINIMUM TEMPERATURE (F)     18        -6     2001 

SUNRISE AND SUNSET 
 OCT 30 2014..........SUNRISE 10:09 AM      SUNSET  6:53 PM   
 OCT 31 2014..........SUNRISE 10:12 AM      SUNSET  6:50 PM   

-  INDICATES NEGATIVE NUMBERS.
R  INDICATES RECORD HAS BEEN SET OR TIED.
MM INDICATES DATA IS MISSING.
T  INDICATES TRACE OF PRECIPITATION.

&&
-------------------------------------------------------------------

AMOUNT OF DAYLIGHT TODAY  (HOUR:MIN)........8 HOURS 44 MINUTES
GAIN/LOSS SINCE YESTERDAY (HOUR:MIN:SEC)....-0:05:24

$$
FONTENOT



Alaska Region Headquarters
222 West 7th Avenue #23
Anchorage, AK 99513-7575
Voice: 1-907-271-5088
Fax: 1-907-271-3711
Recorded Forecast: 1-800-472-0391
Webmaster Email: ARH Webauthors
Page Modified: 03 Feb 2008 18:00 UTC
About Us
Career Opportunities
Glossary
Credits
Disclaimer
Privacy Policy