CDAK48 PABE 281125
CLIBET

CLIMATE REPORT 
NATIONAL WEATHER SERVICE BETHEL, AK
225 AM AKST WED JAN 28 2015
...................................
...THE BETHEL AP CLIMATE SUMMARY FOR JANUARY 27 2015... 

CLIMATE NORMAL PERIOD  1981 TO  2010 
CLIMATE RECORD PERIOD  1923 TO  2015 

WEATHER ITEM   OBSERVED TIME    RECORD YEAR NORMAL DEPARTURE LAST 
               VALUE    (LST)   VALUE       VALUE  FROM      YEAR 
                                                   NORMAL 
................................................................... 
TEMPERATURE 
YESTERDAY 
 MAXIMUM            -1  0159 PM    46  2014     13     -14     46 
 MINIMUM            -6  1145 AM   -47  1989      1      -7     34 
 AVERAGE            -4                           7     -11     40 

PRECIPITATION 
(INCHES) 
 YESTERDAY           T           1.08  2008   0.02   -0.02   0.00 
 MONTH TO DATE    0.51                        0.69   -0.18   1.11 
 SINCE DEC 1      2.10                        1.81    0.29   3.17 
 SINCE JAN 1      0.51                        0.69   -0.18   1.11 

SNOWFALL 
(INCHES) 
 YESTERDAY           T           13.0  2008    0.3    -0.3    0.0 
 MONTH TO DATE     1.2                         8.6    -7.4    7.5 
 SINCE DEC 1       7.7                        20.0   -12.3   14.8 
 SINCE JUL 1      19.9                        37.9   -18.0   21.7
 SNOW DEPTH (IN)     1                                          T 

DEGREE DAYS 
 HEATING 
  YESTERDAY         69                          58      11     25 
  MONTH TO DATE   1496                        1583     -87   1091 
  SINCE DEC 1     2901                        3277    -376   2635 
  SINCE JUL 1     6176                        7007    -831   5989

 COOLING 
  YESTERDAY          0                           0       0      0 
  MONTH TO DATE      0                           0       0      0 
  SINCE DEC 1        0                           0       0      0 
  SINCE JAN 1        0                           0       0      0 
................................................................... 

WIND (MPH) 
 HIGHEST WIND SPEED    23     HIGHEST WIND DIRECTION     20      
 HIGHEST GUST SPEED    26     HIGHEST GUST DIRECTION     20 
 AVERAGE WIND SPEED  18.1 

SKY COVER
  POSSIBLE SUNSHINE    MM          AVERAGE SKY COVER     MM
 
WEATHER CONDITIONS 
 THE FOLLOWING WEATHER WAS RECORDED YESTERDAY. 
  SNOW
 

RELATIVE HUMIDITY
 HIGHEST RH     MM PERCENT       MM
 LOWEST  RH     MM PERCENT       MM
 AVERAGE RH     MM PERCENT       MM
................................................................... 

THE BETHEL CLIMATE NORMALS FOR TODAY 
                           NORMAL    RECORD   YEAR 
 MAXIMUM TEMPERATURE (F)     13        43     2014 
 MINIMUM TEMPERATURE (F)      2       -48     1989 

SUNRISE AND SUNSET 
 JAN 28 2015..........SUNRISE 10:15 AM      SUNSET  5:47 PM   
 JAN 29 2015..........SUNRISE 10:13 AM      SUNSET  5:50 PM   

-  INDICATES NEGATIVE NUMBERS.
R  INDICATES RECORD HAS BEEN SET OR TIED.
MM INDICATES DATA IS MISSING.
T  INDICATES TRACE OF PRECIPITATION.

&&
-------------------------------------------------------------------

AMOUNT OF DAYLIGHT TODAY  (HOUR:MIN)........7 HOURS 32 MINUTES
GAIN/LOSS SINCE YESTERDAY (HOUR:MIN:SEC)....+0:04:59

$$




Alaska Region Headquarters
222 West 7th Avenue #23
Anchorage, AK 99513-7575
Voice: 1-907-271-5088
Fax: 1-907-271-3711
Recorded Forecast: 1-800-472-0391
Webmaster Email: ARH Webauthors
Page Modified: 03 Feb 2008 18:00 UTC
About Us
Career Opportunities
Glossary
Credits
Disclaimer
Privacy Policy