CDAK48 PABE 191207
CLIBET

CLIMATE REPORT 
NATIONAL WEATHER SERVICE BETHEL, AK
407 AM AKDT SUN APR 19 2015
...................................
...THE BETHEL AP CLIMATE SUMMARY FOR APRIL 18 2015... 

CLIMATE NORMAL PERIOD  1981 TO  2015 
CLIMATE RECORD PERIOD  1923 TO  2015 

WEATHER ITEM   OBSERVED TIME    RECORD YEAR NORMAL DEPARTURE LAST 
               VALUE    (LST)   VALUE       VALUE  FROM      YEAR 
                                                   NORMAL 
................................................................... 
TEMPERATURE 
YESTERDAY 
 MAXIMUM            49  0413 PM    50  1926     36      13     49 
 MINIMUM            30  1157 PM    -9  1924     21       9     29 
 AVERAGE            40                          28      12     39 

PRECIPITATION 
(INCHES) 
 YESTERDAY        0.01           0.92  1983   0.03   -0.02   0.14 
 MONTH TO DATE    0.42                        0.42    0.00   0.31 
 SINCE MAR 1      0.92                        1.13   -0.21   0.79 
 SINCE JAN 1      1.96                        2.63   -0.67   2.37 

SNOWFALL 
(INCHES) 
 YESTERDAY         0.0            4.4  1983    0.2    -0.2    0.0 
 MONTH TO DATE     4.6                         4.0     0.6    1.0 
 SINCE MAR 1      11.4                        12.2    -0.8    5.7 
 SINCE JUL 1      36.9                        58.0   -21.1   27.8
 SNOW DEPTH (IN)     T                                          0 

DEGREE DAYS 
 HEATING 
  YESTERDAY         25                          37     -12     26 
  MONTH TO DATE    697                         745     -48    647 
  SINCE MAR 1     2067                        2289    -222   2260 
  SINCE JUL 1     9842                       11035   -1193   9735

 COOLING 
  YESTERDAY          0                           0       0      0 
  MONTH TO DATE      0                           0       0      0 
  SINCE MAR 1        0                           0       0      0 
  SINCE JAN 1        0                           0       0      0 
................................................................... 

WIND (MPH) 
 HIGHEST WIND SPEED    30     HIGHEST WIND DIRECTION    160      
 HIGHEST GUST SPEED    38     HIGHEST GUST DIRECTION    150 
 AVERAGE WIND SPEED  13.2 

SKY COVER
  POSSIBLE SUNSHINE    MM          AVERAGE SKY COVER     MM
 
WEATHER CONDITIONS 
 THE FOLLOWING WEATHER WAS RECORDED YESTERDAY. 
  RAIN
 

RELATIVE HUMIDITY
 HIGHEST RH     MM PERCENT       MM
 LOWEST  RH     MM PERCENT       MM
 AVERAGE RH     MM PERCENT       MM
................................................................... 

THE BETHEL CLIMATE NORMALS FOR TODAY 
                           NORMAL    RECORD   YEAR 
 MAXIMUM TEMPERATURE (F)     37        53     1951 
 MINIMUM TEMPERATURE (F)     21        -9     1960 

SUNRISE AND SUNSET 
 APR 19 2015..........SUNRISE  7:16 AM      SUNSET 10:19 PM   
 APR 20 2015..........SUNRISE  7:13 AM      SUNSET 10:22 PM   

-  INDICATES NEGATIVE NUMBERS.
R  INDICATES RECORD HAS BEEN SET OR TIED.
MM INDICATES DATA IS MISSING.
T  INDICATES TRACE OF PRECIPITATION.

&&
-------------------------------------------------------------------

AMOUNT OF DAYLIGHT TODAY  (HOUR:MIN)........15 HOURS 3 MINUTES
GAIN/LOSS SINCE YESTERDAY (HOUR:MIN:SEC)....+0:05:35

$$
*** APR 15


Alaska Region Headquarters
222 West 7th Avenue #23
Anchorage, AK 99513-7575
Voice: 1-907-271-5088
Fax: 1-907-271-3711
Recorded Forecast: 1-800-472-0391
Webmaster Email: ARH Webauthors
Page Modified: 03 Feb 2008 18:00 UTC
About Us
Career Opportunities
Glossary
Credits
Disclaimer
Privacy Policy