CDAK48 PABE 291237
CLIBET

CLIMATE REPORT 
NATIONAL WEATHER SERVICE BETHEL, AK
437 AM AKDT WED JUN 29 2016
...................................
...THE BETHEL AP CLIMATE SUMMARY FOR JUNE 28 2016... 

CLIMATE NORMAL PERIOD  1981 TO  2010 
CLIMATE RECORD PERIOD  1923 TO  2016 

WEATHER ITEM   OBSERVED TIME    RECORD YEAR NORMAL DEPARTURE LAST 
               VALUE    (LST)   VALUE       VALUE  FROM      YEAR 
                                                   NORMAL 
................................................................... 
TEMPERATURE 
YESTERDAY 
 MAXIMUM            70  0528 PM    87  1939     64       6     74 
 MINIMUM            44  0404 AM    36  1933     48      -4     41 
 AVERAGE            57                          56       1     58 

PRECIPITATION 
(INCHES) 
 YESTERDAY        0.00           0.62  1931   0.06   -0.06      T 
 MONTH TO DATE    1.46                        1.60   -0.14   0.28 
 SINCE JUN 1      1.46                        1.60   -0.14   0.28 
 SINCE JAN 1      4.72                        5.69   -0.97   4.68 

SNOWFALL 
(INCHES) 
 YESTERDAY         0.0            0.0  2016    0.0     0.0    0.0 
 MONTH TO DATE     0.0                         0.0     0.0    0.0 
 SINCE JUN 1       0.0                         0.0     0.0    0.0 
 SINCE JUL 1      29.4                        61.8   -32.4   42.1
 SNOW DEPTH (IN)     0                                          0 

DEGREE DAYS 
 HEATING 
  YESTERDAY          8                           9      -1      7 
  MONTH TO DATE    267                         359     -92    227 
  SINCE JUN 1      267                         359     -92    227 
  SINCE JUL 1    10255                       12507   -2252  10979

 COOLING 
  YESTERDAY          0                           0       0      0 
  MONTH TO DATE      0                           0       0     10 
  SINCE JUN 1        0                           0       0     10 
  SINCE JAN 1        0                           0       0     10 
................................................................... 

WIND (MPH) 
 HIGHEST WIND SPEED    21     HIGHEST WIND DIRECTION    220      
 HIGHEST GUST SPEED    27     HIGHEST GUST DIRECTION    210 
 AVERAGE WIND SPEED  11.1 


WEATHER CONDITIONS 
 THE FOLLOWING WEATHER WAS RECORDED YESTERDAY. 
 FOG
................................................................... 

THE BETHEL CLIMATE NORMALS FOR TODAY 
                           NORMAL    RECORD   YEAR 
 MAXIMUM TEMPERATURE (F)     64        87     1934 
 MINIMUM TEMPERATURE (F)     48        37     1968 

SUNRISE AND SUNSET 
 JUN 29 2016..........SUNRISE  5:20 AM      SUNSET 12:23 AM   
 JUN 30 2016..........SUNRISE  5:21 AM      SUNSET 12:22 AM   

-  INDICATES NEGATIVE NUMBERS.
R  INDICATES RECORD HAS BEEN SET OR TIED.
MM INDICATES DATA IS MISSING.
T  INDICATES TRACE OF PRECIPITATION.

&&
-------------------------------------------------------------------

AMOUNT OF DAYLIGHT TODAY  (HOUR:MIN)........19 HOURS 3 MINUTES
LOSS SINCE YESTERDAY (HOUR:MIN:SEC)....-0:01:33

$$
CR JUN 16


Alaska Region Headquarters
222 West 7th Avenue #23
Anchorage, AK 99513-7575
Voice: 1-907-271-5088
Fax: 1-907-271-3711
Recorded Forecast: 1-800-472-0391
Webmaster Email: ARH Webauthors
Page Modified: 03 Feb 2008 18:00 UTC
About Us
Career Opportunities
Glossary
Credits
Disclaimer
Privacy Policy