CDAK48 PABE 311215
CLIBET

CLIMATE REPORT 
NATIONAL WEATHER SERVICE BETHEL, AK
415 AM AKDT FRI JUL 31 2015
...................................
...THE BETHEL AP CLIMATE SUMMARY FOR JULY 30 2015... 

CLIMATE NORMAL PERIOD  1981 TO  2010 
CLIMATE RECORD PERIOD  1923 TO  2015 

WEATHER ITEM   OBSERVED TIME    RECORD YEAR NORMAL DEPARTURE LAST 
               VALUE    (LST)   VALUE       VALUE  FROM      YEAR 
                                                   NORMAL 
................................................................... 
TEMPERATURE 
YESTERDAY 
 MAXIMUM            72  0601 PM    76  1965     62      10     78 
 MINIMUM            47  0658 AM    39  1939     49      -2     51 
 AVERAGE            60                          55       5     65 

PRECIPITATION 
(INCHES) 
 YESTERDAY        0.11           0.58  2001   0.10    0.01   0.00 
 MONTH TO DATE    2.08                        2.26   -0.18   2.45 
 SINCE JUN 1      2.36                        3.98   -1.62   3.97 
 SINCE JAN 1      6.76                        8.07   -1.31   7.01 

SNOWFALL 
(INCHES) 
 YESTERDAY         0.0            0.0  2015    0.0     0.0    0.0 
 MONTH TO DATE     0.0                         0.0     0.0    0.0 
 SINCE JUN 1       0.0                         0.0     0.0    0.0 
 SINCE JUL 1       0.0                         0.0     0.0    0.0
 SNOW DEPTH (IN)     0                                          0 

DEGREE DAYS 
 HEATING 
  YESTERDAY          5                          10      -5      0 
  MONTH TO DATE    234                         274     -40    266 
  SINCE JUN 1      472                         651    -179    686 
  SINCE JUL 1      234                         274     -40    266

 COOLING 
  YESTERDAY          0                           0       0      0 
  MONTH TO DATE      1                           0       1      0 
  SINCE JUN 1       11                           0      11      0 
  SINCE JAN 1       11                           0      11      0 
................................................................... 

WIND (MPH) 
 HIGHEST WIND SPEED    15     HIGHEST WIND DIRECTION    220      
 HIGHEST GUST SPEED    23     HIGHEST GUST DIRECTION    270 
 AVERAGE WIND SPEED   4.9 

SKY COVER
  POSSIBLE SUNSHINE    MM          AVERAGE SKY COVER     MM
 
WEATHER CONDITIONS 
 THE FOLLOWING WEATHER WAS RECORDED YESTERDAY. 
 FOG
 RAIN
 

RELATIVE HUMIDITY
 HIGHEST RH     MM PERCENT       MM
 LOWEST  RH     MM PERCENT       MM
 AVERAGE RH     MM PERCENT       MM
................................................................... 

THE BETHEL CLIMATE NORMALS FOR TODAY 
                           NORMAL    RECORD   YEAR 
 MAXIMUM TEMPERATURE (F)     62        78     1929 
 MINIMUM TEMPERATURE (F)     49        32     1926 

SUNRISE AND SUNSET 
 JUL 31 2015..........SUNRISE  6:21 AM      SUNSET 11:26 PM   
 AUG 1 2015..........SUNRISE  6:23 AM      SUNSET 11:23 PM   

-  INDICATES NEGATIVE NUMBERS.
R  INDICATES RECORD HAS BEEN SET OR TIED.
MM INDICATES DATA IS MISSING.
T  INDICATES TRACE OF PRECIPITATION.

&&
-------------------------------------------------------------------

AMOUNT OF DAYLIGHT TODAY  (HOUR:MIN)........17 HOURS 5 MINUTES
GAIN/LOSS SINCE YESTERDAY (HOUR:MIN:SEC)....-0:05:01

$$
DAC


Alaska Region Headquarters
222 West 7th Avenue #23
Anchorage, AK 99513-7575
Voice: 1-907-271-5088
Fax: 1-907-271-3711
Recorded Forecast: 1-800-472-0391
Webmaster Email: ARH Webauthors
Page Modified: 03 Feb 2008 18:00 UTC
About Us
Career Opportunities
Glossary
Credits
Disclaimer
Privacy Policy