CDAK48 PABE 291204
CLIBET

CLIMATE REPORT 
NATIONAL WEATHER SERVICE BETHEL, AK
405 AM AKDT FRI MAY 29 2015
...................................
...THE BETHEL AP CLIMATE SUMMARY FOR MAY 28 2015... 

CLIMATE NORMAL PERIOD  1981 TO  2015 
CLIMATE RECORD PERIOD  1923 TO  2015 

WEATHER ITEM   OBSERVED TIME    RECORD YEAR NORMAL DEPARTURE LAST 
               VALUE    (LST)   VALUE       VALUE  FROM      YEAR 
                                                   NORMAL 
................................................................... 
TEMPERATURE 
YESTERDAY 
 MAXIMUM            58  0726 PM    75  2013     55       3     51 
 MINIMUM            38  0442 AM    25  1934     38       0     43 
 AVERAGE            48                          47       1     47 

PRECIPITATION 
(INCHES) 
 YESTERDAY           T           0.46  1970   0.04   -0.04   0.10 
 MONTH TO DATE    1.80                        1.01    0.79   0.46 
 SINCE MAR 1      3.36                        2.46    0.90   1.28 
 SINCE JAN 1      4.40                        3.96    0.44   2.86 

SNOWFALL 
(INCHES) 
 YESTERDAY         0.0              T  2009    0.0     0.0    0.0 
 MONTH TO DATE       T                         2.0    -2.0    0.0 
 SINCE MAR 1      16.6                        15.9     0.7    5.7 
 SINCE JUL 1      42.1                        61.7   -19.6   27.8
 SNOW DEPTH (IN)     0                                          0 

DEGREE DAYS 
 HEATING 
  YESTERDAY         17                          19      -2     18 
  MONTH TO DATE    538                         663    -125    583 
  SINCE MAR 1     2942                        3349    -407   3128 
  SINCE JUL 1    10717                       12095   -1378  10603

 COOLING 
  YESTERDAY          0                           0       0      0 
  MONTH TO DATE      0                           0       0      0 
  SINCE MAR 1        0                           0       0      0 
  SINCE JAN 1        0                           0       0      0 
................................................................... 

WIND (MPH) 
 HIGHEST WIND SPEED    15     HIGHEST WIND DIRECTION    160      
 HIGHEST GUST SPEED    20     HIGHEST GUST DIRECTION    170 
 AVERAGE WIND SPEED   6.3 

SKY COVER
  POSSIBLE SUNSHINE    MM          AVERAGE SKY COVER     MM
 
WEATHER CONDITIONS 
 THE FOLLOWING WEATHER WAS RECORDED YESTERDAY. 
  SMOKE OR HAZE
FOG
RAIN
 

RELATIVE HUMIDITY
 HIGHEST RH     MM PERCENT       MM
 LOWEST  RH     MM PERCENT       MM
 AVERAGE RH     MM PERCENT       MM
................................................................... 

THE BETHEL CLIMATE NORMALS FOR TODAY 
                           NORMAL    RECORD   YEAR 
 MAXIMUM TEMPERATURE (F)     56        72     2006 
 MINIMUM TEMPERATURE (F)     38        25     1962 

SUNRISE AND SUNSET 
 MAY 29 2015..........SUNRISE  5:34 AM      SUNSET 11:58 PM   
 MAY 30 2015..........SUNRISE  5:32 AM      SUNSET 12:00 PM   

-  INDICATES NEGATIVE NUMBERS.
R  INDICATES RECORD HAS BEEN SET OR TIED.
MM INDICATES DATA IS MISSING.
T  INDICATES TRACE OF PRECIPITATION.

&&
-------------------------------------------------------------------

AMOUNT OF DAYLIGHT TODAY  (HOUR:MIN)........18 HOURS 24 MINUTES
GAIN/LOSS SINCE YESTERDAY (HOUR:MIN:SEC)....+0:03:50

$$
RD MAY 15


Alaska Region Headquarters
222 West 7th Avenue #23
Anchorage, AK 99513-7575
Voice: 1-907-271-5088
Fax: 1-907-271-3711
Recorded Forecast: 1-800-472-0391
Webmaster Email: ARH Webauthors
Page Modified: 03 Feb 2008 18:00 UTC
About Us
Career Opportunities
Glossary
Credits
Disclaimer
Privacy Policy