CDAK48 PABE 041205
CLIBET

CLIMATE REPORT 
NATIONAL WEATHER SERVICE BETHEL, AK
305 AM AKST WED MAR 4 2015
...................................
...THE BETHEL AP CLIMATE SUMMARY FOR MARCH 3 2015... 

CLIMATE NORMAL PERIOD  1981 TO  2010 
CLIMATE RECORD PERIOD  1923 TO  2015 

WEATHER ITEM   OBSERVED TIME    RECORD YEAR NORMAL DEPARTURE LAST 
               VALUE    (LST)   VALUE       VALUE  FROM      YEAR 
                                                   NORMAL 
................................................................... 
TEMPERATURE 
YESTERDAY 
 MAXIMUM            36  0245 PM    40  1940     21      15     24 
 MINIMUM            23  1159 PM   -31  1956      6      17     15 
 AVERAGE            30                          14      16     20 

PRECIPITATION 
(INCHES) 
 YESTERDAY        0.06           1.21  1949   0.02    0.04   0.00 
 MONTH TO DATE    0.08                        0.07    0.01   0.00 
 SINCE MAR 1      0.08                        0.07    0.01   0.00 
 SINCE JAN 1      1.13                        1.57   -0.44   1.58 

SNOWFALL 
(INCHES) 
 YESTERDAY           T            12.7  1949   0.3    -0.3    0.0 
 MONTH TO DATE       T                         0.8    -0.8    0.0 
 SINCE MAR 1       0.0                         0.8    -0.8    0.0 
 SINCE JUL 1      25.6                        46.6   -21.0   22.1
 SNOW DEPTH (IN)     1                                          T 

DEGREE DAYS 
 HEATING 
  YESTERDAY         35                          52     -17     45 
  MONTH TO DATE    105                         156     -51    118 
  SINCE MAR 1      105                         156     -51    118 
  SINCE JUL 1     7880                        8902   -1022   7593

 COOLING 
  YESTERDAY          0                           0       0      0 
  MONTH TO DATE      0                           0       0      0 
  SINCE MAR 1        0                           0       0      0 
  SINCE JAN 1        0                           0       0      0 
................................................................... 

WIND (MPH) 
 HIGHEST WIND SPEED    17     HIGHEST WIND DIRECTION    190      
 HIGHEST GUST SPEED    21     HIGHEST GUST DIRECTION    190 
 AVERAGE WIND SPEED   9.3 

SKY COVER
  POSSIBLE SUNSHINE    MM          AVERAGE SKY COVER     MM
 
WEATHER CONDITIONS 
 THE FOLLOWING WEATHER WAS RECORDED YESTERDAY. 
 DRIZZLE
 BLOWING SNOW
 RAIN
 SNOW
 

RELATIVE HUMIDITY
 HIGHEST RH     MM PERCENT       MM
 LOWEST  RH     MM PERCENT       MM
 AVERAGE RH     MM PERCENT       MM
................................................................... 

THE BETHEL CLIMATE NORMALS FOR TODAY 
                           NORMAL    RECORD   YEAR 
 MAXIMUM TEMPERATURE (F)     21        43     1940 
 MINIMUM TEMPERATURE (F)      6       -30     1977 

SUNRISE AND SUNSET 
 MAR 4 2015..........SUNRISE  8:39 AM      SUNSET  7:22 PM   
 MAR 5 2015..........SUNRISE  8:35 AM      SUNSET  7:24 PM   

-  INDICATES NEGATIVE NUMBERS.
R  INDICATES RECORD HAS BEEN SET OR TIED.
MM INDICATES DATA IS MISSING.
T  INDICATES TRACE OF PRECIPITATION.

&&
-------------------------------------------------------------------

AMOUNT OF DAYLIGHT TODAY  (HOUR:MIN)........10 HOURS 43 MINUTES
GAIN/LOSS SINCE YESTERDAY (HOUR:MIN:SEC)....+0:05:38

$$
DAC



Alaska Region Headquarters
222 West 7th Avenue #23
Anchorage, AK 99513-7575
Voice: 1-907-271-5088
Fax: 1-907-271-3711
Recorded Forecast: 1-800-472-0391
Webmaster Email: ARH Webauthors
Page Modified: 03 Feb 2008 18:00 UTC
About Us
Career Opportunities
Glossary
Credits
Disclaimer
Privacy Policy