CDAK48 PABE 011007
CLIBET

CLIMATE REPORT 
NATIONAL WEATHER SERVICE BETHEL, AK
207 AM AKDT WED OCT 1 2014
...................................
...THE BETHEL AP CLIMATE SUMMARY FOR SEPTEMBER 30 2014... 

CLIMATE NORMAL PERIOD  1981 TO  2010 
CLIMATE RECORD PERIOD  1923 TO  2014 

WEATHER ITEM   OBSERVED TIME    RECORD YEAR NORMAL DEPARTURE LAST 
               VALUE    (LST)   VALUE       VALUE  FROM      YEAR 
                                                   NORMAL 
................................................................... 
TEMPERATURE 
YESTERDAY 
 MAXIMUM            49  0306 PM    70  1954     45       4     38 
 MINIMUM            32  0805 AM    18  1970     33      -1     28 
 AVERAGE            41                          39       2     33 

PRECIPITATION 
(INCHES) 
 YESTERDAY        0.00           1.17  1940   0.08   -0.08   0.00 
 MONTH TO DATE    1.26                        2.75   -1.49   2.52 
 SINCE SEP 1      1.26                        2.75   -1.49   2.52 
 SINCE JAN 1     10.57                       14.17   -3.60  13.00 

SNOWFALL 
(INCHES) 
 YESTERDAY         0.0            1.8  2010    0.1    -0.1    0.0 
 MONTH TO DATE     0.0                         0.6    -0.6      T 
 SINCE SEP 1       0.0                         0.6    -0.6    0.0 
 SINCE JUL 1       0.0                         0.6    -0.6      T
 SNOW DEPTH (IN)     0                                          0 

DEGREE DAYS 
 HEATING 
  YESTERDAY         24                          26      -2     32 
  MONTH TO DATE    503                         584     -81    611 
  SINCE SEP 1      503                         584     -81    611 
  SINCE JUL 1     1024                        1226    -202   1195

 COOLING 
  YESTERDAY          0                           0       0      0 
  MONTH TO DATE      0                           0       0      0 
  SINCE SEP 1        0                           0       0      0 
  SINCE JAN 1        0                           0       0     18 
................................................................... 

WIND (MPH) 
 HIGHEST WIND SPEED    10     HIGHEST WIND DIRECTION    350      
 HIGHEST GUST SPEED    15     HIGHEST GUST DIRECTION     30 
 AVERAGE WIND SPEED   4.5 

SKY COVER
  POSSIBLE SUNSHINE    MM          AVERAGE SKY COVER     MM
 
WEATHER CONDITIONS 
 THE FOLLOWING WEATHER WAS RECORDED YESTERDAY. 
  FOG
 

RELATIVE HUMIDITY
 HIGHEST RH     MM PERCENT       MM
 LOWEST  RH     MM PERCENT       MM
 AVERAGE RH     MM PERCENT       MM
................................................................... 

THE BETHEL CLIMATE NORMALS FOR TODAY 
                           NORMAL    RECORD   YEAR 
 MAXIMUM TEMPERATURE (F)     45        63     1954 
 MINIMUM TEMPERATURE (F)     32        18     1970 

SUNRISE AND SUNSET 
 OCT 1 2014..........SUNRISE  8:55 AM      SUNSET  8:19 PM   
 OCT 2 2014..........SUNRISE  8:57 AM      SUNSET  8:16 PM   

-  INDICATES NEGATIVE NUMBERS.
R  INDICATES RECORD HAS BEEN SET OR TIED.
MM INDICATES DATA IS MISSING.
T  INDICATES TRACE OF PRECIPITATION.

&&
-------------------------------------------------------------------

AMOUNT OF DAYLIGHT TODAY  (HOUR:MIN)........11 HOURS 24 MINUTES
GAIN/LOSS SINCE YESTERDAY (HOUR:MIN:SEC)....-0:05:34

$$
DPA OCT 14


Alaska Region Headquarters
222 West 7th Avenue #23
Anchorage, AK 99513-7575
Voice: 1-907-271-5088
Fax: 1-907-271-3711
Recorded Forecast: 1-800-472-0391
Webmaster Email: ARH Webauthors
Page Modified: 03 Feb 2008 18:00 UTC
About Us
Career Opportunities
Glossary
Credits
Disclaimer
Privacy Policy