CDAK48 PABE 202157
CLIBET

CLIMATE REPORT
NATIONAL WEATHER SERVICE BETHEL, AK
157 PM AKDT WED AUG 20 2014
...................................
...THE BETHEL AP CLIMATE SUMMARY FOR AUGUST 20 2014...
VALID TODAY AS OF 2:00 PM LOCAL TIME

CLIMATE NORMAL PERIOD  1981 TO  2010 
CLIMATE RECORD PERIOD  1923 TO  2014 

WEATHER ITEM   OBSERVED TIME    RECORD YEAR NORMAL DEPARTURE LAST 
               VALUE    (LST)   VALUE       VALUE  FROM      YEAR 
                                                   NORMAL 
................................................................... 
TEMPERATURE 
TODAY 
 MAXIMUM            61  1231 PM    80  1977     60       1     56 
 MINIMUM            46  0700 AM    33  1926     47      -1     52 
 AVERAGE            54                          53       1     54 

PRECIPITATION 
(INCHES) 
 TODAY            0.00           0.97  1962   0.11   -0.11   0.04 
 MONTH TO DATE    1.68                        2.10   -0.42   1.98 
 SINCE JUN 1      5.93                        6.18   -0.25   5.88 
 SINCE JAN 1      8.97                       10.27   -1.30   9.18 

SNOWFALL 
(INCHES) 
 TODAY             0.0            0.0  2014    0.0     0.0    0.0 
 MONTH TO DATE     0.0                         0.0     0.0    0.0
 SINCE JUN 1       0.0                         0.0     0.0    0.0
 SINCE JUL 1       0.0                         0.0     0.0    0.0
 SNOW DEPTH (IN)     0                                          0

DEGREE DAYS 
 HEATING 
  TODAY             11                          12      -1     11 
  MONTH TO DATE    119                         217     -98    167
  SINCE JUN 1      812                         878     -66    720
  SINCE JUL 1      392                         501    -109    432

 COOLING 
  TODAY              0                           0       0      0 
  MONTH TO DATE      0                           0       0      0 
  SINCE JUN 1        0                           0       0     18 
  SINCE JAN 1        0                           0       0     18 
................................................................... 

WIND (MPH) 
 HIGHEST WIND SPEED    10     HIGHEST WIND DIRECTION     10      
 HIGHEST GUST SPEED    13     HIGHEST GUST DIRECTION    340 
 AVERAGE WIND SPEED    MM 

SKY COVER
  POSSIBLE SUNSHINE  MM            AVERAGE SKY COVER MM
 
WEATHER CONDITIONS 
 THE FOLLOWING WEATHER WAS RECORDED TODAY. 
FOG
 

RELATIVE HUMIDITY
 HIGHEST RH     MM PERCENT       MM
 LOWEST  RH     MM PERCENT       MM
 AVERAGE RH     MM PERCENT       MM
................................................................... 

THE BETHEL CLIMATE NORMALS FOR TOMORROW 
                        NORMAL    RECORD   YEAR 
 MAXIMUM TEMPERATURE      60        84     1977 
 MINIMUM TEMPERATURE      47        36     1993 

SUNRISE AND SUNSET 
 AUG 20 2014..........SUNRISE  7:12 AM      SUNSET 10:29 PM    
 AUG 21 2014..........SUNRISE  7:14 AM      SUNSET 10:26 PM    

-  INDICATES NEGATIVE NUMBERS.
R  INDICATES RECORD HAS BEEN SET OR TIED.
MM INDICATES DATA IS MISSING.
T  INDICATES TRACE OF PRECIPITATION.

&&
-------------------------------------------------------------------

AMOUNT OF DAYLIGHT TODAY  (HOUR:MIN)........15 HOURS 17 MINUTES
GAIN/LOSS SINCE YESTERDAY (HOUR:MIN:SEC)....-0:05:29

$$
BW AUG 14


Alaska Region Headquarters
222 West 7th Avenue #23
Anchorage, AK 99513-7575
Voice: 1-907-271-5088
Fax: 1-907-271-3711
Recorded Forecast: 1-800-472-0391
Webmaster Email: ARH Webauthors
Page Modified: 03 Feb 2008 18:00 UTC
About Us
Career Opportunities
Glossary
Credits
Disclaimer
Privacy Policy