CDAK47 PAYA 270909
CLIYAK

CLIMATE REPORT 
NATIONAL WEATHER SERVICE YAKUTAT, AK
1209 AM AKST THU NOV 27 2014
...................................
...THE YAKUTAT AP CLIMATE SUMMARY FOR NOVEMBER 26 2014... 

CLIMATE NORMAL PERIOD  1981 TO  2010 
CLIMATE RECORD PERIOD  1948 TO  2014 

WEATHER ITEM   OBSERVED TIME    RECORD YEAR NORMAL DEPARTURE LAST 
               VALUE    (LST)   VALUE       VALUE  FROM      YEAR 
                                                   NORMAL 
................................................................... 
TEMPERATURE 
YESTERDAY 
 MAXIMUM            37  0124 PM    50  2002     36       1     40 
 MINIMUM            21  1054 PM    -2  2006     25      -4     31 
 AVERAGE            29                          31      -2     36 

PRECIPITATION 
(INCHES) 
 YESTERDAY           T           5.83  2002   0.48   -0.48   0.59 
 MONTH TO DATE    9.08                       12.53   -3.45   6.52 
 SINCE SEP 1     43.82                       55.62   -11.80  48.92 
 SINCE JAN 1    122.62                      136.92  -14.30 126.55 

SNOWFALL 
(INCHES) 
 YESTERDAY         0.0           14.3  2005    0.8    -0.8    0.0 
 MONTH TO DATE       T                        15.1   -15.1    5.9 
 SINCE SEP 1       0.0                        17.6   -17.6    5.9 
 SINCE JUL 1         T                        17.6   -17.6    5.9
 SNOW DEPTH (IN)     0                                          T 

DEGREE DAYS 
 HEATING 
  YESTERDAY         36                          34       2     29 
  MONTH TO DATE    767                         841     -74    871 
  SINCE SEP 1     1895                        2082    -187   1908 
  SINCE JUL 1     2522                        2760    -238   2472

 COOLING 
  YESTERDAY          0                           0       0      0 
  MONTH TO DATE      0                           0       0      0 
  SINCE SEP 1        0                           0       0      0 
  SINCE JAN 1        0                           0       0      0 
................................................................... 

WIND (MPH) 
 HIGHEST WIND SPEED     6     HIGHEST WIND DIRECTION     40      
 HIGHEST GUST SPEED     7     HIGHEST GUST DIRECTION     80 
 AVERAGE WIND SPEED   0.8 

SKY COVER
  POSSIBLE SUNSHINE    MM          AVERAGE SKY COVER     MM
 
WEATHER CONDITIONS 
 THE FOLLOWING WEATHER WAS RECORDED YESTERDAY. 
  FOG
RAIN
 

RELATIVE HUMIDITY
 HIGHEST RH     MM PERCENT       MM
 LOWEST  RH     MM PERCENT       MM
 AVERAGE RH     MM PERCENT       MM
................................................................... 

THE YAKUTAT CLIMATE NORMALS FOR TODAY 
                           NORMAL    RECORD   YEAR 
 MAXIMUM TEMPERATURE (F)     36        50     2002 
 MINIMUM TEMPERATURE (F)     25       -10     1948 

SUNRISE AND SUNSET 
 NOV 27 2014..........SUNRISE  8:43 AM      SUNSET  3:31 PM   
 NOV 28 2014..........SUNRISE  8:45 AM      SUNSET  3:29 PM   

-  INDICATES NEGATIVE NUMBERS.
R  INDICATES RECORD HAS BEEN SET OR TIED.
MM INDICATES DATA IS MISSING.
T  INDICATES TRACE OF PRECIPITATION.

&&
-------------------------------------------------------------------

AMOUNT OF DAYLIGHT TODAY  (HOUR:MIN)........6 HOURS 48 MINUTES
GAIN/LOSS SINCE YESTERDAY (HOUR:MIN:SEC)....-0:03:37

$$
*** NOV 14



Alaska Region Headquarters
222 West 7th Avenue #23
Anchorage, AK 99513-7575
Voice: 1-907-271-5088
Fax: 1-907-271-3711
Recorded Forecast: 1-800-472-0391
Webmaster Email: ARH Webauthors
Page Modified: 03 Feb 2008 18:00 UTC
About Us
Career Opportunities
Glossary
Credits
Disclaimer
Privacy Policy