CDAK47 PAYA 290903
CLIYAK

CLIMATE REPORT 
NATIONAL WEATHER SERVICE YAKUTAT, AK
1203 AM AKST THU JAN 29 2015
...................................
...THE YAKUTAT AP CLIMATE SUMMARY FOR JANUARY 28 2015... 

CLIMATE NORMAL PERIOD  1981 TO  2010 
CLIMATE RECORD PERIOD  1948 TO  2015 

WEATHER ITEM   OBSERVED TIME    RECORD YEAR NORMAL DEPARTURE LAST 
               VALUE    (LST)   VALUE       VALUE  FROM      YEAR 
                                                   NORMAL 
................................................................... 
TEMPERATURE 
YESTERDAY 
 MAXIMUM            36  0159 PM    44  2014     34       2     44 
 MINIMUM            26  1251 AM   -15  1966     22       4     37 
 AVERAGE            31                          28       3     41 

PRECIPITATION 
(INCHES) 
 YESTERDAY        0.02           2.09  1993   0.42   -0.40   0.16 
 MONTH TO DATE   13.73                       12.48    1.25  24.98 
 SINCE DEC 1     25.78                       28.76   -2.98  34.66 
 SINCE JAN 1     13.73                       12.48    1.25  24.98 

SNOWFALL 
(INCHES) 
 YESTERDAY         0.2           12.4  1989    1.1    -0.9    0.0 
 MONTH TO DATE     1.5                        28.0   -26.5   21.4 
 SINCE DEC 1       3.3                        51.2   -47.9   58.1 
 SINCE JUL 1       8.6                        71.9   -63.3   67.3
 SNOW DEPTH (IN)     1                                          0 

DEGREE DAYS 
 HEATING 
  YESTERDAY         34                          37      -3     24 
  MONTH TO DATE    811                        1035    -224    792 
  SINCE DEC 1     1776                        2131    -355   1952 
  SINCE JUL 1     4456                        5029    -573   4562

 COOLING 
  YESTERDAY          0                           0       0      0 
  MONTH TO DATE      0                           0       0      0 
  SINCE DEC 1        0                           0       0      0 
  SINCE JAN 1        0                           0       0      0 
................................................................... 

WIND (MPH) 
 HIGHEST WIND SPEED     9     HIGHEST WIND DIRECTION     60      
 HIGHEST GUST SPEED    13     HIGHEST GUST DIRECTION     60 
 AVERAGE WIND SPEED   4.6 

SKY COVER
  POSSIBLE SUNSHINE    MM          AVERAGE SKY COVER     MM
 
WEATHER CONDITIONS 
 THE FOLLOWING WEATHER WAS RECORDED YESTERDAY. 
  FOG
RAIN
SNOW
 

RELATIVE HUMIDITY
 HIGHEST RH     MM PERCENT       MM
 LOWEST  RH     MM PERCENT       MM
 AVERAGE RH     MM PERCENT       MM
................................................................... 

THE YAKUTAT CLIMATE NORMALS FOR TODAY 
                           NORMAL    RECORD   YEAR 
 MAXIMUM TEMPERATURE (F)     34        44     1994 
 MINIMUM TEMPERATURE (F)     22       -11     1966 

SUNRISE AND SUNSET 
 JAN 29 2015..........SUNRISE  8:37 AM      SUNSET  4:28 PM   
 JAN 30 2015..........SUNRISE  8:35 AM      SUNSET  4:31 PM   

-  INDICATES NEGATIVE NUMBERS.
R  INDICATES RECORD HAS BEEN SET OR TIED.
MM INDICATES DATA IS MISSING.
T  INDICATES TRACE OF PRECIPITATION.

&&
-------------------------------------------------------------------

AMOUNT OF DAYLIGHT TODAY  (HOUR:MIN)........7 HOURS 51 MINUTES
GAIN/LOSS SINCE YESTERDAY (HOUR:MIN:SEC)....+0:04:41

$$
DC JAN 15


Alaska Region Headquarters
222 West 7th Avenue #23
Anchorage, AK 99513-7575
Voice: 1-907-271-5088
Fax: 1-907-271-3711
Recorded Forecast: 1-800-472-0391
Webmaster Email: ARH Webauthors
Page Modified: 03 Feb 2008 18:00 UTC
About Us
Career Opportunities
Glossary
Credits
Disclaimer
Privacy Policy