CDAK47 PAYA 230930
CLIYAK

CLIMATE REPORT 
NATIONAL WEATHER SERVICE YAKUTAT, AK
130 AM AKDT THU OCT 23 2014
...................................
...THE YAKUTAT AP CLIMATE SUMMARY FOR OCTOBER 22 2014... 

CLIMATE NORMAL PERIOD  1981 TO  2010 
CLIMATE RECORD PERIOD  1948 TO  2014 

WEATHER ITEM   OBSERVED TIME    RECORD YEAR NORMAL DEPARTURE LAST 
               VALUE    (LST)   VALUE       VALUE  FROM      YEAR 
                                                   NORMAL 
................................................................... 
TEMPERATURE 
YESTERDAY 
 MAXIMUM            51  0441 AM    55  1993     46       5     44 
 MINIMUM            34  1151 PM    10  1996     33       1     27 
 AVERAGE            43                          39       4     36 

PRECIPITATION 
(INCHES) 
 YESTERDAY        0.20           2.80  1984   0.65   -0.45   0.00 
 MONTH TO DATE   12.28                       16.65   -4.37  14.70 
 SINCE SEP 1     32.11                       37.76   -5.65  33.23 
 SINCE JAN 1    110.91                      119.06   -8.15 110.86 

SNOWFALL 
(INCHES) 
 YESTERDAY         0.0            5.0  1966    0.1    -0.1    0.0 
 MONTH TO DATE     0.0                         0.9    -0.9    0.0 
 SINCE SEP 1       0.0                         0.9    -0.9    0.0 
 SINCE JUL 1       0.0                         0.9    -0.9    0.0
 SNOW DEPTH (IN)     0                                          0 

DEGREE DAYS 
 HEATING 
  YESTERDAY         22                          26      -4     29 
  MONTH TO DATE    473                         494     -21    439 
  SINCE SEP 1      885                         992    -107    845 
  SINCE JUL 1     1512                        1670    -158   1409

 COOLING 
  YESTERDAY          0                           0       0      0 
  MONTH TO DATE      0                           0       0      0 
  SINCE SEP 1        0                           0       0      0 
  SINCE JAN 1        0                           0       0      0 
................................................................... 

WIND (MPH) 
 HIGHEST WIND SPEED    20     HIGHEST WIND DIRECTION     80      
 HIGHEST GUST SPEED    29     HIGHEST GUST DIRECTION     80 
 AVERAGE WIND SPEED   6.0 

SKY COVER
  POSSIBLE SUNSHINE    MM          AVERAGE SKY COVER     MM
 
WEATHER CONDITIONS 
 THE FOLLOWING WEATHER WAS RECORDED YESTERDAY. 
  RAIN
 

RELATIVE HUMIDITY
 HIGHEST RH     MM PERCENT       MM
 LOWEST  RH     MM PERCENT       MM
 AVERAGE RH     MM PERCENT       MM
................................................................... 

THE YAKUTAT CLIMATE NORMALS FOR TODAY 
                           NORMAL    RECORD   YEAR 
 MAXIMUM TEMPERATURE (F)     45        59     1980 
 MINIMUM TEMPERATURE (F)     33         9     1966 

SUNRISE AND SUNSET 
 OCT 23 2014..........SUNRISE  8:18 AM      SUNSET  5:48 PM   
 OCT 24 2014..........SUNRISE  8:20 AM      SUNSET  5:46 PM   

-  INDICATES NEGATIVE NUMBERS.
R  INDICATES RECORD HAS BEEN SET OR TIED.
MM INDICATES DATA IS MISSING.
T  INDICATES TRACE OF PRECIPITATION.

&&
-------------------------------------------------------------------

AMOUNT OF DAYLIGHT TODAY  (HOUR:MIN)........9 HOURS 30 MINUTES
GAIN/LOSS SINCE YESTERDAY (HOUR:MIN:SEC)....-0:05:11

$$
NM OCT 14



Alaska Region Headquarters
222 West 7th Avenue #23
Anchorage, AK 99513-7575
Voice: 1-907-271-5088
Fax: 1-907-271-3711
Recorded Forecast: 1-800-472-0391
Webmaster Email: ARH Webauthors
Page Modified: 03 Feb 2008 18:00 UTC
About Us
Career Opportunities
Glossary
Credits
Disclaimer
Privacy Policy