CDAK47 PAYA 300917
CLIYAK

CLIMATE REPORT 
NATIONAL WEATHER SERVICE YAKUTAT, AK
117 AM AKDT TUE SEP 30 2014
...................................
...THE YAKUTAT AP CLIMATE SUMMARY FOR SEPTEMBER 29 2014... 

CLIMATE NORMAL PERIOD  1981 TO  2010 
CLIMATE RECORD PERIOD  1948 TO  2014 

WEATHER ITEM   OBSERVED TIME    RECORD YEAR NORMAL DEPARTURE LAST 
               VALUE    (LST)   VALUE       VALUE  FROM      YEAR 
                                                   NORMAL 
................................................................... 
TEMPERATURE 
YESTERDAY 
 MAXIMUM            53  0543 PM    69  2003     52       1     55 
 MINIMUM            46  0640 AM    24  1996     39       7     42 
 AVERAGE            50                          46       4     49 

PRECIPITATION 
(INCHES) 
 YESTERDAY        0.14           2.92  1982   0.80   -0.66   0.01 
 MONTH TO DATE   19.53                       20.30   -0.77  18.53 
 SINCE SEP 1     19.53                       20.30   -0.77  18.53 
 SINCE JAN 1     98.33                      101.60   -3.27  96.16 

SNOWFALL 
(INCHES) 
 YESTERDAY         0.0            0.0  2014    0.0     0.0    0.0 
 MONTH TO DATE     0.0                         0.0     0.0    0.0 
 SINCE SEP 1       0.0                         0.0     0.0    0.0 
 SINCE JUL 1       0.0                         0.0     0.0    0.0
 SNOW DEPTH (IN)     0                                          0 

DEGREE DAYS 
 HEATING 
  YESTERDAY         15                          19      -4     16 
  MONTH TO DATE    388                         479     -91    388 
  SINCE SEP 1      388                         479     -91    388 
  SINCE JUL 1     1015                        1157    -142    952

 COOLING 
  YESTERDAY          0                           0       0      0 
  MONTH TO DATE      0                           0       0      0 
  SINCE SEP 1        0                           0       0      0 
  SINCE JAN 1        0                           0       0      0 
................................................................... 

WIND (MPH) 
 HIGHEST WIND SPEED    15     HIGHEST WIND DIRECTION    220      
 HIGHEST GUST SPEED    20     HIGHEST GUST DIRECTION    200 
 AVERAGE WIND SPEED   3.7 

SKY COVER
  POSSIBLE SUNSHINE    MM          AVERAGE SKY COVER     MM
 
WEATHER CONDITIONS 
 THE FOLLOWING WEATHER WAS RECORDED YESTERDAY. 
  RAIN
 

RELATIVE HUMIDITY
 HIGHEST RH     MM PERCENT       MM
 LOWEST  RH     MM PERCENT       MM
 AVERAGE RH     MM PERCENT       MM
................................................................... 

THE YAKUTAT CLIMATE NORMALS FOR TODAY 
                           NORMAL    RECORD   YEAR 
 MAXIMUM TEMPERATURE (F)     52        62     1967 
 MINIMUM TEMPERATURE (F)     39        21     1996 

SUNRISE AND SUNSET 
 SEP 30 2014..........SUNRISE  7:23 AM      SUNSET  6:54 PM   
 OCT 1 2014..........SUNRISE  7:25 AM      SUNSET  6:51 PM   

-  INDICATES NEGATIVE NUMBERS.
R  INDICATES RECORD HAS BEEN SET OR TIED.
MM INDICATES DATA IS MISSING.
T  INDICATES TRACE OF PRECIPITATION.

&&
-------------------------------------------------------------------

AMOUNT OF DAYLIGHT TODAY  (HOUR:MIN)........11 HOURS 31 MINUTES
GAIN/LOSS SINCE YESTERDAY (HOUR:MIN:SEC)....-0:05:17

$$
*** SEP 14


Alaska Region Headquarters
222 West 7th Avenue #23
Anchorage, AK 99513-7575
Voice: 1-907-271-5088
Fax: 1-907-271-3711
Recorded Forecast: 1-800-472-0391
Webmaster Email: ARH Webauthors
Page Modified: 03 Feb 2008 18:00 UTC
About Us
Career Opportunities
Glossary
Credits
Disclaimer
Privacy Policy