CDAK47 PAYA 241207
CLIYAK

CLIMATE REPORT 
NATIONAL WEATHER SERVICE YAKUTAT, AK
408 AM AKDT THU APR 24 2014
...................................
...THE YAKUTAT AP CLIMATE SUMMARY FOR APRIL 23 2014... 

CLIMATE NORMAL PERIOD  1981 TO  2010 
CLIMATE RECORD PERIOD  1948 TO  2014 

WEATHER ITEM   OBSERVED TIME    RECORD YEAR NORMAL DEPARTURE LAST 
               VALUE    (LST)   VALUE       VALUE  FROM      YEAR 
                                                   NORMAL 
................................................................... 
TEMPERATURE 
YESTERDAY 
 MAXIMUM            43  1122 AM    66  1997     48      -5     43 
 MINIMUM            30  1238 AM    18  1967     32      -2     31 
 AVERAGE            37                          40      -3     37 

PRECIPITATION 
(INCHES) 
 YESTERDAY        0.04           1.74  2006   0.30   -0.26   0.39 
 MONTH TO DATE    3.19                        7.16   -3.97   6.41 
 SINCE MAR 1      7.24                       18.20   -10.96  12.34 
 SINCE JAN 1     34.30                       42.72   -8.42  38.99 

SNOWFALL 
(INCHES) 
 YESTERDAY         0.0            3.1  1970    0.2    -0.2    0.0 
 MONTH TO DATE     5.8                         9.2    -3.4   22.6 
 SINCE MAR 1      13.6                        36.4   -22.8   57.9 
 SINCE JUL 1     109.0                       138.6   -29.6  173.8
 SNOW DEPTH (IN)     T                                         23 

DEGREE DAYS 
 HEATING 
  YESTERDAY         28                          25       3     28 
  MONTH TO DATE    656                         644      12    746 
  SINCE MAR 1     1735                        1666      69   1857 
  SINCE JUL 1     7548                        7795    -247   8102

 COOLING 
  YESTERDAY          0                           0       0      0 
  MONTH TO DATE      0                           0       0      0 
  SINCE MAR 1        0                           0       0      0 
  SINCE JAN 1        0                           0       0      0 
................................................................... 

WIND (MPH) 
 HIGHEST WIND SPEED     7     HIGHEST WIND DIRECTION    230      
 HIGHEST GUST SPEED    10     HIGHEST GUST DIRECTION    230 
 AVERAGE WIND SPEED   0.6 

WEATHER CONDITIONS 
 THE FOLLOWING WEATHER WAS RECORDED YESTERDAY. 
  FOG
RAIN
................................................................... 

THE YAKUTAT CLIMATE NORMALS FOR TODAY 
                           NORMAL    RECORD   YEAR 
 MAXIMUM TEMPERATURE (F)     48        68     1997 
 MINIMUM TEMPERATURE (F)     32        19     1967 

SUNRISE AND SUNSET 
 APR 24 2014..........SUNRISE  5:38 AM      SUNSET  8:58 PM   
 APR 25 2014..........SUNRISE  5:35 AM      SUNSET  9:01 PM   

-  INDICATES NEGATIVE NUMBERS.
R  INDICATES RECORD HAS BEEN SET OR TIED.
MM INDICATES DATA IS MISSING.
T  INDICATES TRACE OF PRECIPITATION.

&&
-------------------------------------------------------------------

AMOUNT OF DAYLIGHT TODAY  (HOUR:MIN)........15 HOURS 20 MINUTES
GAIN/LOSS SINCE YESTERDAY (HOUR:MIN:SEC)....+0:05:12

$$
TR APR 14


Alaska Region Headquarters
222 West 7th Avenue #23
Anchorage, AK 99513-7575
Voice: 1-907-271-5088
Fax: 1-907-271-3711
Recorded Forecast: 1-800-472-0391
Webmaster Email: ARH Webauthors
Page Modified: 03 Feb 2008 18:00 UTC
About Us
Career Opportunities
Glossary
Credits
Disclaimer
Privacy Policy