CDAK47 PAYA 220923
CLIYAK

CLIMATE REPORT 
NATIONAL WEATHER SERVICE YAKUTAT, AK
123 AM AKDT MON SEP 22 2014
...................................
...THE YAKUTAT AP CLIMATE SUMMARY FOR SEPTEMBER 21 2014... 

CLIMATE NORMAL PERIOD  1981 TO  2010 
CLIMATE RECORD PERIOD  1948 TO  2014 

WEATHER ITEM   OBSERVED TIME    RECORD YEAR NORMAL DEPARTURE LAST 
               VALUE    (LST)   VALUE       VALUE  FROM      YEAR 
                                                   NORMAL 
................................................................... 
TEMPERATURE 
YESTERDAY 
 MAXIMUM            52  1159 PM    63  2002     54      -2     52 
 MINIMUM            42  0452 AM    27  1955     40       2     47 
 AVERAGE            47                          47       0     50 

PRECIPITATION 
(INCHES) 
 YESTERDAY        1.04           5.49  1977   0.77    0.27   0.64 
 MONTH TO DATE   15.16                       14.01    1.15  15.20 
 SINCE SEP 1     15.16                       14.01    1.15  15.20 
 SINCE JAN 1     93.96                       95.31   -1.35  92.83 

SNOWFALL 
(INCHES) 
 YESTERDAY         0.0              T  1956    0.0     0.0    0.0 
 MONTH TO DATE     0.0                         0.0     0.0    0.0 
 SINCE SEP 1       0.0                         0.0     0.0    0.0 
 SINCE JUL 1       0.0                         0.0     0.0    0.0
 SNOW DEPTH (IN)     0                                          0 

DEGREE DAYS 
 HEATING 
  YESTERDAY         18                          18       0     15 
  MONTH TO DATE    245                         331     -86    257 
  SINCE SEP 1      245                         331     -86    257 
  SINCE JUL 1      872                        1009    -137    821

 COOLING 
  YESTERDAY          0                           0       0      0 
  MONTH TO DATE      0                           0       0      0 
  SINCE SEP 1        0                           0       0      0 
  SINCE JAN 1        0                           0       0      0 
................................................................... 

WIND (MPH) 
 HIGHEST WIND SPEED    26     HIGHEST WIND DIRECTION    260      
 HIGHEST GUST SPEED    36     HIGHEST GUST DIRECTION    260 
 AVERAGE WIND SPEED   4.0 

SKY COVER
  POSSIBLE SUNSHINE    MM          AVERAGE SKY COVER     MM
 
WEATHER CONDITIONS 
 THE FOLLOWING WEATHER WAS RECORDED YESTERDAY. 
  FOG
RAIN
 

RELATIVE HUMIDITY
 HIGHEST RH     MM PERCENT       MM
 LOWEST  RH     MM PERCENT       MM
 AVERAGE RH     MM PERCENT       MM
................................................................... 

THE YAKUTAT CLIMATE NORMALS FOR TODAY 
                           NORMAL    RECORD   YEAR 
 MAXIMUM TEMPERATURE (F)     54        63     1984 
 MINIMUM TEMPERATURE (F)     40        25     1972 

SUNRISE AND SUNSET 
 SEP 22 2014..........SUNRISE  7:04 AM      SUNSET  7:18 PM   
 SEP 23 2014..........SUNRISE  7:06 AM      SUNSET  7:15 PM   

-  INDICATES NEGATIVE NUMBERS.
R  INDICATES RECORD HAS BEEN SET OR TIED.
MM INDICATES DATA IS MISSING.
T  INDICATES TRACE OF PRECIPITATION.

&&
-------------------------------------------------------------------

AMOUNT OF DAYLIGHT TODAY  (HOUR:MIN)........12 HOURS 14 MINUTES
GAIN/LOSS SINCE YESTERDAY (HOUR:MIN:SEC)....-0:05:17

$$
*** SEP 14


Alaska Region Headquarters
222 West 7th Avenue #23
Anchorage, AK 99513-7575
Voice: 1-907-271-5088
Fax: 1-907-271-3711
Recorded Forecast: 1-800-472-0391
Webmaster Email: ARH Webauthors
Page Modified: 03 Feb 2008 18:00 UTC
About Us
Career Opportunities
Glossary
Credits
Disclaimer
Privacy Policy