CDAK47 PAYA 250903
CLIYAK

CLIMATE REPORT 
NATIONAL WEATHER SERVICE YAKUTAT, AK
104 AM AKDT SAT OCT 25 2014
...................................
...THE YAKUTAT AP CLIMATE SUMMARY FOR OCTOBER 24 2014... 

CLIMATE NORMAL PERIOD  1981 TO  2010 
CLIMATE RECORD PERIOD  1948 TO  2014 

WEATHER ITEM   OBSERVED TIME    RECORD YEAR NORMAL DEPARTURE LAST 
               VALUE    (LST)   VALUE       VALUE  FROM      YEAR 
                                                   NORMAL 
................................................................... 
TEMPERATURE 
YESTERDAY 
 MAXIMUM            47  1149 AM    56  2010     45       2     48 
 MINIMUM            33  0924 PM     6  1966     32       1     38 
 AVERAGE            40                          39       1     43 

PRECIPITATION 
(INCHES) 
 YESTERDAY        0.02           3.60  1979   0.63   -0.61   0.08 
 MONTH TO DATE   12.34                       17.91   -5.57  16.49 
 SINCE SEP 1     32.17                       39.02   -6.85  35.02 
 SINCE JAN 1    110.97                      120.32   -9.35 112.65 

SNOWFALL 
(INCHES) 
 YESTERDAY         0.0            6.6  1966    0.2    -0.2    0.0 
 MONTH TO DATE     0.0                         1.2    -1.2    0.0 
 SINCE SEP 1       0.0                         1.2    -1.2    0.0 
 SINCE JUL 1       0.0                         1.2    -1.2    0.0
 SNOW DEPTH (IN)     0                                          0 

DEGREE DAYS 
 HEATING 
  YESTERDAY         25                          27      -2     22 
  MONTH TO DATE    524                         547     -23    483 
  SINCE SEP 1      936                        1045    -109    889 
  SINCE JUL 1     1563                        1723    -160   1453

 COOLING 
  YESTERDAY          0                           0       0      0 
  MONTH TO DATE      0                           0       0      0 
  SINCE SEP 1        0                           0       0      0 
  SINCE JAN 1        0                           0       0      0 
................................................................... 

WIND (MPH) 
 HIGHEST WIND SPEED     9     HIGHEST WIND DIRECTION     90      
 HIGHEST GUST SPEED    12     HIGHEST GUST DIRECTION     90 
 AVERAGE WIND SPEED   3.3 

SKY COVER
  POSSIBLE SUNSHINE    MM          AVERAGE SKY COVER     MM
 
WEATHER CONDITIONS 
 THE FOLLOWING WEATHER WAS RECORDED YESTERDAY. 
  RAIN
 

RELATIVE HUMIDITY
 HIGHEST RH     MM PERCENT       MM
 LOWEST  RH     MM PERCENT       MM
 AVERAGE RH     MM PERCENT       MM
................................................................... 

THE YAKUTAT CLIMATE NORMALS FOR TODAY 
                           NORMAL    RECORD   YEAR 
 MAXIMUM TEMPERATURE (F)     45        55     1986 
 MINIMUM TEMPERATURE (F)     32        14     1971 

SUNRISE AND SUNSET 
 OCT 25 2014..........SUNRISE  8:22 AM      SUNSET  5:43 PM   
 OCT 26 2014..........SUNRISE  8:25 AM      SUNSET  5:40 PM   

-  INDICATES NEGATIVE NUMBERS.
R  INDICATES RECORD HAS BEEN SET OR TIED.
MM INDICATES DATA IS MISSING.
T  INDICATES TRACE OF PRECIPITATION.

&&
-------------------------------------------------------------------

AMOUNT OF DAYLIGHT TODAY  (HOUR:MIN)........9 HOURS 21 MINUTES
GAIN/LOSS SINCE YESTERDAY (HOUR:MIN:SEC)....-0:05:10

$$
DC OCT 14



Alaska Region Headquarters
222 West 7th Avenue #23
Anchorage, AK 99513-7575
Voice: 1-907-271-5088
Fax: 1-907-271-3711
Recorded Forecast: 1-800-472-0391
Webmaster Email: ARH Webauthors
Page Modified: 03 Feb 2008 18:00 UTC
About Us
Career Opportunities
Glossary
Credits
Disclaimer
Privacy Policy