CDAK47 PAYA 291322
CLIYAK

CLIMATE REPORT 
NATIONAL WEATHER SERVICE YAKUTAT, AK
117 AM AKDT SAT AUG 29 2015
...................................
...THE YAKUTAT AP CLIMATE SUMMARY FOR AUGUST 28 2015... 

CLIMATE NORMAL PERIOD  1981 TO  2010 
CLIMATE RECORD PERIOD  1917 TO  2015 

WEATHER ITEM   OBSERVED TIME    RECORD YEAR NORMAL DEPARTURE LAST 
               VALUE    (LST)   VALUE       VALUE  FROM      YEAR 
                                                   NORMAL 
................................................................... 
TEMPERATURE 
YESTERDAY 
 MAXIMUM            67  1253 PM    72  1930     59       8     54 
 MINIMUM            49  1156 PM    33  1971     45       4     50 
 AVERAGE            58                          52       6     52 

PRECIPITATION 
(INCHES) 
 YESTERDAY        0.01           4.01  1996   0.53   -0.52   1.09 
 MONTH TO DATE   12.49                       12.46    0.03  21.99 
 SINCE JUN 1     32.95                       26.73    6.22  38.51 
 SINCE JAN 1     83.53                       79.69    3.84  77.62 

SNOWFALL 
(INCHES) 
 YESTERDAY         0.0            0.0  2015    0.0     0.0    0.0 
 MONTH TO DATE     0.0                         0.0     0.0    0.0 
 SINCE JUN 1       0.0                         0.0     0.0    0.0 
 SINCE JUL 1       0.0                         0.0     0.0    0.0
 SNOW DEPTH (IN)     0                                          0 

DEGREE DAYS 
 HEATING 
  YESTERDAY          7                          13      -6     13 
  MONTH TO DATE    260                         306     -46    276 
  SINCE JUN 1      862                        1064    -202   1035 
  SINCE JUL 1      528                         638    -110    589

 COOLING 
  YESTERDAY          0                           0       0      0 
  MONTH TO DATE      0                           0       0      0 
  SINCE JUN 1        0                           0       0      0 
  SINCE JAN 1        0                           0       0      0 
................................................................... 

WIND (MPH) 
 HIGHEST WIND SPEED    17     HIGHEST WIND DIRECTION     80      
 HIGHEST GUST SPEED    22     HIGHEST GUST DIRECTION     80 
 AVERAGE WIND SPEED   6.4 

SKY COVER
  POSSIBLE SUNSHINE    MM          AVERAGE SKY COVER     MM
 
WEATHER CONDITIONS 
 THE FOLLOWING WEATHER WAS RECORDED YESTERDAY. 
  RAIN
 

RELATIVE HUMIDITY
 HIGHEST RH     MM PERCENT       MM
 LOWEST  RH     MM PERCENT       MM
 AVERAGE RH     MM PERCENT       MM
................................................................... 

THE YAKUTAT CLIMATE NORMALS FOR TODAY 
                           NORMAL    RECORD   YEAR 
 MAXIMUM TEMPERATURE (F)     59        75     1930 
 MINIMUM TEMPERATURE (F)     44        33     1992 

SUNRISE AND SUNSET 
 AUG 29 2015..........SUNRISE  6:08 AM      SUNSET  8:30 PM   
 AUG 30 2015..........SUNRISE  6:11 AM      SUNSET  8:27 PM   

-  INDICATES NEGATIVE NUMBERS.
R  INDICATES RECORD HAS BEEN SET OR TIED.
MM INDICATES DATA IS MISSING.
T  INDICATES TRACE OF PRECIPITATION.

&&
-------------------------------------------------------------------

AMOUNT OF DAYLIGHT TODAY  (HOUR:MIN)........14 HOURS 22 MINUTES
GAIN/LOSS SINCE YESTERDAY (HOUR:MIN:SEC)....-0:05:13

$$
*** AUG 15

Alaska Region Headquarters
222 West 7th Avenue #23
Anchorage, AK 99513-7575
Voice: 1-907-271-5088
Fax: 1-907-271-3711
Recorded Forecast: 1-800-472-0391
Webmaster Email: ARH Webauthors
Page Modified: 03 Feb 2008 18:00 UTC
About Us
Career Opportunities
Glossary
Credits
Disclaimer
Privacy Policy