CDAK47 PAYA 020919
CLIYAK

CLIMATE REPORT 
NATIONAL WEATHER SERVICE YAKUTAT, AK
119 AM AKDT TUE SEP 2 2014
...................................
...THE YAKUTAT AP CLIMATE SUMMARY FOR SEPTEMBER 1 2014... 

CLIMATE NORMAL PERIOD  1981 TO  2010 
CLIMATE RECORD PERIOD  1948 TO  2014 

WEATHER ITEM   OBSERVED TIME    RECORD YEAR NORMAL DEPARTURE LAST 
               VALUE    (LST)   VALUE       VALUE  FROM      YEAR 
                                                   NORMAL 
................................................................... 
TEMPERATURE 
YESTERDAY 
 MAXIMUM            59  0301 PM    67  1981     59       0     60 
 MINIMUM            41  1159 PM    31  1987     44      -3     47 
 AVERAGE            50                          51      -1     54 

PRECIPITATION 
(INCHES) 
 YESTERDAY        0.03           2.07  1997   0.57   -0.54   0.19 
 MONTH TO DATE    0.03                        0.57   -0.54   0.19 
 SINCE SEP 1      0.03                        0.57   -0.54   0.19 
 SINCE JAN 1     78.83                       81.87   -3.04  77.82 

SNOWFALL 
(INCHES) 
 YESTERDAY         0.0            0.0  2014    0.0     0.0    0.0 
 MONTH TO DATE     0.0                         0.0     0.0    0.0 
 SINCE SEP 1       0.0                         0.0     0.0    0.0 
 SINCE JUL 1       0.0                         0.0     0.0    0.0
 SNOW DEPTH (IN)     0                                          0 

DEGREE DAYS 
 HEATING 
  YESTERDAY         15                          14       1     11 
  MONTH TO DATE     15                          14       1     11 
  SINCE SEP 1       15                          14       1     11 
  SINCE JUL 1      642                         692     -50    575

 COOLING 
  YESTERDAY          0                           0       0      0 
  MONTH TO DATE      0                           0       0      0 
  SINCE SEP 1        0                           0       0      0 
  SINCE JAN 1        0                           0       0      0 
................................................................... 

WIND (MPH) 
 HIGHEST WIND SPEED     9     HIGHEST WIND DIRECTION    260      
 HIGHEST GUST SPEED    13     HIGHEST GUST DIRECTION    270 
 AVERAGE WIND SPEED   2.1 

SKY COVER
  POSSIBLE SUNSHINE    MM          AVERAGE SKY COVER     MM
 
WEATHER CONDITIONS 
 THE FOLLOWING WEATHER WAS RECORDED YESTERDAY. 
  FOG
RAIN
 

RELATIVE HUMIDITY
 HIGHEST RH     MM PERCENT       MM
 LOWEST  RH     MM PERCENT       MM
 AVERAGE RH     MM PERCENT       MM
................................................................... 

THE YAKUTAT CLIMATE NORMALS FOR TODAY 
                           NORMAL    RECORD   YEAR 
 MAXIMUM TEMPERATURE (F)     59        68     1996 
 MINIMUM TEMPERATURE (F)     43        32     1994 

SUNRISE AND SUNSET 
 SEP 2 2014..........SUNRISE  6:18 AM      SUNSET  8:18 PM   
 SEP 3 2014..........SUNRISE  6:20 AM      SUNSET  8:15 PM   

-  INDICATES NEGATIVE NUMBERS.
R  INDICATES RECORD HAS BEEN SET OR TIED.
MM INDICATES DATA IS MISSING.
T  INDICATES TRACE OF PRECIPITATION.

&&
-------------------------------------------------------------------

AMOUNT OF DAYLIGHT TODAY  (HOUR:MIN)........14 HOURS 0 MINUTES
GAIN/LOSS SINCE YESTERDAY (HOUR:MIN:SEC)....-0:05:15

$$
*** SEP 14


Alaska Region Headquarters
222 West 7th Avenue #23
Anchorage, AK 99513-7575
Voice: 1-907-271-5088
Fax: 1-907-271-3711
Recorded Forecast: 1-800-472-0391
Webmaster Email: ARH Webauthors
Page Modified: 03 Feb 2008 18:00 UTC
About Us
Career Opportunities
Glossary
Credits
Disclaimer
Privacy Policy