CDAK47 PAYA 240901
CLIYAK

CLIMATE REPORT 
NATIONAL WEATHER SERVICE YAKUTAT, AK
102 AM AKDT FRI JUN 24 2016
...................................
...THE YAKUTAT AP CLIMATE SUMMARY FOR JUNE 23 2016... 

CLIMATE NORMAL PERIOD  1981 TO  2010 
CLIMATE RECORD PERIOD  1948 TO  2016 

WEATHER ITEM   OBSERVED TIME    RECORD YEAR NORMAL DEPARTURE LAST 
               VALUE    (LST)   VALUE       VALUE  FROM      YEAR 
                                                   NORMAL 
................................................................... 
TEMPERATURE 
YESTERDAY 
 MAXIMUM            59  0504 PM    72  1997     58       1     65 
 MINIMUM            50  1211 AM    36  1982     46       4     47 
 AVERAGE            55                          52       3     56 

PRECIPITATION 
(INCHES) 
 YESTERDAY        0.00           1.44  1995   0.19   -0.19   0.00 
 MONTH TO DATE    3.86                        5.00   -1.14   6.37 
 SINCE JUN 1      3.86                        5.00   -1.14   6.37 
 SINCE JAN 1     55.42                       57.96   -2.54  56.95 

SNOWFALL 
(INCHES) 
 YESTERDAY         0.0            0.0  2016    0.0     0.0    0.0 
 MONTH TO DATE     0.0                         0.0     0.0    0.0 
 SINCE JUN 1       0.0                         0.0     0.0    0.0 
 SINCE JUL 1      49.9                       140.0   -90.1   47.1
 SNOW DEPTH (IN)     0                                          0 

DEGREE DAYS 
 HEATING 
  YESTERDAY         10                          13      -3      9 
  MONTH TO DATE    254                         338     -84    273 
  SINCE JUN 1      254                         338     -84    273 
  SINCE JUL 1     7553                        8933   -1380   7935

 COOLING 
  YESTERDAY          0                           0       0      0 
  MONTH TO DATE      0                           0       0      0 
  SINCE JUN 1        0                           0       0      0 
  SINCE JAN 1        0                           0       0      0 
................................................................... 

WIND (MPH) 
 HIGHEST WIND SPEED     9     HIGHEST WIND DIRECTION    200      
 HIGHEST GUST SPEED    11     HIGHEST GUST DIRECTION    240 
 AVERAGE WIND SPEED   3.0 

SKY COVER
  POSSIBLE SUNSHINE    MM          AVERAGE SKY COVER     MM
 
WEATHER CONDITIONS 
 THE FOLLOWING WEATHER WAS RECORDED YESTERDAY. 
   

RELATIVE HUMIDITY
 HIGHEST RH     MM PERCENT       MM
 LOWEST  RH     MM PERCENT       MM
 AVERAGE RH     MM PERCENT       MM
................................................................... 

THE YAKUTAT CLIMATE NORMALS FOR TODAY 
                           NORMAL    RECORD   YEAR 
 MAXIMUM TEMPERATURE (F)     58        74     2015 
 MINIMUM TEMPERATURE (F)     46        35     2009 

SUNRISE AND SUNSET 
 JUN 24 2016..........SUNRISE  4:02 AM      SUNSET 10:42 PM   
 JUN 25 2016..........SUNRISE  4:02 AM      SUNSET 10:42 PM   

-  INDICATES NEGATIVE NUMBERS.
R  INDICATES RECORD HAS BEEN SET OR TIED.
MM INDICATES DATA IS MISSING.
T  INDICATES TRACE OF PRECIPITATION.

&&
-------------------------------------------------------------------

AMOUNT OF DAYLIGHT TODAY  (HOUR:MIN)........18 HOURS 40 MINUTES
GAIN/LOSS SINCE YESTERDAY (HOUR:MIN:SEC)....-0:00:36

$$
*** JUN 16


Alaska Region Headquarters
222 West 7th Avenue #23
Anchorage, AK 99513-7575
Voice: 1-907-271-5088
Fax: 1-907-271-3711
Recorded Forecast: 1-800-472-0391
Webmaster Email: ARH Webauthors
Page Modified: 03 Feb 2008 18:00 UTC
About Us
Career Opportunities
Glossary
Credits
Disclaimer
Privacy Policy