CDAK47 PAYA 060913
CLIYAK

CLIMATE REPORT 
NATIONAL WEATHER SERVICE YAKUTAT, AK
1213 AM AKST FRI MAR 6 2015
...................................
...THE YAKUTAT AP CLIMATE SUMMARY FOR MARCH 5 2015... 

CLIMATE NORMAL PERIOD  1981 TO  2010 
CLIMATE RECORD PERIOD  1948 TO  2015 

WEATHER ITEM   OBSERVED TIME    RECORD YEAR NORMAL DEPARTURE LAST 
               VALUE    (LST)   VALUE       VALUE  FROM      YEAR 
                                                   NORMAL 
................................................................... 
TEMPERATURE 
YESTERDAY 
 MAXIMUM          R 45  0413 PM    45  2008     38       7     32 
 MINIMUM            33  0826 PM   -10  1966     24       9      9 
 AVERAGE            39                          31       8     21 

PRECIPITATION 
(INCHES) 
 YESTERDAY        0.14           2.14  1979   0.39   -0.25   0.04 
 MONTH TO DATE    1.05                        1.94   -0.89   0.05 
 SINCE MAR 1      1.05                        1.94   -0.89   0.05 
 SINCE JAN 1     25.42                       26.46   -1.04  27.11 

SNOWFALL 
(INCHES) 
 YESTERDAY         0.0            9.9  1953    0.9    -0.9    1.3 
 MONTH TO DATE     0.0                         4.5    -4.5    1.8 
 SINCE MAR 1       0.0                         4.5    -4.5    1.8 
 SINCE JUL 1      12.8                       106.7   -93.9   97.2
 SNOW DEPTH (IN)     0                                         12 

DEGREE DAYS 
 HEATING 
  YESTERDAY         26                          34      -8     44 
  MONTH TO DATE    138                         170     -32    205 
  SINCE MAR 1      138                         170     -32    205 
  SINCE JUL 1     5570                        6299    -729   6018

 COOLING 
  YESTERDAY          0                           0       0      0 
  MONTH TO DATE      0                           0       0      0 
  SINCE MAR 1        0                           0       0      0 
  SINCE JAN 1        0                           0       0      0 
................................................................... 

WIND (MPH) 
 HIGHEST WIND SPEED     9     HIGHEST WIND DIRECTION    100      
 HIGHEST GUST SPEED    14     HIGHEST GUST DIRECTION     80 
 AVERAGE WIND SPEED   2.2 

SKY COVER
  POSSIBLE SUNSHINE    MM          AVERAGE SKY COVER     MM
 
WEATHER CONDITIONS 
 THE FOLLOWING WEATHER WAS RECORDED YESTERDAY. 
  FOG
RAIN
 

RELATIVE HUMIDITY
 HIGHEST RH     MM PERCENT       MM
 LOWEST  RH     MM PERCENT       MM
 AVERAGE RH     MM PERCENT       MM
................................................................... 

THE YAKUTAT CLIMATE NORMALS FOR TODAY 
                           NORMAL    RECORD   YEAR 
 MAXIMUM TEMPERATURE (F)     38        46     1984 
 MINIMUM TEMPERATURE (F)     24       -10     1974 

SUNRISE AND SUNSET 
 MAR 6 2015..........SUNRISE  7:02 AM      SUNSET  6:00 PM   
 MAR 7 2015..........SUNRISE  6:59 AM      SUNSET  6:02 PM   

-  INDICATES NEGATIVE NUMBERS.
R  INDICATES RECORD HAS BEEN SET OR TIED.
MM INDICATES DATA IS MISSING.
T  INDICATES TRACE OF PRECIPITATION.

&&
-------------------------------------------------------------------

AMOUNT OF DAYLIGHT TODAY  (HOUR:MIN)........10 HOURS 58 MINUTES
GAIN/LOSS SINCE YESTERDAY (HOUR:MIN:SEC)....+0:05:21

$$
*** MAR 15


Alaska Region Headquarters
222 West 7th Avenue #23
Anchorage, AK 99513-7575
Voice: 1-907-271-5088
Fax: 1-907-271-3711
Recorded Forecast: 1-800-472-0391
Webmaster Email: ARH Webauthors
Page Modified: 03 Feb 2008 18:00 UTC
About Us
Career Opportunities
Glossary
Credits
Disclaimer
Privacy Policy