CDAK47 PAYA 010918
CLIYAK

CLIMATE REPORT 
NATIONAL WEATHER SERVICE YAKUTAT, AK
119 AM AKDT FRI AUG 1 2014
...................................
...THE YAKUTAT AP CLIMATE SUMMARY FOR JULY 31 2014... 

CLIMATE NORMAL PERIOD  1981 TO  2010 
CLIMATE RECORD PERIOD  1948 TO  2014 

WEATHER ITEM   OBSERVED TIME    RECORD YEAR NORMAL DEPARTURE LAST 
               VALUE    (LST)   VALUE       VALUE  FROM      YEAR 
                                                   NORMAL 
................................................................... 
TEMPERATURE 
YESTERDAY 
 MAXIMUM            64  0305 PM    77  1976     61       3     62 
 MINIMUM            42  0553 AM    40  1988     50      -8     52 
 AVERAGE            53                          55      -2     57 

PRECIPITATION 
(INCHES) 
 YESTERDAY        0.00           2.68  1991   0.36   -0.36   0.00 
 MONTH TO DATE    6.42                        7.88   -1.46   6.51 
 SINCE JUN 1     16.52                       14.27    2.25   9.89 
 SINCE JAN 1     55.63                       67.23  -11.60  68.08 

SNOWFALL 
(INCHES) 
 YESTERDAY         0.0            0.0  2014    0.0     0.0    0.0 
 MONTH TO DATE     0.0                         0.0     0.0    0.0 
 SINCE JUN 1       0.0                         0.0     0.0    0.0 
 SINCE JUL 1       0.0                         0.0     0.0    0.0
 SNOW DEPTH (IN)     0                                          0 

DEGREE DAYS 
 HEATING 
  YESTERDAY         12                          10       2      8 
  MONTH TO DATE    313                         332     -19    297 
  SINCE JUN 1      759                         758       1    639 
  SINCE JUL 1      313                         332     -19    297

 COOLING 
  YESTERDAY          0                           0       0      0 
  MONTH TO DATE      0                           0       0      0 
  SINCE JUN 1        0                           0       0      0 
  SINCE JAN 1        0                           0       0      0 
................................................................... 

WIND (MPH) 
 HIGHEST WIND SPEED    13     HIGHEST WIND DIRECTION    250      
 HIGHEST GUST SPEED    16     HIGHEST GUST DIRECTION    250 
 AVERAGE WIND SPEED   4.9 

SKY COVER
  POSSIBLE SUNSHINE    MM          AVERAGE SKY COVER     MM
 
WEATHER CONDITIONS 
 THE FOLLOWING WEATHER WAS RECORDED YESTERDAY. 
  FOG
 

RELATIVE HUMIDITY
 HIGHEST RH     MM PERCENT       MM
 LOWEST  RH     MM PERCENT       MM
 AVERAGE RH     MM PERCENT       MM
................................................................... 

THE YAKUTAT CLIMATE NORMALS FOR TODAY 
                           NORMAL    RECORD   YEAR 
 MAXIMUM TEMPERATURE (F)     61        71     1999 
 MINIMUM TEMPERATURE (F)     50        37     1969 

SUNRISE AND SUNSET 
 AUG 1 2014..........SUNRISE  5:04 AM      SUNSET  9:46 PM   
 AUG 2 2014..........SUNRISE  5:06 AM      SUNSET  9:43 PM   

-  INDICATES NEGATIVE NUMBERS.
R  INDICATES RECORD HAS BEEN SET OR TIED.
MM INDICATES DATA IS MISSING.
T  INDICATES TRACE OF PRECIPITATION.

&&
-------------------------------------------------------------------

AMOUNT OF DAYLIGHT TODAY  (HOUR:MIN)........16 HOURS 42 MINUTES
GAIN/LOSS SINCE YESTERDAY (HOUR:MIN:SEC)....-0:04:41

$$
*** AUG 14


Alaska Region Headquarters
222 West 7th Avenue #23
Anchorage, AK 99513-7575
Voice: 1-907-271-5088
Fax: 1-907-271-3711
Recorded Forecast: 1-800-472-0391
Webmaster Email: ARH Webauthors
Page Modified: 03 Feb 2008 18:00 UTC
About Us
Career Opportunities
Glossary
Credits
Disclaimer
Privacy Policy