CDAK47 PAYA 300907
CLIYAK

CLIMATE REPORT 
NATIONAL WEATHER SERVICE YAKUTAT, AK
107 AM AKDT THU OCT 30 2014
...................................
...THE YAKUTAT AP CLIMATE SUMMARY FOR OCTOBER 29 2014... 

CLIMATE NORMAL PERIOD  1981 TO  2010 
CLIMATE RECORD PERIOD  1948 TO  2014 

WEATHER ITEM   OBSERVED TIME    RECORD YEAR NORMAL DEPARTURE LAST 
               VALUE    (LST)   VALUE       VALUE  FROM      YEAR 
                                                   NORMAL 
................................................................... 
TEMPERATURE 
YESTERDAY 
 MAXIMUM            44  1130 AM    52  2002     43       1     50 
 MINIMUM            29  0534 AM    13  2012     30      -1     42 
 AVERAGE            37                          37       0     46 

PRECIPITATION 
(INCHES) 
 YESTERDAY        0.49           2.31  1957   0.57   -0.08   0.48 
 MONTH TO DATE   13.23                       20.85   -7.62  21.68 
 SINCE SEP 1     33.06                       41.96   -8.90  40.21 
 SINCE JAN 1    111.86                      123.26  -11.40 117.84 

SNOWFALL 
(INCHES) 
 YESTERDAY         0.0           12.1  1956    0.2    -0.2    0.0 
 MONTH TO DATE     0.0                         2.0    -2.0    0.0 
 SINCE SEP 1       0.0                         2.0    -2.0    0.0 
 SINCE JUL 1       0.0                         2.0    -2.0    0.0
 SNOW DEPTH (IN)     0                                          0 

DEGREE DAYS 
 HEATING 
  YESTERDAY         28                          28       0     19 
  MONTH TO DATE    663                         685     -22    589 
  SINCE SEP 1     1075                        1183    -108    995 
  SINCE JUL 1     1702                        1861    -159   1559

 COOLING 
  YESTERDAY          0                           0       0      0 
  MONTH TO DATE      0                           0       0      0 
  SINCE SEP 1        0                           0       0      0 
  SINCE JAN 1        0                           0       0      0 
................................................................... 

WIND (MPH) 
 HIGHEST WIND SPEED    14     HIGHEST WIND DIRECTION     90      
 HIGHEST GUST SPEED    21     HIGHEST GUST DIRECTION     90 
 AVERAGE WIND SPEED   5.3 

SKY COVER
  POSSIBLE SUNSHINE    MM          AVERAGE SKY COVER     MM
 
WEATHER CONDITIONS 
 THE FOLLOWING WEATHER WAS RECORDED YESTERDAY. 
  SLEET
RAIN
 

RELATIVE HUMIDITY
 HIGHEST RH     MM PERCENT       MM
 LOWEST  RH     MM PERCENT       MM
 AVERAGE RH     MM PERCENT       MM
................................................................... 

THE YAKUTAT CLIMATE NORMALS FOR TODAY 
                           NORMAL    RECORD   YEAR 
 MAXIMUM TEMPERATURE (F)     43        56     1970 
 MINIMUM TEMPERATURE (F)     30         0     1992 

SUNRISE AND SUNSET 
 OCT 30 2014..........SUNRISE  8:35 AM      SUNSET  5:30 PM   
 OCT 31 2014..........SUNRISE  8:37 AM      SUNSET  5:27 PM   

-  INDICATES NEGATIVE NUMBERS.
R  INDICATES RECORD HAS BEEN SET OR TIED.
MM INDICATES DATA IS MISSING.
T  INDICATES TRACE OF PRECIPITATION.

&&
-------------------------------------------------------------------

AMOUNT OF DAYLIGHT TODAY  (HOUR:MIN)........8 HOURS 55 MINUTES
GAIN/LOSS SINCE YESTERDAY (HOUR:MIN:SEC)....-0:05:05

$$
*** OCT 14



Alaska Region Headquarters
222 West 7th Avenue #23
Anchorage, AK 99513-7575
Voice: 1-907-271-5088
Fax: 1-907-271-3711
Recorded Forecast: 1-800-472-0391
Webmaster Email: ARH Webauthors
Page Modified: 03 Feb 2008 18:00 UTC
About Us
Career Opportunities
Glossary
Credits
Disclaimer
Privacy Policy