CDAK47 PAYA 010911
CLIYAK

CLIMATE REPORT 
NATIONAL WEATHER SERVICE YAKUTAT, AK
111 AM AKDT SAT AUG 1 2015
...................................
...THE YAKUTAT AP CLIMATE SUMMARY FOR JULY 31 2015... 

CLIMATE NORMAL PERIOD  1981 TO  2010 
CLIMATE RECORD PERIOD  1948 TO  2015 

WEATHER ITEM   OBSERVED TIME    RECORD YEAR NORMAL DEPARTURE LAST 
               VALUE    (LST)   VALUE       VALUE  FROM      YEAR 
                                                   NORMAL 
................................................................... 
TEMPERATURE 
YESTERDAY 
 MAXIMUM            64  0213 PM    77  1976     61       3     64 
 MINIMUM            41  0505 AM    40  1988     50      -9     42 
 AVERAGE            53                          55      -2     53 

PRECIPITATION 
(INCHES) 
 YESTERDAY        0.00           2.68  1991   0.36   -0.36   0.00 
 MONTH TO DATE   11.81                        7.88    3.93   6.42 
 SINCE JUN 1     20.46                       14.27    6.19  16.52 
 SINCE JAN 1     71.04                       67.23    3.81  55.63 

SNOWFALL 
(INCHES) 
 YESTERDAY         0.0            0.0  2015    0.0     0.0    0.0 
 MONTH TO DATE     0.0                         0.0     0.0    0.0 
 SINCE JUN 1       0.0                         0.0     0.0    0.0 
 SINCE JUL 1       0.0                         0.0     0.0    0.0
 SNOW DEPTH (IN)     0                                          0 

DEGREE DAYS 
 HEATING 
  YESTERDAY         12                          10       2     12 
  MONTH TO DATE    268                         332     -64    313 
  SINCE JUN 1      602                         758    -156    759 
  SINCE JUL 1      268                         332     -64    313

 COOLING 
  YESTERDAY          0                           0       0      0 
  MONTH TO DATE      0                           0       0      0 
  SINCE JUN 1        0                           0       0      0 
  SINCE JAN 1        0                           0       0      0 
................................................................... 

WIND (MPH) 
 HIGHEST WIND SPEED    14     HIGHEST WIND DIRECTION    250      
 HIGHEST GUST SPEED    19     HIGHEST GUST DIRECTION    250 
 AVERAGE WIND SPEED   4.5 

SKY COVER
  POSSIBLE SUNSHINE    MM          AVERAGE SKY COVER     MM
 
WEATHER CONDITIONS 
 THE FOLLOWING WEATHER WAS RECORDED YESTERDAY. 
  FOG
 

RELATIVE HUMIDITY
 HIGHEST RH     MM PERCENT       MM
 LOWEST  RH     MM PERCENT       MM
 AVERAGE RH     MM PERCENT       MM
................................................................... 

THE YAKUTAT CLIMATE NORMALS FOR TODAY 
                           NORMAL    RECORD   YEAR 
 MAXIMUM TEMPERATURE (F)     61        71     1999 
 MINIMUM TEMPERATURE (F)     50        37     1969 

SUNRISE AND SUNSET 
 AUG 1 2015..........SUNRISE  5:03 AM      SUNSET  9:46 PM   
 AUG 2 2015..........SUNRISE  5:05 AM      SUNSET  9:44 PM   

-  INDICATES NEGATIVE NUMBERS.
R  INDICATES RECORD HAS BEEN SET OR TIED.
MM INDICATES DATA IS MISSING.
T  INDICATES TRACE OF PRECIPITATION.

&&
-------------------------------------------------------------------

AMOUNT OF DAYLIGHT TODAY  (HOUR:MIN)........16 HOURS 43 MINUTES
GAIN/LOSS SINCE YESTERDAY (HOUR:MIN:SEC)....-0:04:40

$$
*** AUG 15


Alaska Region Headquarters
222 West 7th Avenue #23
Anchorage, AK 99513-7575
Voice: 1-907-271-5088
Fax: 1-907-271-3711
Recorded Forecast: 1-800-472-0391
Webmaster Email: ARH Webauthors
Page Modified: 03 Feb 2008 18:00 UTC
About Us
Career Opportunities
Glossary
Credits
Disclaimer
Privacy Policy