CDAK47 PAYA 080904
CLIYAK

CLIMATE REPORT 
NATIONAL WEATHER SERVICE YAKUTAT, AK
1205 AM AKST MON FEB 8 2016
...................................
...THE YAKUTAT AP CLIMATE SUMMARY FOR FEBRUARY 7 2016... 

CLIMATE NORMAL PERIOD  1981 TO  2010 
CLIMATE RECORD PERIOD  1948 TO  2016 

WEATHER ITEM   OBSERVED TIME    RECORD YEAR NORMAL DEPARTURE LAST 
               VALUE    (LST)   VALUE       VALUE  FROM      YEAR 
                                                   NORMAL 
................................................................... 
TEMPERATURE 
YESTERDAY 
 MAXIMUM            39  1141 PM    54  1963     35       4     21 
 MINIMUM            31  0232 AM   -14  1951     23       8     10 
 AVERAGE            35                          29       6     16 

PRECIPITATION 
(INCHES) 
 YESTERDAY        0.44           3.45  1995   0.38    0.06      T 
 MONTH TO DATE    2.44                        2.64   -0.20      T 
 SINCE DEC 1     26.81                       32.58   -5.77  26.07 
 SINCE JAN 1     16.86                       16.30    0.56  14.02 

SNOWFALL 
(INCHES) 
 YESTERDAY           T           12.3  1999    1.1    -1.1      T 
 MONTH TO DATE     1.1                         7.5    -6.4      T 
 SINCE DEC 1      25.3                        61.8   -36.5    3.5 
 SINCE JUL 1      48.1                        82.5   -34.4    8.8
 SNOW DEPTH (IN)     1                                          T 

DEGREE DAYS 
 HEATING 
  YESTERDAY         30                          36      -6     49 
  MONTH TO DATE    206                         252     -46    290 
  SINCE DEC 1     2120                        2493    -373   2166 
  SINCE JUL 1     4741                        5391    -650   4846

 COOLING 
  YESTERDAY          0                           0       0      0 
  MONTH TO DATE      0                           0       0      0 
  SINCE DEC 1        0                           0       0      0 
  SINCE JAN 1        0                           0       0      0 
................................................................... 

WIND (MPH) 
 HIGHEST WIND SPEED    18     HIGHEST WIND DIRECTION     70      
 HIGHEST GUST SPEED    27     HIGHEST GUST DIRECTION     70 
 AVERAGE WIND SPEED   8.3 

SKY COVER
  POSSIBLE SUNSHINE    MM          AVERAGE SKY COVER     MM
 
WEATHER CONDITIONS 
 THE FOLLOWING WEATHER WAS RECORDED YESTERDAY. 
  FOG
SLEET
RAIN
SNOW
 

RELATIVE HUMIDITY
 HIGHEST RH     MM PERCENT       MM
 LOWEST  RH     MM PERCENT       MM
 AVERAGE RH     MM PERCENT       MM
................................................................... 

THE YAKUTAT CLIMATE NORMALS FOR TODAY 
                           NORMAL    RECORD   YEAR 
 MAXIMUM TEMPERATURE (F)     36        48     2012 
 MINIMUM TEMPERATURE (F)     23        -6     2008 

SUNRISE AND SUNSET 
 FEB 8 2016..........SUNRISE  8:14 AM      SUNSET  4:53 PM   
 FEB 9 2016..........SUNRISE  8:12 AM      SUNSET  4:56 PM   

-  INDICATES NEGATIVE NUMBERS.
R  INDICATES RECORD HAS BEEN SET OR TIED.
MM INDICATES DATA IS MISSING.
T  INDICATES TRACE OF PRECIPITATION.

&&
-------------------------------------------------------------------

AMOUNT OF DAYLIGHT TODAY  (HOUR:MIN)........8 HOURS 39 MINUTES
GAIN/LOSS SINCE YESTERDAY (HOUR:MIN:SEC)....+0:05:03

$$
*** FEB 16


Alaska Region Headquarters
222 West 7th Avenue #23
Anchorage, AK 99513-7575
Voice: 1-907-271-5088
Fax: 1-907-271-3711
Recorded Forecast: 1-800-472-0391
Webmaster Email: ARH Webauthors
Page Modified: 03 Feb 2008 18:00 UTC
About Us
Career Opportunities
Glossary
Credits
Disclaimer
Privacy Policy