CDAK47 PANT 230000
CLIANN

CLIMATE REPORT
NATIONAL WEATHER SERVICE ANNETTE, AK
301 PM AKST SAT NOV 22 2014
...................................
...THE ANNETTE WSO AP CLIMATE SUMMARY FOR NOVEMBER 22 2014...
VALID TODAY AS OF 2:00 PM LOCAL TIME

CLIMATE NORMAL PERIOD  1981 TO  2010 
CLIMATE RECORD PERIOD  1948 TO  2014 

WEATHER ITEM   OBSERVED TIME    RECORD YEAR NORMAL DEPARTURE LAST 
               VALUE    (LST)   VALUE       VALUE  FROM      YEAR 
                                                   NORMAL 
................................................................... 
TEMPERATURE 
TODAY 
 MAXIMUM            47  0254 PM    57  1949     44       3     47 
 MINIMUM            35  0158 AM    11  1996     34       1     40 
 AVERAGE            41                          39       2     44 

PRECIPITATION 
(INCHES) 
 TODAY            0.25           2.62  1957   0.38   -0.13   1.04 
 MONTH TO DATE    6.89                        9.23   -2.34   7.80 
 SINCE SEP 1     30.96                       32.94   -1.98  24.01 
 SINCE JAN 1     93.04                       87.85    5.19  75.61 

SNOWFALL 
(INCHES) 
 TODAY             0.0            3.1  1963    0.2    -0.2    0.0 
 MONTH TO DATE     0.0                         2.2    -2.2    5.7
 SINCE SEP 1       0.0                         2.3    -2.3    5.7
 SINCE JUL 1       0.0                         2.3    -2.3    5.7
 SNOW DEPTH (IN)     0                                          0

DEGREE DAYS 
 HEATING 
  TODAY             24                          26      -2     21 
  MONTH TO DATE    500                         537     -37    570
  SINCE SEP 1     1201                        1436    -235   1342
  SINCE JUL 1     1770                        1837     -67   1644

 COOLING 
  TODAY              0                           0       0      0 
  MONTH TO DATE      0                           0       0      0 
  SINCE SEP 1        0                           0       0      0 
  SINCE JAN 1       MM                           0      MM     22 
................................................................... 

WIND (MPH) 
 HIGHEST WIND SPEED    13     HIGHEST WIND DIRECTION    180      
 HIGHEST GUST SPEED    20     HIGHEST GUST DIRECTION    180 
 AVERAGE WIND SPEED    MM 

SKY COVER
  POSSIBLE SUNSHINE  MM            AVERAGE SKY COVER MM
 
WEATHER CONDITIONS 
 THE FOLLOWING WEATHER WAS RECORDED TODAY. 
FOG
RAIN
 

RELATIVE HUMIDITY
 HIGHEST RH     MM PERCENT       MM
 LOWEST  RH     MM PERCENT       MM
 AVERAGE RH     MM PERCENT       MM
................................................................... 

THE ANNETTE CLIMATE NORMALS FOR TOMORROW 
                        NORMAL    RECORD   YEAR 
 MAXIMUM TEMPERATURE      43        53     2005 
 MINIMUM TEMPERATURE      34         0     1995 

SUNRISE AND SUNSET 
 NOV 22 2014..........SUNRISE  7:33 AM      SUNSET  3:33 PM    
 NOV 23 2014..........SUNRISE  7:35 AM      SUNSET  3:31 PM    

-  INDICATES NEGATIVE NUMBERS.
R  INDICATES RECORD HAS BEEN SET OR TIED.
MM INDICATES DATA IS MISSING.
T  INDICATES TRACE OF PRECIPITATION.

&&
-------------------------------------------------------------------

AMOUNT OF DAYLIGHT TODAY  (HOUR:MIN)........8 HOURS 0 MINUTES
GAIN/LOSS SINCE YESTERDAY (HOUR:MIN:SEC)....-0:03:10

$$
JZ NOV 14


Alaska Region Headquarters
222 West 7th Avenue #23
Anchorage, AK 99513-7575
Voice: 1-907-271-5088
Fax: 1-907-271-3711
Recorded Forecast: 1-800-472-0391
Webmaster Email: ARH Webauthors
Page Modified: 03 Feb 2008 18:00 UTC
About Us
Career Opportunities
Glossary
Credits
Disclaimer
Privacy Policy