CDAK47 PANT 070005
CLIANN

CLIMATE REPORT
NATIONAL WEATHER SERVICE ANNETTE, AK
305 PM AKST SAT FEB 6 2016
...................................
...THE ANNETTE WSO AP CLIMATE SUMMARY FOR FEBRUARY 6 2016...
VALID TODAY AS OF 2:00 PM LOCAL TIME

CLIMATE NORMAL PERIOD  1981 TO  2010 
CLIMATE RECORD PERIOD  1948 TO  2016 

WEATHER ITEM   OBSERVED TIME    RECORD YEAR NORMAL DEPARTURE LAST 
               VALUE    (LST)   VALUE       VALUE  FROM      YEAR 
                                                   NORMAL 
................................................................... 
TEMPERATURE 
TODAY 
 MAXIMUM            43  1149 AM    52  2010     43       0     45 
 MINIMUM            31  0740 AM    13  2014     33      -2     31 
 AVERAGE            37                          38      -1     38 

PRECIPITATION 
(INCHES) 
 TODAY            0.10           2.69  1993   0.29   -0.19   1.55 
 MONTH TO DATE    2.94                        1.72    1.22   3.00 
 SINCE DEC 1     19.37                       23.17   -3.80  30.67 
 SINCE JAN 1     12.44                       12.45   -0.01  17.71 

SNOWFALL 
(INCHES) 
 TODAY               T            7.5  1969    0.2    -0.2      T 
 MONTH TO DATE       T                         1.5    -1.5    1.3
 SINCE DEC 1       4.1                        17.2   -13.1    5.0
 SINCE JUL 1       5.0                        20.8   -15.8    9.2
 SNOW DEPTH (IN)     0                                          0

DEGREE DAYS 
 HEATING 
  TODAY             28                          27       1     27 
  MONTH TO DATE    155                         165     -10    158
  SINCE DEC 1     1788                        1894    -106   1577
  SINCE JUL 1     3561                        3944    -383     MM

 COOLING 
  TODAY              0                           0       0      0 
  MONTH TO DATE      0                           0       0      0 
  SINCE DEC 1        0                           0       0      0 
  SINCE JAN 1        0                           0       0      0 
................................................................... 

WIND (MPH) 
 HIGHEST WIND SPEED    10     HIGHEST WIND DIRECTION    220      
 HIGHEST GUST SPEED    18     HIGHEST GUST DIRECTION    220 
 AVERAGE WIND SPEED    MM 

SKY COVER
  POSSIBLE SUNSHINE  MM            AVERAGE SKY COVER MM
 
WEATHER CONDITIONS 
 THE FOLLOWING WEATHER WAS RECORDED TODAY. 
FOG
HAIL
RAIN
 

RELATIVE HUMIDITY
 HIGHEST RH     MM PERCENT       MM
 LOWEST  RH     MM PERCENT       MM
 AVERAGE RH     MM PERCENT       MM
................................................................... 

THE ANNETTE CLIMATE NORMALS FOR TOMORROW 
                        NORMAL    RECORD   YEAR 
 MAXIMUM TEMPERATURE      43        63     1963 
 MINIMUM TEMPERATURE      33        11     2014 

SUNRISE AND SUNSET 
 FEB 6 2016..........SUNRISE  7:29 AM      SUNSET  4:34 PM    
 FEB 7 2016..........SUNRISE  7:27 AM      SUNSET  4:36 PM    

-  INDICATES NEGATIVE NUMBERS.
R  INDICATES RECORD HAS BEEN SET OR TIED.
MM INDICATES DATA IS MISSING.
T  INDICATES TRACE OF PRECIPITATION.

&&
-------------------------------------------------------------------

AMOUNT OF DAYLIGHT TODAY  (HOUR:MIN)........9 HOURS 5 MINUTES
GAIN/LOSS SINCE YESTERDAY (HOUR:MIN:SEC)....+0:04:03

$$
MM FEB 16


Alaska Region Headquarters
222 West 7th Avenue #23
Anchorage, AK 99513-7575
Voice: 1-907-271-5088
Fax: 1-907-271-3711
Recorded Forecast: 1-800-472-0391
Webmaster Email: ARH Webauthors
Page Modified: 03 Feb 2008 18:00 UTC
About Us
Career Opportunities
Glossary
Credits
Disclaimer
Privacy Policy