CDAK47 PANT 291400
CLIANN

CLIMATE REPORT 
NATIONAL WEATHER SERVICE ANNETTE, AK
600 AM AKDT TUE JUL 29 2014
...................................
...THE ANNETTE WSO AP CLIMATE SUMMARY FOR JULY 28 2014... 

CLIMATE NORMAL PERIOD  1981 TO  2010 
CLIMATE RECORD PERIOD  1948 TO  2014 

WEATHER ITEM   OBSERVED TIME    RECORD YEAR NORMAL DEPARTURE LAST 
               VALUE    (LST)   VALUE       VALUE  FROM      YEAR 
                                                   NORMAL 
................................................................... 
TEMPERATURE 
YESTERDAY 
 MAXIMUM            60  1017 AM    84  1971     66      -6     77 
 MINIMUM            55  1128 PM    46  1974     54       1     59 
 AVERAGE            58                          60      -2     68 

PRECIPITATION 
(INCHES) 
 YESTERDAY        1.72           1.72  2014   0.15    1.57   0.00 
 MONTH TO DATE    6.95                        4.17    2.78   3.60 
 SINCE JUN 1     14.70                        9.05    5.65   7.58 
 SINCE JAN 1     55.50                       47.47    8.03  46.89 

SNOWFALL 
(INCHES) 
 YESTERDAY         0.0            0.0  2014    0.0     0.0    0.0 
 MONTH TO DATE     0.0                         0.0     0.0    0.0 
 SINCE JUN 1       0.0                         0.0     0.0    0.0 
 SINCE JUL 1       0.0                         0.0     0.0    0.0
 SNOW DEPTH (IN)     0                                          0 

DEGREE DAYS 
 HEATING 
  YESTERDAY          7                           6       1      0 
  MONTH TO DATE    179                         190     -11    150 
  SINCE JUN 1      506                         488      18    370 
  SINCE JUL 1      179                         190     -11    150

 COOLING 
  YESTERDAY          0                           0       0      3 
  MONTH TO DATE      8                           0       8      7 
  SINCE JUN 1        8                           0       8     13 
  SINCE JAN 1        8                           0       8     13 
................................................................... 

WIND (MPH) 
 HIGHEST WIND SPEED    17     HIGHEST WIND DIRECTION    150      
 HIGHEST GUST SPEED    28     HIGHEST GUST DIRECTION    140 
 AVERAGE WIND SPEED   8.5 

SKY COVER
  POSSIBLE SUNSHINE    MM          AVERAGE SKY COVER     MM
 
WEATHER CONDITIONS 
 THE FOLLOWING WEATHER WAS RECORDED YESTERDAY. 
  FOG
RAIN
 

RELATIVE HUMIDITY
 HIGHEST RH     MM PERCENT       MM
 LOWEST  RH     MM PERCENT       MM
 AVERAGE RH     MM PERCENT       MM
................................................................... 

THE ANNETTE CLIMATE NORMALS FOR TODAY 
                           NORMAL    RECORD   YEAR 
 MAXIMUM TEMPERATURE (F)     66        88     2009 
 MINIMUM TEMPERATURE (F)     54        44     1999 

SUNRISE AND SUNSET 
 JUL 29 2014..........SUNRISE  4:51 AM      SUNSET  8:55 PM   
 JUL 30 2014..........SUNRISE  4:52 AM      SUNSET  8:53 PM   

-  INDICATES NEGATIVE NUMBERS.
R  INDICATES RECORD HAS BEEN SET OR TIED.
MM INDICATES DATA IS MISSING.
T  INDICATES TRACE OF PRECIPITATION.

&&
-------------------------------------------------------------------

AMOUNT OF DAYLIGHT TODAY  (HOUR:MIN)........16 HOURS 4 MINUTES
GAIN/LOSS SINCE YESTERDAY (HOUR:MIN:SEC)....-0:03:32

$$
JH JUL 14


Alaska Region Headquarters
222 West 7th Avenue #23
Anchorage, AK 99513-7575
Voice: 1-907-271-5088
Fax: 1-907-271-3711
Recorded Forecast: 1-800-472-0391
Webmaster Email: ARH Webauthors
Page Modified: 03 Feb 2008 18:00 UTC
About Us
Career Opportunities
Glossary
Credits
Disclaimer
Privacy Policy