CDAK47 PANT 210907
CLIANN

CLIMATE REPORT 
NATIONAL WEATHER SERVICE ANNETTE, AK
107 AM AKDT TUE APR 21 2015
...................................
...THE ANNETTE WSO AP CLIMATE SUMMARY FOR APRIL 20 2015... 

CLIMATE NORMAL PERIOD  1981 TO  2010 
CLIMATE RECORD PERIOD  1948 TO  2015 

WEATHER ITEM   OBSERVED TIME    RECORD YEAR NORMAL DEPARTURE LAST 
               VALUE    (LST)   VALUE       VALUE  FROM      YEAR 
                                                   NORMAL 
................................................................... 
TEMPERATURE 
YESTERDAY 
 MAXIMUM            50  0402 PM    63  2004     51      -1     50 
 MINIMUM            43  1159 PM    30  1975     39       4     43 
 AVERAGE            47                          45       2     47 

PRECIPITATION 
(INCHES) 
 YESTERDAY        1.20           2.18  2000   0.21    0.99   0.24 
 MONTH TO DATE    8.13                        4.74    3.39  10.17 
 SINCE MAR 1     18.21                       12.79    5.42  18.31 
 SINCE JAN 1     39.27                       30.83    8.44  30.41 

SNOWFALL 
(INCHES) 
 YESTERDAY         0.0            0.7  1972    0.0     0.0    0.0 
 MONTH TO DATE       T                         1.2    -1.2    0.0 
 SINCE MAR 1         T                         8.1    -8.1    0.3 
 SINCE JUL 1      10.2                        34.6   -24.4   25.4
 SNOW DEPTH (IN)     0                                          0 

DEGREE DAYS 
 HEATING 
  YESTERDAY         18                          20      -2     18 
  MONTH TO DATE    409                         432     -23    438 
  SINCE MAR 1     1058                        1216    -158   1305 
  SINCE JUL 1     5142                        5754    -612   5794

 COOLING 
  YESTERDAY          0                           0       0      0 
  MONTH TO DATE      0                           0       0      0 
  SINCE MAR 1        0                           0       0      0 
  SINCE JAN 1        0                           0       0      0 
................................................................... 

WIND (MPH) 
 HIGHEST WIND SPEED    17     HIGHEST WIND DIRECTION    130      
 HIGHEST GUST SPEED    23     HIGHEST GUST DIRECTION    120 
 AVERAGE WIND SPEED    9.9 

SKY COVER
  POSSIBLE SUNSHINE    MM          AVERAGE SKY COVER     MM
 
WEATHER CONDITIONS 
 THE FOLLOWING WEATHER WAS RECORDED YESTERDAY. 
  FOG
RAIN
 

RELATIVE HUMIDITY
 HIGHEST RH     MM PERCENT       MM
 LOWEST  RH     MM PERCENT       MM
 AVERAGE RH     MM PERCENT       MM
................................................................... 

THE ANNETTE CLIMATE NORMALS FOR TODAY 
                           NORMAL    RECORD   YEAR 
 MAXIMUM TEMPERATURE (F)     51        73     1956 
 MINIMUM TEMPERATURE (F)     39        30     2013 

SUNRISE AND SUNSET 
 APR 21 2015..........SUNRISE  5:29 AM      SUNSET  8:03 PM   
 APR 22 2015..........SUNRISE  5:27 AM      SUNSET  8:05 PM   

-  INDICATES NEGATIVE NUMBERS.
R  INDICATES RECORD HAS BEEN SET OR TIED.
MM INDICATES DATA IS MISSING.
T  INDICATES TRACE OF PRECIPITATION.

&&
-------------------------------------------------------------------

AMOUNT OF DAYLIGHT TODAY  (HOUR:MIN)........14 HOURS 34 MINUTES
GAIN/LOSS SINCE YESTERDAY (HOUR:MIN:SEC)....+0:04:18

$$
MM APR 15



Alaska Region Headquarters
222 West 7th Avenue #23
Anchorage, AK 99513-7575
Voice: 1-907-271-5088
Fax: 1-907-271-3711
Recorded Forecast: 1-800-472-0391
Webmaster Email: ARH Webauthors
Page Modified: 03 Feb 2008 18:00 UTC
About Us
Career Opportunities
Glossary
Credits
Disclaimer
Privacy Policy