CDAK47 PANT 060930
CLIANN

CLIMATE REPORT 
NATIONAL WEATHER SERVICE ANNETTE, AK
130 AM AKDT FRI MAY 6 2016
...................................
...THE ANNETTE WSO AP CLIMATE SUMMARY FOR MAY 5 2016... 

CLIMATE NORMAL PERIOD  1981 TO  2010 
CLIMATE RECORD PERIOD  1948 TO  2016 

WEATHER ITEM   OBSERVED TIME    RECORD YEAR NORMAL DEPARTURE LAST 
               VALUE    (LST)   VALUE       VALUE  FROM      YEAR 
                                                   NORMAL 
................................................................... 
TEMPERATURE 
YESTERDAY 
 MAXIMUM            59  0312 PM    75  1972     54       5     60 
 MINIMUM            38  0433 AM    32  1965     42      -4     44 
 AVERAGE            49                          48       1     52 

PRECIPITATION 
(INCHES) 
 YESTERDAY        0.00           2.02  1949   0.18   -0.18   0.00 
 MONTH TO DATE    2.16                        0.96    1.20   0.17 
 SINCE MAR 1     20.57                       15.78    4.79  22.09 
 SINCE JAN 1     45.61                       33.82   11.79  43.15 

SNOWFALL 
(INCHES) 
 YESTERDAY         0.0              T  1959    0.0     0.0    0.0 
 MONTH TO DATE     0.0                         0.0     0.0    0.0 
 SINCE MAR 1       0.0                         8.3    -8.3    0.0 
 SINCE JUL 1       5.0                        34.8   -29.8   10.2
 SNOW DEPTH (IN)     0                                          0 

DEGREE DAYS 
 HEATING 
  YESTERDAY         16                          17      -1     13 
  MONTH TO DATE     72                          88     -16     82 
  SINCE MAR 1     1334                        1495    -161   1318 
  SINCE JUL 1     5412                        6033    -621     MM

 COOLING 
  YESTERDAY          0                           0       0      0 
  MONTH TO DATE      0                           0       0      0 
  SINCE MAR 1        0                           0       0      0 
  SINCE JAN 1        0                           0       0      0 
................................................................... 

WIND (MPH) 
 HIGHEST WIND SPEED     8     HIGHEST WIND DIRECTION    310      
 HIGHEST GUST SPEED    11     HIGHEST GUST DIRECTION    200 
 AVERAGE WIND SPEED   2.3 

SKY COVER
  POSSIBLE SUNSHINE    MM          AVERAGE SKY COVER     MM
 
WEATHER CONDITIONS 
 THE FOLLOWING WEATHER WAS RECORDED YESTERDAY. 
  FOG
 

RELATIVE HUMIDITY
 HIGHEST RH     MM PERCENT       MM
 LOWEST  RH     MM PERCENT       MM
 AVERAGE RH     MM PERCENT       MM
................................................................... 

THE ANNETTE CLIMATE NORMALS FOR TODAY 
                           NORMAL    RECORD   YEAR 
 MAXIMUM TEMPERATURE (F)     54        74     1981 
 MINIMUM TEMPERATURE (F)     42        32     2002 

SUNRISE AND SUNSET 
 MAY 6 2016..........SUNRISE  4:55 AM      SUNSET  8:33 PM   
 MAY 7 2016..........SUNRISE  4:53 AM      SUNSET  8:35 PM   

-  INDICATES NEGATIVE NUMBERS.
R  INDICATES RECORD HAS BEEN SET OR TIED.
MM INDICATES DATA IS MISSING.
T  INDICATES TRACE OF PRECIPITATION.

&&
-------------------------------------------------------------------

AMOUNT OF DAYLIGHT TODAY  (HOUR:MIN)........15 HOURS 38 MINUTES
GAIN/LOSS SINCE YESTERDAY (HOUR:MIN:SEC)....+0:03:55

$$
JH MAY 16


Alaska Region Headquarters
222 West 7th Avenue #23
Anchorage, AK 99513-7575
Voice: 1-907-271-5088
Fax: 1-907-271-3711
Recorded Forecast: 1-800-472-0391
Webmaster Email: ARH Webauthors
Page Modified: 03 Feb 2008 18:00 UTC
About Us
Career Opportunities
Glossary
Credits
Disclaimer
Privacy Policy