CDAK47 PANT 290026
CLIANN

CLIMATE REPORT
NATIONAL WEATHER SERVICE ANNETTE, AK
426 PM AKDT SAT MAR 28 2015
...................................
...THE ANNETTE WSO AP CLIMATE SUMMARY FOR MARCH 28 2015...
VALID TODAY AS OF 2:00 PM LOCAL TIME

CLIMATE NORMAL PERIOD  1981 TO  2010 
CLIMATE RECORD PERIOD  1948 TO  2015 

WEATHER ITEM   OBSERVED TIME    RECORD YEAR NORMAL DEPARTURE LAST 
               VALUE    (LST)   VALUE       VALUE  FROM      YEAR 
                                                   NORMAL 
................................................................... 
TEMPERATURE 
TODAY 
 MAXIMUM            47  0806 AM    64  1994     47       0     51 
 MINIMUM            35  1214 AM    28  1985     36      -1     37 
 AVERAGE            41                          41       0     44 

PRECIPITATION 
(INCHES) 
 TODAY            0.70           3.96  1966   0.27    0.43   0.00 
 MONTH TO DATE    8.55                        7.26    1.29   8.10 
 SINCE MAR 1      8.55                        7.26    1.29   8.10 
 SINCE JAN 1     29.61                       25.30    4.31  20.20 

SNOWFALL 
(INCHES) 
 TODAY             0.0            2.5  2007    0.2    -0.2    0.0 
 MONTH TO DATE     0.0                         6.5    -6.5    0.3
 SINCE MAR 1       0.0                         6.5    -6.5    0.3
 SINCE JUL 1      10.2                        33.0   -22.8   25.4
 SNOW DEPTH (IN)     0                                          0

DEGREE DAYS 
 HEATING 
  TODAY             24                          24       0     21 
  MONTH TO DATE    590                         714    -124    816
  SINCE MAR 1      590                         714    -124    816
  SINCE JUL 1     4674                        5252    -578   5305

 COOLING 
  TODAY              0                           0       0      0 
  MONTH TO DATE      0                           0       0      0 
  SINCE MAR 1        0                           0       0      0 
  SINCE JAN 1        0                           0       0      0 
................................................................... 

WIND (MPH) 
 HIGHEST WIND SPEED    21     HIGHEST WIND DIRECTION    120      
 HIGHEST GUST SPEED    29     HIGHEST GUST DIRECTION    110 
 AVERAGE WIND SPEED    MM 

SKY COVER
  POSSIBLE SUNSHINE  MM            AVERAGE SKY COVER MM
 
WEATHER CONDITIONS 
 THE FOLLOWING WEATHER WAS RECORDED TODAY. 
FOG
RAIN
 

RELATIVE HUMIDITY
 HIGHEST RH     MM PERCENT       MM
 LOWEST  RH     MM PERCENT       MM
 AVERAGE RH     MM PERCENT       MM
................................................................... 

THE ANNETTE CLIMATE NORMALS FOR TOMORROW 
                        NORMAL    RECORD   YEAR 
 MAXIMUM TEMPERATURE      47        62     1969 
 MINIMUM TEMPERATURE      36        26     1965 

SUNRISE AND SUNSET 
 MAR 28 2015..........SUNRISE  6:29 AM      SUNSET  7:16 PM    
 MAR 29 2015..........SUNRISE  6:26 AM      SUNSET  7:18 PM    

-  INDICATES NEGATIVE NUMBERS.
R  INDICATES RECORD HAS BEEN SET OR TIED.
MM INDICATES DATA IS MISSING.
T  INDICATES TRACE OF PRECIPITATION.

&&
-------------------------------------------------------------------

AMOUNT OF DAYLIGHT TODAY  (HOUR:MIN)........12 HOURS 47 MINUTES
GAIN/LOSS SINCE YESTERDAY (HOUR:MIN:SEC)....+0:04:30

$$
JZ MAR 15


Alaska Region Headquarters
222 West 7th Avenue #23
Anchorage, AK 99513-7575
Voice: 1-907-271-5088
Fax: 1-907-271-3711
Recorded Forecast: 1-800-472-0391
Webmaster Email: ARH Webauthors
Page Modified: 03 Feb 2008 18:00 UTC
About Us
Career Opportunities
Glossary
Credits
Disclaimer
Privacy Policy