CDAK47 PANT 162316
CLIANN

CLIMATE REPORT
NATIONAL WEATHER SERVICE ANNETTE, AK
316 PM AKDT WED APR 16 2014
...................................
...THE ANNETTE WSO AP CLIMATE SUMMARY FOR APRIL 16 2014...
VALID TODAY AS OF 2:00 PM LOCAL TIME

CLIMATE NORMAL PERIOD  1981 TO  2010 
CLIMATE RECORD PERIOD  1948 TO  2014 

WEATHER ITEM   OBSERVED TIME    RECORD YEAR NORMAL DEPARTURE LAST 
               VALUE    (LST)   VALUE       VALUE  FROM      YEAR 
                                                   NORMAL 
................................................................... 
TEMPERATURE 
TODAY 
 MAXIMUM            52  0942 AM    69  1990     50       2     48 
 MINIMUM            39  0510 AM    30  2000     38       1     35 
 AVERAGE            46                          44       2     42 

PRECIPITATION 
(INCHES) 
 TODAY            0.01           1.42  1973   0.22   -0.21   0.22 
 MONTH TO DATE    8.19                        3.88    4.31   2.91 
 SINCE MAR 1     16.33                       11.93    4.40   7.27 
 SINCE JAN 1     28.43                       29.97   -1.54  28.83 

SNOWFALL 
(INCHES) 
 TODAY             0.0            0.3  1972    0.0     0.0    0.0 
 MONTH TO DATE     0.0                         1.1    -1.1      T
 SINCE MAR 1       0.3                         8.0    -7.7    0.9
 SINCE JUL 1      25.4                        34.5    -9.1   12.8
 SNOW DEPTH (IN)     0                                          0

DEGREE DAYS 
 HEATING 
  TODAY             19                          21      -2     23 
  MONTH TO DATE    360                         351       9    348
  SINCE MAR 1     1227                        1135      92   1160
  SINCE JUL 1     5716                        5673      43   5686

 COOLING 
  TODAY              0                           0       0      0 
  MONTH TO DATE      0                           0       0      0 
  SINCE MAR 1        0                           0       0      0 
  SINCE JAN 1        0                           0       0      0 
................................................................... 

WIND (MPH) 
 HIGHEST WIND SPEED    14     HIGHEST WIND DIRECTION    130      
 HIGHEST GUST SPEED    18     HIGHEST GUST DIRECTION    130 
 AVERAGE WIND SPEED    MM 
 
WEATHER CONDITIONS 
 THE FOLLOWING WEATHER WAS RECORDED TODAY. 
RAIN
................................................................... 

THE ANNETTE CLIMATE NORMALS FOR TOMORROW 
                        NORMAL    RECORD   YEAR 
 MAXIMUM TEMPERATURE      51        60     1967 
 MINIMUM TEMPERATURE      38        29     2011 

SUNRISE AND SUNSET 
 APR 16 2014..........SUNRISE  5:41 AM      SUNSET  7:54 PM    
 APR 17 2014..........SUNRISE  5:38 AM      SUNSET  7:56 PM    

-  INDICATES NEGATIVE NUMBERS.
R  INDICATES RECORD HAS BEEN SET OR TIED.
MM INDICATES DATA IS MISSING.
T  INDICATES TRACE OF PRECIPITATION.

&&
-------------------------------------------------------------------

AMOUNT OF DAYLIGHT TODAY  (HOUR:MIN)........14 HOURS 13 MINUTES
GAIN/LOSS SINCE YESTERDAY (HOUR:MIN:SEC)....+0:04:22


Alaska Region Headquarters
222 West 7th Avenue #23
Anchorage, AK 99513-7575
Voice: 1-907-271-5088
Fax: 1-907-271-3711
Recorded Forecast: 1-800-472-0391
Webmaster Email: ARH Webauthors
Page Modified: 03 Feb 2008 18:00 UTC
About Us
Career Opportunities
Glossary
Credits
Disclaimer
Privacy Policy