CDAK47 PANT 310930
CLIANN

CLIMATE REPORT 
NATIONAL WEATHER SERVICE ANNETTE, AK
130 AM AKDT FRI OCT 31 2014
...................................
...THE ANNETTE WSO AP CLIMATE SUMMARY FOR OCTOBER 30 2014... 

CLIMATE NORMAL PERIOD  1981 TO  2010 
CLIMATE RECORD PERIOD  1948 TO  2014 

WEATHER ITEM   OBSERVED TIME    RECORD YEAR NORMAL DEPARTURE LAST 
               VALUE    (LST)   VALUE       VALUE  FROM      YEAR 
                                                   NORMAL 
................................................................... 
TEMPERATURE 
YESTERDAY 
 MAXIMUM            53  1221 AM    67  1970     48       5     51 
 MINIMUM            35  1159 PM    18  1984     38      -3     45 
 AVERAGE            44                          43       1     48 

PRECIPITATION 
(INCHES) 
 YESTERDAY        0.90           2.50  1981   0.48    0.42   0.69 
 MONTH TO DATE   14.19                       13.44    0.75   8.65 
 SINCE SEP 1     23.87                       23.23    0.64  16.16 
 SINCE JAN 1     85.95                       78.14    7.81  67.76 

SNOWFALL 
(INCHES) 
 YESTERDAY         0.0            2.4  1956    0.0     0.0    0.0 
 MONTH TO DATE     0.0                         0.1    -0.1    0.0 
 SINCE SEP 1       0.0                         0.1    -0.1    0.0 
 SINCE JUL 1       0.0                         0.1    -0.1    0.0
 SNOW DEPTH (IN)     0                                          0 

DEGREE DAYS 
 HEATING 
  YESTERDAY         21                          22      -1     17 
  MONTH TO DATE    447                         543     -96    490 
  SINCE SEP 1      678                         877    -199    750 
  SINCE JUL 1     1247                        1278     -31   1052

 COOLING 
  YESTERDAY          0                           0       0      0 
  MONTH TO DATE      0                           0       0      0 
  SINCE SEP 1        0                           0       0      0 
  SINCE JAN 1       MM                           0      MM     22 
................................................................... 

WIND (MPH) 
 HIGHEST WIND SPEED    36     HIGHEST WIND DIRECTION    120      
 HIGHEST GUST SPEED    48     HIGHEST GUST DIRECTION    110 
 AVERAGE WIND SPEED   9.5 

SKY COVER
  POSSIBLE SUNSHINE    MM          AVERAGE SKY COVER     MM
 
WEATHER CONDITIONS 
 THE FOLLOWING WEATHER WAS RECORDED YESTERDAY. 
  FOG
RAIN
 

RELATIVE HUMIDITY
 HIGHEST RH     MM PERCENT       MM
 LOWEST  RH     MM PERCENT       MM
 AVERAGE RH     MM PERCENT       MM
................................................................... 

THE ANNETTE CLIMATE NORMALS FOR TODAY 
                           NORMAL    RECORD   YEAR 
 MAXIMUM TEMPERATURE (F)     48        67     1970 
 MINIMUM TEMPERATURE (F)     38        18     1984 

SUNRISE AND SUNSET 
 OCT 31 2014..........SUNRISE  7:49 AM      SUNSET  5:11 PM   
 NOV 1 2014..........SUNRISE  7:51 AM      SUNSET  5:09 PM   

-  INDICATES NEGATIVE NUMBERS.
R  INDICATES RECORD HAS BEEN SET OR TIED.
MM INDICATES DATA IS MISSING.
T  INDICATES TRACE OF PRECIPITATION.

&&
-------------------------------------------------------------------

AMOUNT OF DAYLIGHT TODAY  (HOUR:MIN)........9 HOURS 22 MINUTES
GAIN/LOSS SINCE YESTERDAY (HOUR:MIN:SEC)....-0:04:09

$$
JH OCT 14


Alaska Region Headquarters
222 West 7th Avenue #23
Anchorage, AK 99513-7575
Voice: 1-907-271-5088
Fax: 1-907-271-3711
Recorded Forecast: 1-800-472-0391
Webmaster Email: ARH Webauthors
Page Modified: 03 Feb 2008 18:00 UTC
About Us
Career Opportunities
Glossary
Credits
Disclaimer
Privacy Policy