CDAK47 PANT 260002
CLIANN

CLIMATE REPORT
NATIONAL WEATHER SERVICE ANNETTE, AK
402 PM AKDT FRI JUL 25 2014
...................................
...THE ANNETTE WSO AP CLIMATE SUMMARY FOR JULY 25 2014...
VALID TODAY AS OF 2:00 PM LOCAL TIME

CLIMATE NORMAL PERIOD  1981 TO  2010 
CLIMATE RECORD PERIOD  1948 TO  2014 

WEATHER ITEM   OBSERVED TIME    RECORD YEAR NORMAL DEPARTURE LAST 
               VALUE    (LST)   VALUE       VALUE  FROM      YEAR 
                                                   NORMAL 
................................................................... 
TEMPERATURE 
TODAY 
 MAXIMUM            55  0253 PM    83  1971     65     -10     63 
 MINIMUM            53  0246 AM    47  1965     54      -1     52 
 AVERAGE            54                          60      -6     58 

PRECIPITATION 
(INCHES) 
 TODAY            0.05           1.74  1976   0.16   -0.11   0.04 
 MONTH TO DATE    3.80                        3.71    0.09   3.27 
 SINCE JUN 1     11.55                        8.59    2.96   7.25 
 SINCE JAN 1     52.35                       47.01    5.34  46.56 

SNOWFALL 
(INCHES) 
 TODAY             0.0            0.0  2014    0.0     0.0    0.0 
 MONTH TO DATE     0.0                         0.0     0.0    0.0
 SINCE JUN 1       0.0                         0.0     0.0    0.0
 SINCE JUL 1       0.0                         0.0     0.0    0.0
 SNOW DEPTH (IN)     0                                          0

DEGREE DAYS 
 HEATING 
  TODAY             11                           6       5      7 
  MONTH TO DATE    153                         172     -19    144
  SINCE JUN 1      480                         470      10    364
  SINCE JUL 1      153                         172     -19    144

 COOLING 
  TODAY              0                           0       0      0 
  MONTH TO DATE      8                           0       8      4 
  SINCE JUN 1        8                           0       8     10 
  SINCE JAN 1        8                           0       8     10 
................................................................... 

WIND (MPH) 
 HIGHEST WIND SPEED    20     HIGHEST WIND DIRECTION    140      
 HIGHEST GUST SPEED    29     HIGHEST GUST DIRECTION    140 
 AVERAGE WIND SPEED   0.0 

SKY COVER
  POSSIBLE SUNSHINE  MM            AVERAGE SKY COVER MM
 
WEATHER CONDITIONS 
 THE FOLLOWING WEATHER WAS RECORDED TODAY. 
FOG
RAIN
 

RELATIVE HUMIDITY
 HIGHEST RH     MM PERCENT       MM
 LOWEST  RH     MM PERCENT       MM
 AVERAGE RH     MM PERCENT       MM
................................................................... 

THE ANNETTE CLIMATE NORMALS FOR TOMORROW 
                        NORMAL    RECORD   YEAR 
 MAXIMUM TEMPERATURE      65        84     1971 
 MINIMUM TEMPERATURE      54        46     1974 

SUNRISE AND SUNSET 
 JUL 25 2014..........SUNRISE  4:44 AM      SUNSET  9:02 PM    
 JUL 26 2014..........SUNRISE  4:45 AM      SUNSET  9:00 PM    

-  INDICATES NEGATIVE NUMBERS.
R  INDICATES RECORD HAS BEEN SET OR TIED.
MM INDICATES DATA IS MISSING.
T  INDICATES TRACE OF PRECIPITATION.

&&
-------------------------------------------------------------------

AMOUNT OF DAYLIGHT TODAY  (HOUR:MIN)........16 HOURS 18 MINUTES
GAIN/LOSS SINCE YESTERDAY (HOUR:MIN:SEC)....-0:03:19

$$
LTB JUL 14


Alaska Region Headquarters
222 West 7th Avenue #23
Anchorage, AK 99513-7575
Voice: 1-907-271-5088
Fax: 1-907-271-3711
Recorded Forecast: 1-800-472-0391
Webmaster Email: ARH Webauthors
Page Modified: 03 Feb 2008 18:00 UTC
About Us
Career Opportunities
Glossary
Credits
Disclaimer
Privacy Policy