CDAK47 PANT 060004
CLIANN

CLIMATE REPORT
NATIONAL WEATHER SERVICE ANNETTE, AK
404 PM AKDT SUN JUL 5 2015
...................................
...THE ANNETTE WSO AP CLIMATE SUMMARY FOR JULY 5 2015...
VALID TODAY AS OF 2:00 PM LOCAL TIME

CLIMATE NORMAL PERIOD  1981 TO  2010 
CLIMATE RECORD PERIOD  1948 TO  2015 

WEATHER ITEM   OBSERVED TIME    RECORD YEAR NORMAL DEPARTURE LAST 
               VALUE    (LST)   VALUE       VALUE  FROM      YEAR 
                                                   NORMAL 
................................................................... 
TEMPERATURE 
TODAY 
 MAXIMUM            85R 0226 PM    82  1958     63      22     61 
 MINIMUM            60  0415 AM    44  1973     52       8     50 
 AVERAGE            73                          57      16     56 

PRECIPITATION 
(INCHES) 
 TODAY            0.00           1.79  2004   0.14   -0.14   0.09 
 MONTH TO DATE    0.00                        0.74   -0.74   1.04 
 SINCE JUN 1      3.99                        5.62   -1.63   8.79 
 SINCE JAN 1     47.47                       44.04    3.43  49.59 

SNOWFALL 
(INCHES) 
 TODAY             0.0            0.0  2015    0.0     0.0    0.0 
 MONTH TO DATE     0.0                         0.0     0.0    0.0
 SINCE JUN 1       0.0                         0.0     0.0    0.0
 SINCE JUL 1       0.0                         0.0     0.0    0.0
 SNOW DEPTH (IN)     0                                          0

DEGREE DAYS 
 HEATING 
  TODAY              0                           8      -8      9 
  MONTH TO DATE      7                          40     -33     41
  SINCE JUN 1      195                         338    -143    368
  SINCE JUL 1        7                          40     -33     41

 COOLING 
  TODAY              8                           0       8      0 
  MONTH TO DATE      8                           0       8      0 
  SINCE JUN 1       10                           0      10      0 
  SINCE JAN 1       10                           0      10      0 
................................................................... 

WIND (MPH) 
 HIGHEST WIND SPEED    15     HIGHEST WIND DIRECTION    320      
 HIGHEST GUST SPEED    19     HIGHEST GUST DIRECTION    320 
 AVERAGE WIND SPEED    MM 

SKY COVER
  POSSIBLE SUNSHINE  MM            AVERAGE SKY COVER MM
 
WEATHER CONDITIONS 
 THE FOLLOWING WEATHER WAS RECORDED TODAY. 
NO SIGNIFICANT WEATHER WAS OBSERVED. 

RELATIVE HUMIDITY
 HIGHEST RH     MM PERCENT       MM
 LOWEST  RH     MM PERCENT       MM
 AVERAGE RH     MM PERCENT       MM
................................................................... 

THE ANNETTE CLIMATE NORMALS FOR TOMORROW 
                        NORMAL    RECORD   YEAR 
 MAXIMUM TEMPERATURE      63        81     1958 
 MINIMUM TEMPERATURE      52        40     1973 

SUNRISE AND SUNSET 
 JUL 5 2015..........SUNRISE  4:16 AM      SUNSET  9:27 PM    
 JUL 6 2015..........SUNRISE  4:17 AM      SUNSET  9:26 PM    

-  INDICATES NEGATIVE NUMBERS.
R  INDICATES RECORD HAS BEEN SET OR TIED.
MM INDICATES DATA IS MISSING.
T  INDICATES TRACE OF PRECIPITATION.

&&
-------------------------------------------------------------------

AMOUNT OF DAYLIGHT TODAY  (HOUR:MIN)........17 HOURS 11 MINUTES
GAIN/LOSS SINCE YESTERDAY (HOUR:MIN:SEC)....-0:01:37

$$
JZ JUL 15


Alaska Region Headquarters
222 West 7th Avenue #23
Anchorage, AK 99513-7575
Voice: 1-907-271-5088
Fax: 1-907-271-3711
Recorded Forecast: 1-800-472-0391
Webmaster Email: ARH Webauthors
Page Modified: 03 Feb 2008 18:00 UTC
About Us
Career Opportunities
Glossary
Credits
Disclaimer
Privacy Policy